{"id":31065,"date":"2022-05-23T17:20:19","date_gmt":"2022-05-23T21:20:19","guid":{"rendered":"https:\/\/nouveau.maisonmallet.com\/?post_type=event&#038;p=31065"},"modified":"2022-05-24T17:26:02","modified_gmt":"2022-05-24T21:26:02","slug":"st-gelais-roland","status":"publish","type":"event","link":"https:\/\/nouveau.maisonmallet.com\/back05_01\/?event=st-gelais-roland","title":{"rendered":"ST-GELAIS, Roland"},"content":{"rendered":"<p>1926 &#8211; 2022<\/p>\n<p>ST-GELAIS, Roland<\/p>\n<p>&nbsp;<\/p>\n<p>\u00c0 Sept-\u00celes (maison \u00c9lyme des Sables), le 22 mai 2022, est d\u00e9c\u00e9d\u00e9 \u00e0 l\u2019\u00e2ge de 96 ans, monsieur Roland St-Gelais \u00e9poux de feu Th\u00e9r\u00e8se Despr\u00e9s et domicili\u00e9 \u00e0 Sept-\u00celes.<\/p>\n<p>Les fun\u00e9railles de monsieur Roland St-Gelais auront lieu le samedi 28 mai 2022 \u00e0 10 h 30 en l\u2019\u00e9glise St-Joseph situ\u00e9e au 535, ave. Brochu \u00e0 Sept-\u00celes et de l\u00e0 au cimeti\u00e8re Catholique de Sept-\u00celes.<\/p>\n<p>La famille re\u00e7oit parents et amis le vendredi 27 mai 2022 de 19 h \u00e0 22 h. Le samedi 28 mai 2022 jour des fun\u00e9railles \u00e0 compter de 9 h au Complexe Thanatologique Mallet &amp; fils du 585 Boul. Laure \u00e0 Sept-\u00celes.<\/p>\n<p>Il laisse dans le deuil ses fils\u00a0: Jean-Claude (Huguette Bergeron), Cl\u00e9ment (Catherine Landry), Gordon (Kathleen Bond) et Rolland, sa fille Francine, ses dix petits-enfants, ses huit arri\u00e8re-petits-enfants ainsi que ses s\u0153urs\u00a0: Th\u00e9r\u00e8se et Anna-Marie, son fr\u00e8re Adelme, ses beaux-fr\u00e8res, ses belles-s\u0153urs, ses neveux, ses ni\u00e8ces et de nombreux ami(e)s.<\/p>\n<p>Il \u00e9tait le p\u00e8re de feu Hermann.<\/p>\n<p>Vos marques de sympathie peuvent se traduire par un don \u00e0 l\u2019\u00c9lyme des Sables <a href=\"http:\/\/www.elymedessables.com\">www.elymedessables.com<\/a><\/p>\n<p>La famille a confi\u00e9 la direction des fun\u00e9railles aux services professionnels de la Maison Mallet &amp; fils du 585 boul. Laure \u00e0 Sept-\u00celes, maintenant reconnue Distinction et membre de la Corporation des Thanatologues du Qu\u00e9bec.<\/p>\n<p>Vous pouvez consulter cet avis de d\u00e9c\u00e8s sur le <a href=\"https:\/\/nouveau.maisonmallet.com\/back05_01\">www.maisonmallet.com<\/a><\/p>\n<p>Ceux et celles qui le d\u00e9sirent, peuvent y envoyer des messages de sympathies.<\/p>\n<p>&nbsp;<\/p>\n<hr \/>\n<p>Envoyer vos condol\u00e9ances<\/p>\n<p>[contact-form to=\u00a0\u00bbkathou007@outlook.com\u00a0\u00bb subject=\u00a0\u00bbCondol\u00e9ances Roland St-Gelais\u00a0\u00bb][contact-field label=\u00a0\u00bbVotre nom\u00a0\u00bb type=\u00a0\u00bbname\u00a0\u00bb required=\u00a0\u00bb1&Prime;][contact-field label=\u00a0\u00bbVotre courriel\u00a0\u00bb type=\u00a0\u00bbemail\u00a0\u00bb required=\u00a0\u00bb1&Prime;][contact-field label=\u00a0\u00bbCondol\u00e9ances\u00a0\u00bb type=\u00a0\u00bbtextarea\u00a0\u00bb][\/contact-form]<\/p>\n","protected":false},"featured_media":31070,"template":"","event_cat":[6],"class_list":["post-31065","event","type-event","status-publish","has-post-thumbnail","hentry","event_cat-maison-mallet-et-fils-inc"],"_links":{"self":[{"href":"https:\/\/nouveau.maisonmallet.com\/back05_01\/index.php?rest_route=\/wp\/v2\/event\/31065","targetHints":{"allow":["GET"]}}],"collection":[{"href":"https:\/\/nouveau.maisonmallet.com\/back05_01\/index.php?rest_route=\/wp\/v2\/event"}],"about":[{"href":"https:\/\/nouveau.maisonmallet.com\/back05_01\/index.php?rest_route=\/wp\/v2\/types\/event"}],"wp:featuredmedia":[{"embeddable":true,"href":"https:\/\/nouveau.maisonmallet.com\/back05_01\/index.php?rest_route=\/wp\/v2\/media\/31070"}],"wp:attachment":[{"href":"https:\/\/nouveau.maisonmallet.com\/back05_01\/index.php?rest_route=%2Fwp%2Fv2%2Fmedia&parent=31065"}],"wp:term":[{"taxonomy":"event_cat","embeddable":true,"href":"https:\/\/nouveau.maisonmallet.com\/back05_01\/index.php?rest_route=%2Fwp%2Fv2%2Fevent_cat&post=31065"}],"curies":[{"name":"wp","href":"https:\/\/api.w.org\/{rel}","templated":true}]}}

<p>1926 &#8211; 2022</p>
<p>ST-GELAIS, Roland</p>
<p>&nbsp;</p>
<p>À Sept-Îles (maison Élyme des Sables), le 22 mai 2022, est décédé à l’âge de 96 ans, monsieur Roland St-Gelais époux de feu Thérèse Després et domicilié à Sept-Îles.</p>
<p>Les funérailles de monsieur Roland St-Gelais auront lieu le samedi 28 mai 2022 à 10 h 30 en l’église St-Joseph située au 535, ave. Brochu à Sept-Îles et de là au cimetière Catholique de Sept-Îles.</p>
<p>La famille reçoit parents et amis le vendredi 27 mai 2022 de 19 h à 22 h. Le samedi 28 mai 2022 jour des funérailles à compter de 9 h au Complexe Thanatologique Mallet &amp; fils du 585 Boul. Laure à Sept-Îles.</p>
<p>Il laisse dans le deuil ses fils : Jean-Claude (Huguette Bergeron), Clément (Catherine Landry), Gordon (Kathleen Bond) et Rolland, sa fille Francine, ses dix petits-enfants, ses huit arrière-petits-enfants ainsi que ses sœurs : Thérèse et Anna-Marie, son frère Adelme, ses beaux-frères, ses belles-sœurs, ses neveux, ses nièces et de nombreux ami(e)s.</p>
<p>Il était le père de feu Hermann.</p>
<p>Vos marques de sympathie peuvent se traduire par un don à l’Élyme des Sables <a href="http://www.elymedessables.com">www.elymedessables.com</a></p>
<p>La famille a confié la direction des funérailles aux services professionnels de la Maison Mallet &amp; fils du 585 boul. Laure à Sept-Îles, maintenant reconnue Distinction et membre de la Corporation des Thanatologues du Québec.</p>
<p>Vous pouvez consulter cet avis de décès sur le <a href="https://nouveau.maisonmallet.com/back05_01">www.maisonmallet.com</a></p>
<p>Ceux et celles qui le désirent, peuvent y envoyer des messages de sympathies.</p>
<p>&nbsp;</p>
<hr />
<p>Envoyer vos condoléances</p>
<p>[contact-form to= »kathou007@outlook.com » subject= »Condoléances Roland St-Gelais »][contact-field label= »Votre nom » type= »name » required= »1&Prime;][contact-field label= »Votre courriel » type= »email » required= »1&Prime;][contact-field label= »Condoléances » type= »textarea »][/contact-form]</p>
