{"id":3118,"date":"2019-05-22T09:55:58","date_gmt":"2019-05-22T13:55:58","guid":{"rendered":"https:\/\/nouveau.maisonmallet.com\/?post_type=event&#038;p=3118"},"modified":"2019-06-06T16:18:06","modified_gmt":"2019-06-06T20:18:06","slug":"lapierre-leandre12101936","status":"publish","type":"event","link":"https:\/\/nouveau.maisonmallet.com\/back05_01\/?event=lapierre-leandre12101936","title":{"rendered":"LAPIERRE, L\u00e9andre"},"content":{"rendered":"<p>1936-2019<\/p>\n<p>LAPIERRE, L\u00e9andre<\/p>\n<p>\u00c0 Sept-\u00celes (maison \u00e9lyme des sables), le 22 mai 2019, est d\u00e9c\u00e9d\u00e9 \u00e0 l\u2019\u00e2ge de 82 ans, monsieur L\u00e9andre Lapierre \u00e9poux de feue Raymonde Vibert et domicili\u00e9 \u00e0 Sept-\u00celes.<\/p>\n<p>Les fun\u00e9railles de monsieur L\u00e9andre Lapierre auront lieu le samedi 8 juin 2019 \u00e0 14 h en l\u2019\u00e9glise St-Joseph situ\u00e9e au 535, ave. Brochu \u00e0 Sept-\u00celes et de l\u00e0 au cimeti\u00e8re de Gallix.<\/p>\n<p>Selon ses volont\u00e9s, il a \u00e9t\u00e9 confi\u00e9 au cr\u00e9matorium de la Maison Mallet &amp; fils pour cr\u00e9mation.<\/p>\n<p>La famille re\u00e7oit parents et amis le samedi 8 juin 2019 jour des fun\u00e9railles de 10 h \u00e0 13 h 30 au Complexe Thanatologique Mallet &amp; fils du 585, boul. Laure \u00e0 Sept-\u00celes.<\/p>\n<p>Il laisse dans le deuil ses filles\u00a0: Arlette (Louis-Marie Pinette), Sylvie (feu Laurent Bell) et Julie (Daniel Vaillancourt), ses petits-enfants\u00a0: Nadia (Jean Canap\u00e9), Luc (Karen Jourdain), Myl\u00e8ne et Zo\u00e9, ses neuf arri\u00e8res petites-filles, son fr\u00e8re Charles-Eug\u00e8ne, et sa belle-s\u0153ur Roberta Lebrun ainsi que, ses neveux, ses ni\u00e8ces, ses cousins, ses cousines et de nombreux ami(e)s.<\/p>\n<p>Vos marques de sympathie peuvent se traduire par un don \u00e0 l\u2019\u00c9lyme des sables <a href=\"http:\/\/www.elymedessables.com\/\">www.elymedessables.com<\/a><\/p>\n<p>La famille tient \u00e0 remercier tout particuli\u00e8rement le personnel de l\u2019\u00e9lyme des sables pour les bons soins et Dre. Caroline Porlier.<\/p>\n<p>La famille a confi\u00e9 la direction des fun\u00e9railles aux services professionnels de la Maison Mallet &amp; fils du 585 boul. Laure \u00e0 Sept-\u00celes, maintenant reconnue Distinction et membre de la Corporation des Thanatologues du Qu\u00e9bec.<\/p>\n<p>Vous pouvez consulter cet avis de d\u00e9c\u00e8s sur le <a href=\"https:\/\/nouveau.maisonmallet.com\/back05_01\/\">www.maisonmallet.com<\/a><\/p>\n<p>Ceux et celles qui le d\u00e9sirent, peuvent y envoyer des messages de sympathie.<\/p>\n<p>&nbsp;<\/p>\n<p>&nbsp;<\/p>\n<p>&nbsp;<\/p>\n<p>&nbsp;<\/p>\n<p>&nbsp;<\/p>\n<hr \/>\n<p>Envoyer vos condol\u00e9ances<\/p>\n<p>[contact-form to=\u00a0\u00bbdazj22@hotmail.com\u00a0\u00bb subject=\u00a0\u00bbCondol\u00e9ances L\u00e9andre Lapierre\u00a0\u00bb][contact-field label=\u00a0\u00bbVotre nom\u00a0\u00bb type=\u00a0\u00bbname\u00a0\u00bb required=\u00a0\u00bb1&Prime;][contact-field label=\u00a0\u00bbVotre courriel\u00a0\u00bb type=\u00a0\u00bbemail\u00a0\u00bb required=\u00a0\u00bb1&Prime;][contact-field label=\u00a0\u00bbCondol\u00e9ances\u00a0\u00bb type=\u00a0\u00bbtextarea\u00a0\u00bb][\/contact-form]<\/p>\n","protected":false},"featured_media":3224,"template":"","event_cat":[6],"class_list":["post-3118","event","type-event","status-publish","has-post-thumbnail","hentry","event_cat-maison-mallet-et-fils-inc"],"_links":{"self":[{"href":"https:\/\/nouveau.maisonmallet.com\/back05_01\/index.php?rest_route=\/wp\/v2\/event\/3118","targetHints":{"allow":["GET"]}}],"collection":[{"href":"https:\/\/nouveau.maisonmallet.com\/back05_01\/index.php?rest_route=\/wp\/v2\/event"}],"about":[{"href":"https:\/\/nouveau.maisonmallet.com\/back05_01\/index.php?rest_route=\/wp\/v2\/types\/event"}],"wp:featuredmedia":[{"embeddable":true,"href":"https:\/\/nouveau.maisonmallet.com\/back05_01\/index.php?rest_route=\/wp\/v2\/media\/3224"}],"wp:attachment":[{"href":"https:\/\/nouveau.maisonmallet.com\/back05_01\/index.php?rest_route=%2Fwp%2Fv2%2Fmedia&parent=3118"}],"wp:term":[{"taxonomy":"event_cat","embeddable":true,"href":"https:\/\/nouveau.maisonmallet.com\/back05_01\/index.php?rest_route=%2Fwp%2Fv2%2Fevent_cat&post=3118"}],"curies":[{"name":"wp","href":"https:\/\/api.w.org\/{rel}","templated":true}]}}

LAPIERRE, Léandre

<p>1936-2019</p>
<p>LAPIERRE, Léandre</p>
<p>À Sept-Îles (maison élyme des sables), le 22 mai 2019, est décédé à l’âge de 82 ans, monsieur Léandre Lapierre époux de feue Raymonde Vibert et domicilié à Sept-Îles.</p>
<p>Les funérailles de monsieur Léandre Lapierre auront lieu le samedi 8 juin 2019 à 14 h en l’église St-Joseph située au 535, ave. Brochu à Sept-Îles et de là au cimetière de Gallix.</p>
<p>Selon ses volontés, il a été confié au crématorium de la Maison Mallet &amp; fils pour crémation.</p>
<p>La famille reçoit parents et amis le samedi 8 juin 2019 jour des funérailles de 10 h à 13 h 30 au Complexe Thanatologique Mallet &amp; fils du 585, boul. Laure à Sept-Îles.</p>
<p>Il laisse dans le deuil ses filles : Arlette (Louis-Marie Pinette), Sylvie (feu Laurent Bell) et Julie (Daniel Vaillancourt), ses petits-enfants : Nadia (Jean Canapé), Luc (Karen Jourdain), Mylène et Zoé, ses neuf arrières petites-filles, son frère Charles-Eugène, et sa belle-sœur Roberta Lebrun ainsi que, ses neveux, ses nièces, ses cousins, ses cousines et de nombreux ami(e)s.</p>
<p>Vos marques de sympathie peuvent se traduire par un don à l’Élyme des sables <a href="http://www.elymedessables.com/">www.elymedessables.com</a></p>
<p>La famille tient à remercier tout particulièrement le personnel de l’élyme des sables pour les bons soins et Dre. Caroline Porlier.</p>
<p>La famille a confié la direction des funérailles aux services professionnels de la Maison Mallet &amp; fils du 585 boul. Laure à Sept-Îles, maintenant reconnue Distinction et membre de la Corporation des Thanatologues du Québec.</p>
<p>Vous pouvez consulter cet avis de décès sur le <a href="https://nouveau.maisonmallet.com/back05_01/">www.maisonmallet.com</a></p>
<p>Ceux et celles qui le désirent, peuvent y envoyer des messages de sympathie.</p>
<p>&nbsp;</p>
<p>&nbsp;</p>
<p>&nbsp;</p>
<p>&nbsp;</p>
<p>&nbsp;</p>
<hr />
<p>Envoyer vos condoléances</p>
<p>[contact-form to= »dazj22@hotmail.com » subject= »Condoléances Léandre Lapierre »][contact-field label= »Votre nom » type= »name » required= »1&Prime;][contact-field label= »Votre courriel » type= »email » required= »1&Prime;][contact-field label= »Condoléances » type= »textarea »][/contact-form]</p>
