{"id":31220,"date":"2022-05-29T20:41:06","date_gmt":"2022-05-30T00:41:06","guid":{"rendered":"https:\/\/nouveau.maisonmallet.com\/?post_type=event&#038;p=31220"},"modified":"2022-05-30T21:00:03","modified_gmt":"2022-05-31T01:00:03","slug":"vaillancourt-claude","status":"publish","type":"event","link":"https:\/\/nouveau.maisonmallet.com\/back05_01\/?event=vaillancourt-claude","title":{"rendered":"VAILLANCOURT, Claude"},"content":{"rendered":"<p>1949 &#8211; 2022<\/p>\n<p>VAILLANCOURT, Claude<\/p>\n<p>&nbsp;<\/p>\n<p>\u00c0 Sept-\u00celes (maison \u00c9lyme des sables), le 26 mai 2022, est d\u00e9c\u00e9d\u00e9 \u00e0 l\u2019\u00e2ge de 73 ans, monsieur Claude Vaillancourt \u00e9poux de madame Shirley Shuglo et domicili\u00e9 \u00e0 Sept-\u00celes.<\/p>\n<p>Les fun\u00e9railles de monsieur Claude Vaillancourt auront lieu le vendredi 10 juin 2022\u00a0\u00a0\u00a0\u00a0\u00a0\u00a0 \u00e0 10 h 30 en l\u2019\u00e9glise St-Joseph situ\u00e9e au 535, ave. Brochu \u00e0 Sept-\u00celes et de l\u00e0 au cimeti\u00e8re Catholique de Sept-\u00celes.<\/p>\n<p>Selon ses volont\u00e9s, il a \u00e9t\u00e9 confi\u00e9 au cr\u00e9matorium de la Maison Mallet &amp; fils pour cr\u00e9mation.<\/p>\n<p>La famille re\u00e7oit parents et amis le jeudi 9 juin 2022 de 19 h \u00e0 22 h. Le vendredi 10 juin 2022 jour des fun\u00e9railles \u00e0 compter de 9 h au Complexe Thanatologique Mallet &amp; fils du 585 Boul. Laure \u00e0 Sept-\u00celes.<\/p>\n<p>Il laisse dans le deuil outre son \u00e9pouse madame Shirley Shuglo, ses fils : Luc (Cassandre Berthe) et Lee (Hannah Augustin), sa fille Lea (Charles Desrosiers), ses petites-filles : Alie et Maxime, son petit-fils Jack ainsi que ses s\u0153urs : Jocelyne, Guylaine (Patrick Roussel) et Chantale, ses fr\u00e8res : Gilles (Line Desrosiers) et Pierrot, son beau-p\u00e8re monsieur Bert Shuglo, sa belle-m\u00e8re madame Gis\u00e8le Richard, sa belle-s\u0153ur Nancy (Yvan Elsliger), ses beaux-fr\u00e8res : Eddy (Lynda Leblanc) et Norman (Johanne Soucy), ses neveux, ses ni\u00e8ces, ses cousins, ses cousines et de nombreux ami(e)s.<\/p>\n<p>Vos marques de sympathie peuvent se traduire par un don \u00e0 l\u2019\u00c9lyme des sables <a href=\"http:\/\/www.elymedessables.com\">www.elymedessables.com<\/a><\/p>\n<p>La famille a confi\u00e9 la direction des fun\u00e9railles aux services professionnels de la Maison Mallet &amp; fils du 585 boul. Laure \u00e0 Sept-\u00celes, maintenant reconnue Distinction et membre de la Corporation des Thanatologues du Qu\u00e9bec.<\/p>\n<p>Vous pouvez consulter cet avis de d\u00e9c\u00e8s sur le <a href=\"https:\/\/nouveau.maisonmallet.com\/back05_01\">www.maisonmallet.com<\/a><\/p>\n<p>Ceux et celles qui le d\u00e9sirent, peuvent y envoyer des messages de sympathies.<\/p>\n<p>&nbsp;<\/p>\n<hr \/>\n<p>Envoyer vos condol\u00e9ances<\/p>\n<p>[contact-form to=\u00a0\u00bbshirleyshuglo@gmail.com\u00a0\u00bb subject=\u00a0\u00bbCondol\u00e9ances Claude Vaillancourt\u00a0\u00bb][contact-field label=\u00a0\u00bbVotre nom\u00a0\u00bb type=\u00a0\u00bbname\u00a0\u00bb required=\u00a0\u00bb1&Prime;][contact-field label=\u00a0\u00bbVotre courriel\u00a0\u00bb type=\u00a0\u00bbemail\u00a0\u00bb required=\u00a0\u00bb1&Prime;][contact-field label=\u00a0\u00bbCondol\u00e9ances\u00a0\u00bb type=\u00a0\u00bbtextarea\u00a0\u00bb][\/contact-form]<\/p>\n","protected":false},"featured_media":31224,"template":"","event_cat":[6],"class_list":["post-31220","event","type-event","status-publish","has-post-thumbnail","hentry","event_cat-maison-mallet-et-fils-inc"],"_links":{"self":[{"href":"https:\/\/nouveau.maisonmallet.com\/back05_01\/index.php?rest_route=\/wp\/v2\/event\/31220","targetHints":{"allow":["GET"]}}],"collection":[{"href":"https:\/\/nouveau.maisonmallet.com\/back05_01\/index.php?rest_route=\/wp\/v2\/event"}],"about":[{"href":"https:\/\/nouveau.maisonmallet.com\/back05_01\/index.php?rest_route=\/wp\/v2\/types\/event"}],"wp:featuredmedia":[{"embeddable":true,"href":"https:\/\/nouveau.maisonmallet.com\/back05_01\/index.php?rest_route=\/wp\/v2\/media\/31224"}],"wp:attachment":[{"href":"https:\/\/nouveau.maisonmallet.com\/back05_01\/index.php?rest_route=%2Fwp%2Fv2%2Fmedia&parent=31220"}],"wp:term":[{"taxonomy":"event_cat","embeddable":true,"href":"https:\/\/nouveau.maisonmallet.com\/back05_01\/index.php?rest_route=%2Fwp%2Fv2%2Fevent_cat&post=31220"}],"curies":[{"name":"wp","href":"https:\/\/api.w.org\/{rel}","templated":true}]}}

<p>1949 &#8211; 2022</p>
<p>VAILLANCOURT, Claude</p>
<p>&nbsp;</p>
<p>À Sept-Îles (maison Élyme des sables), le 26 mai 2022, est décédé à l’âge de 73 ans, monsieur Claude Vaillancourt époux de madame Shirley Shuglo et domicilié à Sept-Îles.</p>
<p>Les funérailles de monsieur Claude Vaillancourt auront lieu le vendredi 10 juin 2022       à 10 h 30 en l’église St-Joseph située au 535, ave. Brochu à Sept-Îles et de là au cimetière Catholique de Sept-Îles.</p>
<p>Selon ses volontés, il a été confié au crématorium de la Maison Mallet &amp; fils pour crémation.</p>
<p>La famille reçoit parents et amis le jeudi 9 juin 2022 de 19 h à 22 h. Le vendredi 10 juin 2022 jour des funérailles à compter de 9 h au Complexe Thanatologique Mallet &amp; fils du 585 Boul. Laure à Sept-Îles.</p>
<p>Il laisse dans le deuil outre son épouse madame Shirley Shuglo, ses fils : Luc (Cassandre Berthe) et Lee (Hannah Augustin), sa fille Lea (Charles Desrosiers), ses petites-filles : Alie et Maxime, son petit-fils Jack ainsi que ses sœurs : Jocelyne, Guylaine (Patrick Roussel) et Chantale, ses frères : Gilles (Line Desrosiers) et Pierrot, son beau-père monsieur Bert Shuglo, sa belle-mère madame Gisèle Richard, sa belle-sœur Nancy (Yvan Elsliger), ses beaux-frères : Eddy (Lynda Leblanc) et Norman (Johanne Soucy), ses neveux, ses nièces, ses cousins, ses cousines et de nombreux ami(e)s.</p>
<p>Vos marques de sympathie peuvent se traduire par un don à l’Élyme des sables <a href="http://www.elymedessables.com">www.elymedessables.com</a></p>
<p>La famille a confié la direction des funérailles aux services professionnels de la Maison Mallet &amp; fils du 585 boul. Laure à Sept-Îles, maintenant reconnue Distinction et membre de la Corporation des Thanatologues du Québec.</p>
<p>Vous pouvez consulter cet avis de décès sur le <a href="https://nouveau.maisonmallet.com/back05_01">www.maisonmallet.com</a></p>
<p>Ceux et celles qui le désirent, peuvent y envoyer des messages de sympathies.</p>
<p>&nbsp;</p>
<hr />
<p>Envoyer vos condoléances</p>
<p>[contact-form to= »shirleyshuglo@gmail.com » subject= »Condoléances Claude Vaillancourt »][contact-field label= »Votre nom » type= »name » required= »1&Prime;][contact-field label= »Votre courriel » type= »email » required= »1&Prime;][contact-field label= »Condoléances » type= »textarea »][/contact-form]</p>
