{"id":31308,"date":"2022-05-31T23:30:03","date_gmt":"2022-06-01T03:30:03","guid":{"rendered":"https:\/\/nouveau.maisonmallet.com\/?post_type=event&#038;p=31308"},"modified":"2022-06-01T23:36:27","modified_gmt":"2022-06-02T03:36:27","slug":"lanteigne-francine-marceau","status":"publish","type":"event","link":"https:\/\/nouveau.maisonmallet.com\/back05_01\/?event=lanteigne-francine-marceau","title":{"rendered":"LANTEIGNE, Francine (Marceau)"},"content":{"rendered":"<p>1954 \u2013 2022<\/p>\n<p>LANTEIGNE, Francine (Marceau)<\/p>\n<p>&nbsp;<\/p>\n<p>\u00c0 Qu\u00e9bec, le 20 avril 2022, est d\u00e9c\u00e9d\u00e9e \u00e0 l\u2019\u00e2ge de 68 ans, madame Francine Lanteigne \u00e9pouse de feu Benoit Marceau et domicili\u00e9e \u00e0 Qu\u00e9bec.<\/p>\n<p>Selon ses volont\u00e9s, elle a \u00e9t\u00e9 confi\u00e9e aux bons soins de la Maison Mallet &amp; fils.<\/p>\n<p>La famille re\u00e7oit parents et amis le samedi 4 juin 2022 de 13 h \u00e0 16 h au Complexe Thanatologique Mallet &amp; fils du 585 Boul. Laure \u00e0 Sept-\u00celes.<\/p>\n<p>Elle laisse dans le deuil sa s\u0153ur : Liane (et ses enfants : Samuel, Louis (Jade) et Rachel (Anthony)), son fr\u00e8re : Robert; ses petites-ni\u00e8ces; ses beaux-enfants :\u00a0Patrice (Johanne B\u00e9chard), Sonia (David Arrouart) et leur m\u00e8re Francine Gagnon; ses petits-enfants : \u00c9tienne, Julianne, \u00c9mile et Gabrielle, F\u00e9lix et Kim; ainsi que ses autres parents et ami(e)s.<\/p>\n<p>Vos marques de sympathie peuvent se traduire par un don \u00e0 la Soci\u00e9t\u00e9 Alzheimer de Qu\u00e9bec,\u00a0<a href=\"https:\/\/www.societealzheimerdequebec.com\/\"><strong>https:\/\/www.societealzheimerdequebec.com\/<\/strong><\/a>.<\/p>\n<p>Sinc\u00e8res remerciements au personnel de l&rsquo;unit\u00e9 g\u00e9riatrique de courte dur\u00e9e au CHUL, principalement au Dre Gabrielle Lafreni\u00e8re et au Dr Benoit Dubuc pour leur compr\u00e9hension et la qualit\u00e9 de leur accompagnement.<\/p>\n<p>La famille a confi\u00e9 les arrangements aux services professionnels de la Maison Mallet &amp; fils du 585 Boul. Laure \u00e0 Sept-\u00celes, maintenant reconnue Distinction et membre de la Corporation des Thanatologues du Qu\u00e9bec.<\/p>\n<p>Vous pouvez consulter cet avis de d\u00e9c\u00e8s sur le\u00a0: <a href=\"https:\/\/nouveau.maisonmallet.com\/back05_01\">www.maisonmallet.com<\/a><\/p>\n<p>Ceux et celles qui le d\u00e9sirent, peuvent y envoyer des messages de sympathie.<\/p>\n<p>&nbsp;<\/p>\n<hr \/>\n<p>Envoyer vos condol\u00e9ances<\/p>\n<p>[contact-form to=\u00a0\u00bbsmarceau@magnetikrh.com\u00a0\u00bb subject=\u00a0\u00bbCondol\u00e9ances Francine Lanteigne\u00a0\u00bb][contact-field label=\u00a0\u00bbVotre nom\u00a0\u00bb type=\u00a0\u00bbname\u00a0\u00bb required=\u00a0\u00bb1&Prime;][contact-field label=\u00a0\u00bbVotre courriel\u00a0\u00bb type=\u00a0\u00bbemail\u00a0\u00bb required=\u00a0\u00bb1&Prime;][contact-field label=\u00a0\u00bbCondol\u00e9ances\u00a0\u00bb type=\u00a0\u00bbtextarea\u00a0\u00bb][\/contact-form]<\/p>\n","protected":false},"featured_media":31310,"template":"","event_cat":[6],"class_list":["post-31308","event","type-event","status-publish","has-post-thumbnail","hentry","event_cat-maison-mallet-et-fils-inc"],"_links":{"self":[{"href":"https:\/\/nouveau.maisonmallet.com\/back05_01\/index.php?rest_route=\/wp\/v2\/event\/31308","targetHints":{"allow":["GET"]}}],"collection":[{"href":"https:\/\/nouveau.maisonmallet.com\/back05_01\/index.php?rest_route=\/wp\/v2\/event"}],"about":[{"href":"https:\/\/nouveau.maisonmallet.com\/back05_01\/index.php?rest_route=\/wp\/v2\/types\/event"}],"wp:featuredmedia":[{"embeddable":true,"href":"https:\/\/nouveau.maisonmallet.com\/back05_01\/index.php?rest_route=\/wp\/v2\/media\/31310"}],"wp:attachment":[{"href":"https:\/\/nouveau.maisonmallet.com\/back05_01\/index.php?rest_route=%2Fwp%2Fv2%2Fmedia&parent=31308"}],"wp:term":[{"taxonomy":"event_cat","embeddable":true,"href":"https:\/\/nouveau.maisonmallet.com\/back05_01\/index.php?rest_route=%2Fwp%2Fv2%2Fevent_cat&post=31308"}],"curies":[{"name":"wp","href":"https:\/\/api.w.org\/{rel}","templated":true}]}}

<p>1954 – 2022</p>
<p>LANTEIGNE, Francine (Marceau)</p>
<p>&nbsp;</p>
<p>À Québec, le 20 avril 2022, est décédée à l’âge de 68 ans, madame Francine Lanteigne épouse de feu Benoit Marceau et domiciliée à Québec.</p>
<p>Selon ses volontés, elle a été confiée aux bons soins de la Maison Mallet &amp; fils.</p>
<p>La famille reçoit parents et amis le samedi 4 juin 2022 de 13 h à 16 h au Complexe Thanatologique Mallet &amp; fils du 585 Boul. Laure à Sept-Îles.</p>
<p>Elle laisse dans le deuil sa sœur : Liane (et ses enfants : Samuel, Louis (Jade) et Rachel (Anthony)), son frère : Robert; ses petites-nièces; ses beaux-enfants : Patrice (Johanne Béchard), Sonia (David Arrouart) et leur mère Francine Gagnon; ses petits-enfants : Étienne, Julianne, Émile et Gabrielle, Félix et Kim; ainsi que ses autres parents et ami(e)s.</p>
<p>Vos marques de sympathie peuvent se traduire par un don à la Société Alzheimer de Québec, <a href="https://www.societealzheimerdequebec.com/"><strong>https://www.societealzheimerdequebec.com/</strong></a>.</p>
<p>Sincères remerciements au personnel de l&rsquo;unité gériatrique de courte durée au CHUL, principalement au Dre Gabrielle Lafrenière et au Dr Benoit Dubuc pour leur compréhension et la qualité de leur accompagnement.</p>
<p>La famille a confié les arrangements aux services professionnels de la Maison Mallet &amp; fils du 585 Boul. Laure à Sept-Îles, maintenant reconnue Distinction et membre de la Corporation des Thanatologues du Québec.</p>
<p>Vous pouvez consulter cet avis de décès sur le : <a href="https://nouveau.maisonmallet.com/back05_01">www.maisonmallet.com</a></p>
<p>Ceux et celles qui le désirent, peuvent y envoyer des messages de sympathie.</p>
<p>&nbsp;</p>
<hr />
<p>Envoyer vos condoléances</p>
<p>[contact-form to= »smarceau@magnetikrh.com » subject= »Condoléances Francine Lanteigne »][contact-field label= »Votre nom » type= »name » required= »1&Prime;][contact-field label= »Votre courriel » type= »email » required= »1&Prime;][contact-field label= »Condoléances » type= »textarea »][/contact-form]</p>
