{"id":31339,"date":"2022-06-04T10:52:57","date_gmt":"2022-06-04T14:52:57","guid":{"rendered":"https:\/\/nouveau.maisonmallet.com\/?post_type=event&#038;p=31339"},"modified":"2022-06-05T12:25:40","modified_gmt":"2022-06-05T16:25:40","slug":"parisee-micheline-chambers","status":"publish","type":"event","link":"https:\/\/nouveau.maisonmallet.com\/back05_01\/?event=parisee-micheline-chambers","title":{"rendered":"PARIS\u00c9E, Micheline (Chambers)"},"content":{"rendered":"<p>1929 \u2013 2022<\/p>\n<p>PARIS\u00c9E, Micheline (Chambers)<\/p>\n<p>&nbsp;<\/p>\n<p>\u00c0 Havre-Saint-Pierre, le 29 mai 2022, est d\u00e9c\u00e9d\u00e9e \u00e0 l\u2019\u00e2ge de 92 ans, madame Micheline Paris\u00e9e \u00e9pouse de feu Harold Chambers et domicili\u00e9e \u00e0 Havre Saint-Pierre autrefois de Rivi\u00e8re Saint-Jean.<\/p>\n<p>Les fun\u00e9railles de madame Micheline Paris\u00e9e auront lieu le samedi 6 aout 2022 \u00e0 11 h en l\u2019\u00e9glise Saint-Jean-Ap\u00f4tre de Rivi\u00e8re Saint-Jean et de l\u00e0 au cimeti\u00e8re de l\u2019endroit.<\/p>\n<p>Selon ses volont\u00e9s, elle a \u00e9t\u00e9 confi\u00e9e au cr\u00e9matorium de la Maison L.J.G. Mallet pour cr\u00e9mation.<\/p>\n<p>La famille re\u00e7oit parents et amis le samedi 6 aout 2022 jour des fun\u00e9railles \u00e0 compter de 10 h \u00e0 \u00a0l\u2019\u00e9glise Saint-Jean-Ap\u00f4tre de Rivi\u00e8re Saint-Jean.<\/p>\n<p>Elle laisse dans le deuil ses fils\u00a0: Jean (Sylvie Maloney), Gilles (Marie Landry), Serge et Pierre (Florence Roussy), ses filles\u00a0: Michelle (Pierre Parent), Martine (Louis-Marie Landry), Line, Lison et Liette (Hugues Cousineau), ses douze petits-enfants, ses dix arri\u00e8re-petits-enfants ainsi que Ses fr\u00e8res\u00a0: Norbert Paris\u00e9e (Ernestine Beaudin) et Roger Paris\u00e9e (Rolande Hebert), sa s\u0153ur Colette Paris\u00e9e, \u00a0ses belles-s\u0153urs\u00a0: Louise Landry et Aline Pag\u00e9, ses neveux, ses ni\u00e8ces et de nombreux ami(e)s.<\/p>\n<p>La famille a confi\u00e9 la direction des fun\u00e9railles aux services professionnels de la Maison L.J.G. Mallet du 1429, rue du Canot \u00e0 Havre-Saint-Pierre, maintenant reconnue Distinction et membre de la Corporation des Thanatologues du Qu\u00e9bec.<\/p>\n<p>Vous pouvez consulter cet avis de d\u00e9c\u00e8s sur le <a href=\"https:\/\/nouveau.maisonmallet.com\/back05_01\">www.maisonmallet.com<\/a><\/p>\n<p>Ceux et celles qui le d\u00e9sirent, peuvent y envoyer des messages de sympathie.<\/p>\n<p>&nbsp;<\/p>\n<hr \/>\n<p>Envoyer vos condol\u00e9ances<\/p>\n<p>[contact-form to=\u00a0\u00bbmarc@maisonmallet.com\u00a0\u00bb subject=\u00a0\u00bbCondol\u00e9ances \u00ab\u00a0][contact-field label=\u00a0\u00bbVotre nom\u00a0\u00bb type=\u00a0\u00bbname\u00a0\u00bb required=\u00a0\u00bb1&Prime;][contact-field label=\u00a0\u00bbVotre courriel\u00a0\u00bb type=\u00a0\u00bbemail\u00a0\u00bb required=\u00a0\u00bb1&Prime;][contact-field label=\u00a0\u00bbCondol\u00e9ances\u00a0\u00bb type=\u00a0\u00bbtextarea\u00a0\u00bb][\/contact-form]<\/p>\n","protected":false},"featured_media":31390,"template":"","event_cat":[7],"class_list":["post-31339","event","type-event","status-publish","has-post-thumbnail","hentry","event_cat-maison-l-j-g-mallet-inc"],"_links":{"self":[{"href":"https:\/\/nouveau.maisonmallet.com\/back05_01\/index.php?rest_route=\/wp\/v2\/event\/31339","targetHints":{"allow":["GET"]}}],"collection":[{"href":"https:\/\/nouveau.maisonmallet.com\/back05_01\/index.php?rest_route=\/wp\/v2\/event"}],"about":[{"href":"https:\/\/nouveau.maisonmallet.com\/back05_01\/index.php?rest_route=\/wp\/v2\/types\/event"}],"wp:featuredmedia":[{"embeddable":true,"href":"https:\/\/nouveau.maisonmallet.com\/back05_01\/index.php?rest_route=\/wp\/v2\/media\/31390"}],"wp:attachment":[{"href":"https:\/\/nouveau.maisonmallet.com\/back05_01\/index.php?rest_route=%2Fwp%2Fv2%2Fmedia&parent=31339"}],"wp:term":[{"taxonomy":"event_cat","embeddable":true,"href":"https:\/\/nouveau.maisonmallet.com\/back05_01\/index.php?rest_route=%2Fwp%2Fv2%2Fevent_cat&post=31339"}],"curies":[{"name":"wp","href":"https:\/\/api.w.org\/{rel}","templated":true}]}}

PARISÉE, Micheline (Chambers)

<p>1929 – 2022</p>
<p>PARISÉE, Micheline (Chambers)</p>
<p>&nbsp;</p>
<p>À Havre-Saint-Pierre, le 29 mai 2022, est décédée à l’âge de 92 ans, madame Micheline Parisée épouse de feu Harold Chambers et domiciliée à Havre Saint-Pierre autrefois de Rivière Saint-Jean.</p>
<p>Les funérailles de madame Micheline Parisée auront lieu le samedi 6 aout 2022 à 11 h en l’église Saint-Jean-Apôtre de Rivière Saint-Jean et de là au cimetière de l’endroit.</p>
<p>Selon ses volontés, elle a été confiée au crématorium de la Maison L.J.G. Mallet pour crémation.</p>
<p>La famille reçoit parents et amis le samedi 6 aout 2022 jour des funérailles à compter de 10 h à  l’église Saint-Jean-Apôtre de Rivière Saint-Jean.</p>
<p>Elle laisse dans le deuil ses fils : Jean (Sylvie Maloney), Gilles (Marie Landry), Serge et Pierre (Florence Roussy), ses filles : Michelle (Pierre Parent), Martine (Louis-Marie Landry), Line, Lison et Liette (Hugues Cousineau), ses douze petits-enfants, ses dix arrière-petits-enfants ainsi que Ses frères : Norbert Parisée (Ernestine Beaudin) et Roger Parisée (Rolande Hebert), sa sœur Colette Parisée,  ses belles-sœurs : Louise Landry et Aline Pagé, ses neveux, ses nièces et de nombreux ami(e)s.</p>
<p>La famille a confié la direction des funérailles aux services professionnels de la Maison L.J.G. Mallet du 1429, rue du Canot à Havre-Saint-Pierre, maintenant reconnue Distinction et membre de la Corporation des Thanatologues du Québec.</p>
<p>Vous pouvez consulter cet avis de décès sur le <a href="https://nouveau.maisonmallet.com/back05_01">www.maisonmallet.com</a></p>
<p>Ceux et celles qui le désirent, peuvent y envoyer des messages de sympathie.</p>
<p>&nbsp;</p>
<hr />
<p>Envoyer vos condoléances</p>
<p>[contact-form to= »marc@maisonmallet.com » subject= »Condoléances « ][contact-field label= »Votre nom » type= »name » required= »1&Prime;][contact-field label= »Votre courriel » type= »email » required= »1&Prime;][contact-field label= »Condoléances » type= »textarea »][/contact-form]</p>
