{"id":31388,"date":"2022-06-04T12:39:49","date_gmt":"2022-06-04T16:39:49","guid":{"rendered":"https:\/\/nouveau.maisonmallet.com\/?post_type=event&#038;p=31388"},"modified":"2022-06-05T12:48:29","modified_gmt":"2022-06-05T16:48:29","slug":"landry-lily","status":"publish","type":"event","link":"https:\/\/nouveau.maisonmallet.com\/back05_01\/?event=landry-lily","title":{"rendered":"LANDRY, Lily"},"content":{"rendered":"<p>1935 \u2013 2022<\/p>\n<p>LANDRY, Lily<\/p>\n<p>&nbsp;<\/p>\n<p>\u00c0 Havre-Saint-Pierre, le 24 mai 2022, est d\u00e9c\u00e9d\u00e9e \u00e0 l\u2019\u00e2ge de 87 ans madame Lily Landry fille de feu Hippolyte Landry et de feu Delvina Jomphe domicili\u00e9e \u00e0 Havre-Saint-Pierre.<\/p>\n<p>Les fun\u00e9railles de madame Lily Landry auront lieu le vendredi 10 juin 2022 \u00e0 14 h en l\u2019\u00e9glise Saint-Pierre de Havre-Saint-Pierre et de l\u00e0 au cimeti\u00e8re de l\u2019endroit.<\/p>\n<p>Selon ses volont\u00e9s, elle a \u00e9t\u00e9 confi\u00e9e au cr\u00e9matorium de la Maison L.J.G. Mallet pour cr\u00e9mation.<\/p>\n<p>Elle laisse dans le deuil ses fils\u00a0: Pierre et Denis, ses filles\u00a0: Maryse (Pierre Lebrun), Diane (Robert Richard) et Gina (Jean-Pierre Dumais), leur p\u00e8re monsieur Lionel Turbis, ses petits-fils\u00a0: S\u00e9bastien (Jos\u00e9e Boudreau), Dany (Sylvia Boudreau), Tommy (Isabelle Th\u00e9riault) et Derek, ses petites-filles\u00a0: \u00a0Chantal (Kevin Landry) et\u00a0 Alexandra (William Lapierre), ses arri\u00e8re-petits-fils\u00a0: Vincent et Hubert, ses arri\u00e8re-petites-filles\u00a0: Rosalie, \u00c9lodie et Eve ainsi que ses s\u0153urs\u00a0: Laurette et Blaise, ses neveux, ses ni\u00e8ces, et de nombreux ami(e)s.<\/p>\n<p>Vos marques de sympathie peuvent se traduire par un don \u00e0 la paroisse St-Pierre de Havre-Saint-Pierre.<\/p>\n<p>La famille a confi\u00e9 la direction des fun\u00e9railles aux services professionnels de la Maison L.J.G. Mallet du 1429, rue du Canot \u00e0 Havre-Saint-Pierre, maintenant reconnue Distinction et membre de la Corporation des Thanatologues du Qu\u00e9bec.<\/p>\n<p>Vous pouvez consulter cet avis de d\u00e9c\u00e8s sur le <a href=\"https:\/\/nouveau.maisonmallet.com\/back05_01\">www.maisonmallet.com<\/a><\/p>\n<p>Ceux et celles qui le d\u00e9sirent, peuvent y envoyer des messages de sympathie.<\/p>\n<hr \/>\n<p>Envoyer vos condol\u00e9ances<\/p>\n<p>[contact-form to=\u00a0\u00bblebrun821@hotmail.com\u00a0\u00bb subject=\u00a0\u00bbCondol\u00e9ances Lily Landry\u00a0\u00bb][contact-field label=\u00a0\u00bbVotre nom\u00a0\u00bb type=\u00a0\u00bbname\u00a0\u00bb required=\u00a0\u00bb1&Prime;][contact-field label=\u00a0\u00bbVotre courriel\u00a0\u00bb type=\u00a0\u00bbemail\u00a0\u00bb required=\u00a0\u00bb1&Prime;][contact-field label=\u00a0\u00bbCondol\u00e9ances\u00a0\u00bb type=\u00a0\u00bbtextarea\u00a0\u00bb][\/contact-form]<\/p>\n","protected":false},"featured_media":31392,"template":"","event_cat":[6],"class_list":["post-31388","event","type-event","status-publish","has-post-thumbnail","hentry","event_cat-maison-mallet-et-fils-inc"],"_links":{"self":[{"href":"https:\/\/nouveau.maisonmallet.com\/back05_01\/index.php?rest_route=\/wp\/v2\/event\/31388","targetHints":{"allow":["GET"]}}],"collection":[{"href":"https:\/\/nouveau.maisonmallet.com\/back05_01\/index.php?rest_route=\/wp\/v2\/event"}],"about":[{"href":"https:\/\/nouveau.maisonmallet.com\/back05_01\/index.php?rest_route=\/wp\/v2\/types\/event"}],"wp:featuredmedia":[{"embeddable":true,"href":"https:\/\/nouveau.maisonmallet.com\/back05_01\/index.php?rest_route=\/wp\/v2\/media\/31392"}],"wp:attachment":[{"href":"https:\/\/nouveau.maisonmallet.com\/back05_01\/index.php?rest_route=%2Fwp%2Fv2%2Fmedia&parent=31388"}],"wp:term":[{"taxonomy":"event_cat","embeddable":true,"href":"https:\/\/nouveau.maisonmallet.com\/back05_01\/index.php?rest_route=%2Fwp%2Fv2%2Fevent_cat&post=31388"}],"curies":[{"name":"wp","href":"https:\/\/api.w.org\/{rel}","templated":true}]}}

<p>1935 – 2022</p>
<p>LANDRY, Lily</p>
<p>&nbsp;</p>
<p>À Havre-Saint-Pierre, le 24 mai 2022, est décédée à l’âge de 87 ans madame Lily Landry fille de feu Hippolyte Landry et de feu Delvina Jomphe domiciliée à Havre-Saint-Pierre.</p>
<p>Les funérailles de madame Lily Landry auront lieu le vendredi 10 juin 2022 à 14 h en l’église Saint-Pierre de Havre-Saint-Pierre et de là au cimetière de l’endroit.</p>
<p>Selon ses volontés, elle a été confiée au crématorium de la Maison L.J.G. Mallet pour crémation.</p>
<p>Elle laisse dans le deuil ses fils : Pierre et Denis, ses filles : Maryse (Pierre Lebrun), Diane (Robert Richard) et Gina (Jean-Pierre Dumais), leur père monsieur Lionel Turbis, ses petits-fils : Sébastien (Josée Boudreau), Dany (Sylvia Boudreau), Tommy (Isabelle Thériault) et Derek, ses petites-filles :  Chantal (Kevin Landry) et  Alexandra (William Lapierre), ses arrière-petits-fils : Vincent et Hubert, ses arrière-petites-filles : Rosalie, Élodie et Eve ainsi que ses sœurs : Laurette et Blaise, ses neveux, ses nièces, et de nombreux ami(e)s.</p>
<p>Vos marques de sympathie peuvent se traduire par un don à la paroisse St-Pierre de Havre-Saint-Pierre.</p>
<p>La famille a confié la direction des funérailles aux services professionnels de la Maison L.J.G. Mallet du 1429, rue du Canot à Havre-Saint-Pierre, maintenant reconnue Distinction et membre de la Corporation des Thanatologues du Québec.</p>
<p>Vous pouvez consulter cet avis de décès sur le <a href="https://nouveau.maisonmallet.com/back05_01">www.maisonmallet.com</a></p>
<p>Ceux et celles qui le désirent, peuvent y envoyer des messages de sympathie.</p>
<hr />
<p>Envoyer vos condoléances</p>
<p>[contact-form to= »lebrun821@hotmail.com » subject= »Condoléances Lily Landry »][contact-field label= »Votre nom » type= »name » required= »1&Prime;][contact-field label= »Votre courriel » type= »email » required= »1&Prime;][contact-field label= »Condoléances » type= »textarea »][/contact-form]</p>
