{"id":31413,"date":"2022-06-05T17:34:22","date_gmt":"2022-06-05T21:34:22","guid":{"rendered":"https:\/\/nouveau.maisonmallet.com\/?post_type=event&#038;p=31413"},"modified":"2022-06-06T17:42:55","modified_gmt":"2022-06-06T21:42:55","slug":"willcott-blanche-boudreau","status":"publish","type":"event","link":"https:\/\/nouveau.maisonmallet.com\/back05_01\/?event=willcott-blanche-boudreau","title":{"rendered":"WILLCOTT, Blanche (Boudreau)"},"content":{"rendered":"<p>1928 \u2013 2022<\/p>\n<p>WILLCOTT, Blanche (Boudreau)<\/p>\n<p>&nbsp;<\/p>\n<p>\u00c0 Havre-Saint-Pierre, le 29 mai 2022, est d\u00e9c\u00e9d\u00e9e \u00e0 l\u2019\u00e2ge de 94 ans et 4 mois, madame Blanche Willcott \u00e9pouse de feu Rosaire Boudreau et domicili\u00e9e \u00e0 Havre-Saint-Pierre.<\/p>\n<p>Les fun\u00e9railles de madame Blanche Willcott auront lieu le samedi 11 juin 2022 \u00e0 14 h\u00a0 30 en l\u2019\u00e9glise Saint-Pierre de Havre-Saint-Pierre et de l\u00e0 au cr\u00e9matorium de la Maison L.J.G. Mallet pour cr\u00e9mation.<\/p>\n<p>La famille re\u00e7oit parents et amis le vendredi 10 juin 2022 de 19 h\u00a0 \u00e0 22 h. Le samedi 11 juin 2022 jour des fun\u00e9railles \u00e0 compter de 13 h 30 au salon de la Maison L.J.G. Mallet du 1429, rue du Canot \u00e0 Havre-Saint-Pierre.<\/p>\n<p>elle laisse dans le deuil ses filles : Linda (Louis Dupuis), Anne (Pier Gilbert) et Lucie (Andr\u00e9 Doiron), son fils Andr\u00e9 (feu Louise Richard), sa belle-fille Louise Th\u00e9riault, ses petits-enfants : Simon, Christian, Tommy, Patrick, Julie, David, Pier-Luc, H\u00e9l\u00e8ne, Keven, Myriam, Catherine et leur conjoint, ses vingt-deux arri\u00e8re-petits-enfants ainsi que ses s\u0153urs\u00a0: Stella et Madeleine (Bernard Collier), ses fr\u00e8res\u00a0: Ernest (Rachelle Marcoux), Abraham et Robert, ses beaux-fr\u00e8res, ses belles-s\u0153urs, ses neveux, ses ni\u00e8ces, et de nombreux ami(e)s.<\/p>\n<p>Elle \u00e9tait la m\u00e8re de feu Yves.<\/p>\n<p>Vos marques de sympathie peuvent se traduire par un don \u00e0 la Maison L\u2019Espoir de Shelna de Havre-Saint-Pierre.<\/p>\n<p>La famille a confi\u00e9 la direction des fun\u00e9railles aux services professionnels de la Maison L.J.G. Mallet du 1429, rue du Canot \u00e0 Havre-Saint-Pierre, maintenant reconnue Distinction et membre de la Corporation des Thanatologues du Qu\u00e9bec.<\/p>\n<p>Vous pouvez consulter cet avis de d\u00e9c\u00e8s sur le\u00a0<a href=\"https:\/\/nouveau.maisonmallet.com\/back05_01\/\">www.maisonmallet.com<\/a><\/p>\n<p>Ceux et celles qui le d\u00e9sirent, peuvent y envoyer des messages de sympathie.<\/p>\n<p>&nbsp;<\/p>\n<hr \/>\n<p>Envoyer vos condol\u00e9ances<\/p>\n<p>[contact-form to=\u00a0\u00bbboudreaudupuis@hotmail.com\u00a0\u00bb subject=\u00a0\u00bbCondol\u00e9ances Blanche Willcott\u00a0\u00bb][contact-field label=\u00a0\u00bbVotre nom\u00a0\u00bb type=\u00a0\u00bbname\u00a0\u00bb required=\u00a0\u00bb1&Prime;][contact-field label=\u00a0\u00bbVotre courriel\u00a0\u00bb type=\u00a0\u00bbemail\u00a0\u00bb required=\u00a0\u00bb1&Prime;][contact-field label=\u00a0\u00bbCondol\u00e9ances\u00a0\u00bb type=\u00a0\u00bbtextarea\u00a0\u00bb][\/contact-form]<\/p>\n","protected":false},"featured_media":31422,"template":"","event_cat":[7],"class_list":["post-31413","event","type-event","status-publish","has-post-thumbnail","hentry","event_cat-maison-l-j-g-mallet-inc"],"_links":{"self":[{"href":"https:\/\/nouveau.maisonmallet.com\/back05_01\/index.php?rest_route=\/wp\/v2\/event\/31413","targetHints":{"allow":["GET"]}}],"collection":[{"href":"https:\/\/nouveau.maisonmallet.com\/back05_01\/index.php?rest_route=\/wp\/v2\/event"}],"about":[{"href":"https:\/\/nouveau.maisonmallet.com\/back05_01\/index.php?rest_route=\/wp\/v2\/types\/event"}],"wp:featuredmedia":[{"embeddable":true,"href":"https:\/\/nouveau.maisonmallet.com\/back05_01\/index.php?rest_route=\/wp\/v2\/media\/31422"}],"wp:attachment":[{"href":"https:\/\/nouveau.maisonmallet.com\/back05_01\/index.php?rest_route=%2Fwp%2Fv2%2Fmedia&parent=31413"}],"wp:term":[{"taxonomy":"event_cat","embeddable":true,"href":"https:\/\/nouveau.maisonmallet.com\/back05_01\/index.php?rest_route=%2Fwp%2Fv2%2Fevent_cat&post=31413"}],"curies":[{"name":"wp","href":"https:\/\/api.w.org\/{rel}","templated":true}]}}

<p>1928 – 2022</p>
<p>WILLCOTT, Blanche (Boudreau)</p>
<p>&nbsp;</p>
<p>À Havre-Saint-Pierre, le 29 mai 2022, est décédée à l’âge de 94 ans et 4 mois, madame Blanche Willcott épouse de feu Rosaire Boudreau et domiciliée à Havre-Saint-Pierre.</p>
<p>Les funérailles de madame Blanche Willcott auront lieu le samedi 11 juin 2022 à 14 h  30 en l’église Saint-Pierre de Havre-Saint-Pierre et de là au crématorium de la Maison L.J.G. Mallet pour crémation.</p>
<p>La famille reçoit parents et amis le vendredi 10 juin 2022 de 19 h  à 22 h. Le samedi 11 juin 2022 jour des funérailles à compter de 13 h 30 au salon de la Maison L.J.G. Mallet du 1429, rue du Canot à Havre-Saint-Pierre.</p>
<p>elle laisse dans le deuil ses filles : Linda (Louis Dupuis), Anne (Pier Gilbert) et Lucie (André Doiron), son fils André (feu Louise Richard), sa belle-fille Louise Thériault, ses petits-enfants : Simon, Christian, Tommy, Patrick, Julie, David, Pier-Luc, Hélène, Keven, Myriam, Catherine et leur conjoint, ses vingt-deux arrière-petits-enfants ainsi que ses sœurs : Stella et Madeleine (Bernard Collier), ses frères : Ernest (Rachelle Marcoux), Abraham et Robert, ses beaux-frères, ses belles-sœurs, ses neveux, ses nièces, et de nombreux ami(e)s.</p>
<p>Elle était la mère de feu Yves.</p>
<p>Vos marques de sympathie peuvent se traduire par un don à la Maison L’Espoir de Shelna de Havre-Saint-Pierre.</p>
<p>La famille a confié la direction des funérailles aux services professionnels de la Maison L.J.G. Mallet du 1429, rue du Canot à Havre-Saint-Pierre, maintenant reconnue Distinction et membre de la Corporation des Thanatologues du Québec.</p>
<p>Vous pouvez consulter cet avis de décès sur le <a href="https://nouveau.maisonmallet.com/back05_01/">www.maisonmallet.com</a></p>
<p>Ceux et celles qui le désirent, peuvent y envoyer des messages de sympathie.</p>
<p>&nbsp;</p>
<hr />
<p>Envoyer vos condoléances</p>
<p>[contact-form to= »boudreaudupuis@hotmail.com » subject= »Condoléances Blanche Willcott »][contact-field label= »Votre nom » type= »name » required= »1&Prime;][contact-field label= »Votre courriel » type= »email » required= »1&Prime;][contact-field label= »Condoléances » type= »textarea »][/contact-form]</p>
