{"id":31459,"date":"2022-06-08T16:23:40","date_gmt":"2022-06-08T20:23:40","guid":{"rendered":"https:\/\/nouveau.maisonmallet.com\/?post_type=event&#038;p=31459"},"modified":"2022-06-09T16:28:35","modified_gmt":"2022-06-09T20:28:35","slug":"thibeault-cecile-santerre","status":"publish","type":"event","link":"https:\/\/nouveau.maisonmallet.com\/back05_01\/?event=thibeault-cecile-santerre","title":{"rendered":"THIBEAULT, C\u00e9cile (Santerre)"},"content":{"rendered":"<p>1927 &#8211; 2022<\/p>\n<p>THIBEAULT, C\u00e9cile (Santerre)<\/p>\n<p>&nbsp;<\/p>\n<p>&nbsp;<\/p>\n<p>\u00c0 Sept-\u00celes (r\u00e9sidence Gustave Gauvreau), le 7 juin 2022, est d\u00e9c\u00e9d\u00e9e \u00e0 l\u2019\u00e2ge de 95 ans, madame C\u00e9cile Thibeault \u00e9pouse de feu Marius Santerre et domicili\u00e9e \u00e0 Sept-\u00celes.<\/p>\n<p>Les fun\u00e9railles de madame C\u00e9cile Thibeault Santerre auront lieu le samedi 18 juin 2022 \u00e0 14 h en l\u2019\u00e9glise St-Joseph situ\u00e9e au 535, ave. Brochu \u00e0 Sept-\u00celes et de l\u00e0 au cimeti\u00e8re catholique de Sept-\u00celes.<\/p>\n<p>La famille re\u00e7oit parents et amis le vendredi 17 juin 2022 de 19 h \u00e0 22 h. Le samedi 18 juin 2022 jour des fun\u00e9railles \u00e0 compter de 12 h 30 au Complexe Thanatologique Mallet &amp; fils du 585 Boul. Laure \u00e0 Sept-\u00celes.<\/p>\n<p>Elle laisse dans le deuil ses enfants\u00a0: Jocelyne (Jean-Marie Lebel), Claude (Diane Blanchette), R\u00e9jean (Irma Levasseur), Yves (Francine Hould) et R\u00e9al (Guylaine Turbis), ses petits-enfants, ses arri\u00e8re-petits-enfants ainsi que sa s\u0153ur Jeannine (feu Emile B\u00e9langer), ses fr\u00e8res\u00a0: R\u00e9jean (Monique D`Astous) et Jocelyn, ses beaux-fr\u00e8res, ses belles-s\u0153urs, ses neveux, ses ni\u00e8ces et de nombreux ami(e)s.<\/p>\n<p>Vos marques de sympathie peuvent se traduire par un don \u00e0 la soci\u00e9t\u00e9 Alzheimer Cote-Nord <a href=\"http:\/\/www.societealzheimercotenord.com\">www.societealzheimercotenord.com<\/a><\/p>\n<p>La famille a confi\u00e9 la direction des fun\u00e9railles aux services professionnels de la Maison Mallet &amp; fils du 585 boul. Laure \u00e0 Sept-\u00celes, maintenant reconnue Distinction et membre de la Corporation des Thanatologues du Qu\u00e9bec.<\/p>\n<p>Vous pouvez consulter cet avis de d\u00e9c\u00e8s sur le <a href=\"https:\/\/nouveau.maisonmallet.com\/back05_01\">www.maisonmallet.com<\/a><\/p>\n<p>Ceux et celles qui le d\u00e9sirent, peuvent y envoyer des messages de sympathie.<\/p>\n<p>&nbsp;<\/p>\n<hr \/>\n<p>Envoyer vos condol\u00e9ances<\/p>\n<p>[contact-form to=\u00a0\u00bbrej21@hotmail.com\u00a0\u00bb subject=\u00a0\u00bbCondol\u00e9ances C\u00e9cile Thibeault\u00a0\u00bb][contact-field label=\u00a0\u00bbVotre nom\u00a0\u00bb type=\u00a0\u00bbname\u00a0\u00bb required=\u00a0\u00bb1&Prime;][contact-field label=\u00a0\u00bbVotre courriel\u00a0\u00bb type=\u00a0\u00bbemail\u00a0\u00bb required=\u00a0\u00bb1&Prime;][contact-field label=\u00a0\u00bbCondol\u00e9ances\u00a0\u00bb type=\u00a0\u00bbtextarea\u00a0\u00bb][\/contact-form]<\/p>\n","protected":false},"featured_media":31499,"template":"","event_cat":[6],"class_list":["post-31459","event","type-event","status-publish","has-post-thumbnail","hentry","event_cat-maison-mallet-et-fils-inc"],"_links":{"self":[{"href":"https:\/\/nouveau.maisonmallet.com\/back05_01\/index.php?rest_route=\/wp\/v2\/event\/31459","targetHints":{"allow":["GET"]}}],"collection":[{"href":"https:\/\/nouveau.maisonmallet.com\/back05_01\/index.php?rest_route=\/wp\/v2\/event"}],"about":[{"href":"https:\/\/nouveau.maisonmallet.com\/back05_01\/index.php?rest_route=\/wp\/v2\/types\/event"}],"wp:featuredmedia":[{"embeddable":true,"href":"https:\/\/nouveau.maisonmallet.com\/back05_01\/index.php?rest_route=\/wp\/v2\/media\/31499"}],"wp:attachment":[{"href":"https:\/\/nouveau.maisonmallet.com\/back05_01\/index.php?rest_route=%2Fwp%2Fv2%2Fmedia&parent=31459"}],"wp:term":[{"taxonomy":"event_cat","embeddable":true,"href":"https:\/\/nouveau.maisonmallet.com\/back05_01\/index.php?rest_route=%2Fwp%2Fv2%2Fevent_cat&post=31459"}],"curies":[{"name":"wp","href":"https:\/\/api.w.org\/{rel}","templated":true}]}}

THIBEAULT, Cécile (Santerre)

<p>1927 &#8211; 2022</p>
<p>THIBEAULT, Cécile (Santerre)</p>
<p>&nbsp;</p>
<p>&nbsp;</p>
<p>À Sept-Îles (résidence Gustave Gauvreau), le 7 juin 2022, est décédée à l’âge de 95 ans, madame Cécile Thibeault épouse de feu Marius Santerre et domiciliée à Sept-Îles.</p>
<p>Les funérailles de madame Cécile Thibeault Santerre auront lieu le samedi 18 juin 2022 à 14 h en l’église St-Joseph située au 535, ave. Brochu à Sept-Îles et de là au cimetière catholique de Sept-Îles.</p>
<p>La famille reçoit parents et amis le vendredi 17 juin 2022 de 19 h à 22 h. Le samedi 18 juin 2022 jour des funérailles à compter de 12 h 30 au Complexe Thanatologique Mallet &amp; fils du 585 Boul. Laure à Sept-Îles.</p>
<p>Elle laisse dans le deuil ses enfants : Jocelyne (Jean-Marie Lebel), Claude (Diane Blanchette), Réjean (Irma Levasseur), Yves (Francine Hould) et Réal (Guylaine Turbis), ses petits-enfants, ses arrière-petits-enfants ainsi que sa sœur Jeannine (feu Emile Bélanger), ses frères : Réjean (Monique D`Astous) et Jocelyn, ses beaux-frères, ses belles-sœurs, ses neveux, ses nièces et de nombreux ami(e)s.</p>
<p>Vos marques de sympathie peuvent se traduire par un don à la société Alzheimer Cote-Nord <a href="http://www.societealzheimercotenord.com">www.societealzheimercotenord.com</a></p>
<p>La famille a confié la direction des funérailles aux services professionnels de la Maison Mallet &amp; fils du 585 boul. Laure à Sept-Îles, maintenant reconnue Distinction et membre de la Corporation des Thanatologues du Québec.</p>
<p>Vous pouvez consulter cet avis de décès sur le <a href="https://nouveau.maisonmallet.com/back05_01">www.maisonmallet.com</a></p>
<p>Ceux et celles qui le désirent, peuvent y envoyer des messages de sympathie.</p>
<p>&nbsp;</p>
<hr />
<p>Envoyer vos condoléances</p>
<p>[contact-form to= »rej21@hotmail.com » subject= »Condoléances Cécile Thibeault »][contact-field label= »Votre nom » type= »name » required= »1&Prime;][contact-field label= »Votre courriel » type= »email » required= »1&Prime;][contact-field label= »Condoléances » type= »textarea »][/contact-form]</p>
