{"id":31500,"date":"2022-06-13T13:26:48","date_gmt":"2022-06-13T17:26:48","guid":{"rendered":"https:\/\/nouveau.maisonmallet.com\/?post_type=event&#038;p=31500"},"modified":"2022-06-14T17:17:04","modified_gmt":"2022-06-14T21:17:04","slug":"beaudin-emilienne","status":"publish","type":"event","link":"https:\/\/nouveau.maisonmallet.com\/back05_01\/?event=beaudin-emilienne","title":{"rendered":"BEAUDIN, Emilienne"},"content":{"rendered":"<p>1941 &#8211; 2022<\/p>\n<p>BEAUDIN, Emilienne<\/p>\n<p>&nbsp;<\/p>\n<p>&nbsp;<\/p>\n<p>\u00c0 Baie-Trinit\u00e9, le 7 juin 2022, est d\u00e9c\u00e9d\u00e9e \u00e0 l\u2019\u00e2ge de 81 ans, madame Emilienne Beaudin \u00e9pouse de monsieur G\u00e9rard Beaudin et domicili\u00e9e \u00e0 Baie-Trinit\u00e9.<\/p>\n<p>Les fun\u00e9railles de madame Emilienne Beaudin auront lieu le samedi 18 juin 2022 \u00e0 14 h en l\u2019\u00e9glise Sainte-Trinit\u00e9 de Baie-Trinit\u00e9.<\/p>\n<p>Selon ses volont\u00e9s, elle a \u00e9t\u00e9 confi\u00e9e au cr\u00e9matorium de la Maison Mallet &amp; fils pour cr\u00e9mation.<\/p>\n<p>La famille re\u00e7oit parents et amis le samedi 18 juin 2022 jour des fun\u00e9railles \u00e0 compter de 12 h 30 h \u00e0 l`\u00e9glise Sainte-Trinit\u00e9 de Baie-Trinit\u00e9.<\/p>\n<p>Elle laisse dans le deuil outre son \u00e9poux monsieur G\u00e9rard Beaudin, ses enfants\u00a0: Guylaine (Jean Proulx), Lucie (Sylvain Gauthier) et Marc (Chantal Guimond), ses petits-enfants\u00a0: Marie-Andr\u00e9e (Nicolas Fortin), Jean-Ren\u00e9 (Am\u00e9lie Raymond), J\u00e9r\u00f4me (Christina Mercier), Isabelle, Cindy et M\u00e9gane, ses arri\u00e8re-petits-enfants ainsi que son fr\u00e8re monsieur Guy Beaudin, ses beaux-fr\u00e8res, ses belles-s\u0153urs, ses neveux, ses ni\u00e8ces et de nombreux ami(e)s.<\/p>\n<p>La famille a confi\u00e9 les arrangements aux services professionnels de la Maison Mallet &amp; fils du 57, route 138 \u00e0 Port-Cartier, maintenant reconnue Distinction et membre de la Corporation des Thanatologues du Qu\u00e9bec<\/p>\n<p>Vous pouvez consulter cet avis de d\u00e9c\u00e8s, sur le <a href=\"https:\/\/nouveau.maisonmallet.com\/back05_01\">www.maisonmallet.com<\/a><\/p>\n<p>Ceux et celle qui le d\u00e9sirent, peuvent y envoyer des messages de sympathie.<\/p>\n<p>&nbsp;<\/p>\n<hr \/>\n<p>Envoyer vos condol\u00e9ances<\/p>\n<p>[contact-form to=\u00a0\u00bblucybeaudin@hotmail.com\u00a0\u00bb subject=\u00a0\u00bbCondol\u00e9ances Emilienne Beaudin\u00a0\u00bb][contact-field label=\u00a0\u00bbVotre nom\u00a0\u00bb type=\u00a0\u00bbname\u00a0\u00bb required=\u00a0\u00bb1&Prime;][contact-field label=\u00a0\u00bbVotre courriel\u00a0\u00bb type=\u00a0\u00bbemail\u00a0\u00bb required=\u00a0\u00bb1&Prime;][contact-field label=\u00a0\u00bbCondol\u00e9ances\u00a0\u00bb type=\u00a0\u00bbtextarea\u00a0\u00bb][\/contact-form]<\/p>\n","protected":false},"featured_media":31660,"template":"","event_cat":[6],"class_list":["post-31500","event","type-event","status-publish","has-post-thumbnail","hentry","event_cat-maison-mallet-et-fils-inc"],"_links":{"self":[{"href":"https:\/\/nouveau.maisonmallet.com\/back05_01\/index.php?rest_route=\/wp\/v2\/event\/31500","targetHints":{"allow":["GET"]}}],"collection":[{"href":"https:\/\/nouveau.maisonmallet.com\/back05_01\/index.php?rest_route=\/wp\/v2\/event"}],"about":[{"href":"https:\/\/nouveau.maisonmallet.com\/back05_01\/index.php?rest_route=\/wp\/v2\/types\/event"}],"wp:featuredmedia":[{"embeddable":true,"href":"https:\/\/nouveau.maisonmallet.com\/back05_01\/index.php?rest_route=\/wp\/v2\/media\/31660"}],"wp:attachment":[{"href":"https:\/\/nouveau.maisonmallet.com\/back05_01\/index.php?rest_route=%2Fwp%2Fv2%2Fmedia&parent=31500"}],"wp:term":[{"taxonomy":"event_cat","embeddable":true,"href":"https:\/\/nouveau.maisonmallet.com\/back05_01\/index.php?rest_route=%2Fwp%2Fv2%2Fevent_cat&post=31500"}],"curies":[{"name":"wp","href":"https:\/\/api.w.org\/{rel}","templated":true}]}}

<p>1941 &#8211; 2022</p>
<p>BEAUDIN, Emilienne</p>
<p>&nbsp;</p>
<p>&nbsp;</p>
<p>À Baie-Trinité, le 7 juin 2022, est décédée à l’âge de 81 ans, madame Emilienne Beaudin épouse de monsieur Gérard Beaudin et domiciliée à Baie-Trinité.</p>
<p>Les funérailles de madame Emilienne Beaudin auront lieu le samedi 18 juin 2022 à 14 h en l’église Sainte-Trinité de Baie-Trinité.</p>
<p>Selon ses volontés, elle a été confiée au crématorium de la Maison Mallet &amp; fils pour crémation.</p>
<p>La famille reçoit parents et amis le samedi 18 juin 2022 jour des funérailles à compter de 12 h 30 h à l`église Sainte-Trinité de Baie-Trinité.</p>
<p>Elle laisse dans le deuil outre son époux monsieur Gérard Beaudin, ses enfants : Guylaine (Jean Proulx), Lucie (Sylvain Gauthier) et Marc (Chantal Guimond), ses petits-enfants : Marie-Andrée (Nicolas Fortin), Jean-René (Amélie Raymond), Jérôme (Christina Mercier), Isabelle, Cindy et Mégane, ses arrière-petits-enfants ainsi que son frère monsieur Guy Beaudin, ses beaux-frères, ses belles-sœurs, ses neveux, ses nièces et de nombreux ami(e)s.</p>
<p>La famille a confié les arrangements aux services professionnels de la Maison Mallet &amp; fils du 57, route 138 à Port-Cartier, maintenant reconnue Distinction et membre de la Corporation des Thanatologues du Québec</p>
<p>Vous pouvez consulter cet avis de décès, sur le <a href="https://nouveau.maisonmallet.com/back05_01">www.maisonmallet.com</a></p>
<p>Ceux et celle qui le désirent, peuvent y envoyer des messages de sympathie.</p>
<p>&nbsp;</p>
<hr />
<p>Envoyer vos condoléances</p>
<p>[contact-form to= »lucybeaudin@hotmail.com » subject= »Condoléances Emilienne Beaudin »][contact-field label= »Votre nom » type= »name » required= »1&Prime;][contact-field label= »Votre courriel » type= »email » required= »1&Prime;][contact-field label= »Condoléances » type= »textarea »][/contact-form]</p>
