{"id":3164,"date":"2019-06-01T16:42:00","date_gmt":"2019-06-01T20:42:00","guid":{"rendered":"https:\/\/nouveau.maisonmallet.com\/?post_type=event&#038;p=3164"},"modified":"2019-06-06T16:39:19","modified_gmt":"2019-06-06T20:39:19","slug":"poirier-jeannette09011934","status":"publish","type":"event","link":"https:\/\/nouveau.maisonmallet.com\/back05_01\/?event=poirier-jeannette09011934","title":{"rendered":"POIRIER, Jeannette (Lanteigne)"},"content":{"rendered":"<p>1934 \u2013 2019<\/p>\n<p>POIRIER, Jeannette (Lanteigne)<\/p>\n<p>\u00c0 Sept-\u00celes (maison \u00c9lyme des sables), le 1<sup>er<\/sup> juin 2019 est d\u00e9c\u00e9d\u00e9e \u00e0 l\u2019\u00e2ge de 85 ans et 4 mois madame Jeannette Poirier \u00e9pouse de feu \u00c9mile Lanteigne et domicili\u00e9e \u00e0 Sept-\u00celes.<\/p>\n<p>Les fun\u00e9railles de madame Jeannette Poirier Lanteigne auront lieu le samedi 8 juin 2019 \u00e0 10 h en l\u2019\u00e9glise Ste-Famille situ\u00e9e au 15, rue Comeau \u00e0 Sept-\u00celes et de l\u00e0 au cr\u00e9matorium de la Maison Mallet &amp; fils pour cr\u00e9mation.<\/p>\n<p>La famille re\u00e7oit parents et amis le vendredi 7 juin 2019 de 14 h \u00e0 16 h et de 19 h \u00e0 22 h. Le samedi 8 juin 2019 jours de fun\u00e9railles \u00e0 compter de 8 h 30 au Complexe Thanatologique Mallet &amp; fils du 585, boul. Laure \u00e0 Sept-Iles.<\/p>\n<p>Elle laisse dans le deuil ses enfants : Sylvie (Richard Doyon), Danielle (Daniel Beaulieu), ses cinq petits-enfants : Marie-\u00c8ve, Christine, Gabriel (Sandra Cody), Antoine et \u00c9lise (K\u00e9vin Moisan), ses six arri\u00e8res petits-enfants\u00a0: L\u00e9anne, \u00c9mile, Ariane, Sophie, Charles et Romy ainsi que ses beaux-fr\u00e8res, ses belles-s\u0153urs, ses neveux, ses ni\u00e8ces et de nombreux ami(e)s.<\/p>\n<p>Vos marques de sympathie peuvent se traduire par un don \u00e0 l\u2019\u00c9lyme des sables <a href=\"http:\/\/www.elymedessables.com\/\">www.elymedessables.com<\/a><\/p>\n<p>La famille a confi\u00e9 la direction des fun\u00e9railles aux services professionnels de la Maison Mallet &amp; fils du 585 boul. Laure \u00e0 Sept-\u00celes, maintenant reconnue Distinction et membre de la Corporation des Thanatologues du Qu\u00e9bec.<\/p>\n<p>Vous pouvez consulter cet avis de d\u00e9c\u00e8s sur le <a href=\"https:\/\/nouveau.maisonmallet.com\/back05_01\/\">www.maisonmallet.com<\/a><\/p>\n<p>Ceux et celles qui le d\u00e9sirent, peuvent y envoyer des messages de sympathie.<\/p>\n<p>&nbsp;<\/p>\n<hr \/>\n<p>Envoyer vos condol\u00e9ances<\/p>\n<p>[contact-form to=\u00a0\u00bbdaniellelamere@hotmail.com, sylvie.lanteigne@hotmail.fr\u00a0\u00bb subject=\u00a0\u00bbCondol\u00e9ances Jeannette Poirier\u00a0\u00bb][contact-field label=\u00a0\u00bbVotre nom\u00a0\u00bb type=\u00a0\u00bbname\u00a0\u00bb required=\u00a0\u00bb1&Prime;][contact-field label=\u00a0\u00bbVotre courriel\u00a0\u00bb type=\u00a0\u00bbemail\u00a0\u00bb required=\u00a0\u00bb1&Prime;][contact-field label=\u00a0\u00bbCondol\u00e9ances\u00a0\u00bb type=\u00a0\u00bbtextarea\u00a0\u00bb][\/contact-form]<\/p>\n","protected":false},"featured_media":3227,"template":"","event_cat":[6],"class_list":["post-3164","event","type-event","status-publish","has-post-thumbnail","hentry","event_cat-maison-mallet-et-fils-inc"],"_links":{"self":[{"href":"https:\/\/nouveau.maisonmallet.com\/back05_01\/index.php?rest_route=\/wp\/v2\/event\/3164","targetHints":{"allow":["GET"]}}],"collection":[{"href":"https:\/\/nouveau.maisonmallet.com\/back05_01\/index.php?rest_route=\/wp\/v2\/event"}],"about":[{"href":"https:\/\/nouveau.maisonmallet.com\/back05_01\/index.php?rest_route=\/wp\/v2\/types\/event"}],"wp:featuredmedia":[{"embeddable":true,"href":"https:\/\/nouveau.maisonmallet.com\/back05_01\/index.php?rest_route=\/wp\/v2\/media\/3227"}],"wp:attachment":[{"href":"https:\/\/nouveau.maisonmallet.com\/back05_01\/index.php?rest_route=%2Fwp%2Fv2%2Fmedia&parent=3164"}],"wp:term":[{"taxonomy":"event_cat","embeddable":true,"href":"https:\/\/nouveau.maisonmallet.com\/back05_01\/index.php?rest_route=%2Fwp%2Fv2%2Fevent_cat&post=3164"}],"curies":[{"name":"wp","href":"https:\/\/api.w.org\/{rel}","templated":true}]}}

<p>1934 – 2019</p>
<p>POIRIER, Jeannette (Lanteigne)</p>
<p>À Sept-Îles (maison Élyme des sables), le 1<sup>er</sup> juin 2019 est décédée à l’âge de 85 ans et 4 mois madame Jeannette Poirier épouse de feu Émile Lanteigne et domiciliée à Sept-Îles.</p>
<p>Les funérailles de madame Jeannette Poirier Lanteigne auront lieu le samedi 8 juin 2019 à 10 h en l’église Ste-Famille située au 15, rue Comeau à Sept-Îles et de là au crématorium de la Maison Mallet &amp; fils pour crémation.</p>
<p>La famille reçoit parents et amis le vendredi 7 juin 2019 de 14 h à 16 h et de 19 h à 22 h. Le samedi 8 juin 2019 jours de funérailles à compter de 8 h 30 au Complexe Thanatologique Mallet &amp; fils du 585, boul. Laure à Sept-Iles.</p>
<p>Elle laisse dans le deuil ses enfants : Sylvie (Richard Doyon), Danielle (Daniel Beaulieu), ses cinq petits-enfants : Marie-Ève, Christine, Gabriel (Sandra Cody), Antoine et Élise (Kévin Moisan), ses six arrières petits-enfants : Léanne, Émile, Ariane, Sophie, Charles et Romy ainsi que ses beaux-frères, ses belles-sœurs, ses neveux, ses nièces et de nombreux ami(e)s.</p>
<p>Vos marques de sympathie peuvent se traduire par un don à l’Élyme des sables <a href="http://www.elymedessables.com/">www.elymedessables.com</a></p>
<p>La famille a confié la direction des funérailles aux services professionnels de la Maison Mallet &amp; fils du 585 boul. Laure à Sept-Îles, maintenant reconnue Distinction et membre de la Corporation des Thanatologues du Québec.</p>
<p>Vous pouvez consulter cet avis de décès sur le <a href="https://nouveau.maisonmallet.com/back05_01/">www.maisonmallet.com</a></p>
<p>Ceux et celles qui le désirent, peuvent y envoyer des messages de sympathie.</p>
<p>&nbsp;</p>
<hr />
<p>Envoyer vos condoléances</p>
<p>[contact-form to= »daniellelamere@hotmail.com, sylvie.lanteigne@hotmail.fr » subject= »Condoléances Jeannette Poirier »][contact-field label= »Votre nom » type= »name » required= »1&Prime;][contact-field label= »Votre courriel » type= »email » required= »1&Prime;][contact-field label= »Condoléances » type= »textarea »][/contact-form]</p>
