{"id":31748,"date":"2022-06-17T17:14:50","date_gmt":"2022-06-17T21:14:50","guid":{"rendered":"https:\/\/nouveau.maisonmallet.com\/?post_type=event&#038;p=31748"},"modified":"2022-06-24T11:51:10","modified_gmt":"2022-06-24T15:51:10","slug":"levesque-johanne","status":"publish","type":"event","link":"https:\/\/nouveau.maisonmallet.com\/back05_01\/?event=levesque-johanne","title":{"rendered":"L\u00c9VESQUE, Johanne"},"content":{"rendered":"<p>1958 \u2013 2022<\/p>\n<p>L\u00c9VESQUE, Johanne<\/p>\n<p>&nbsp;<\/p>\n<p>\u00c0 Qu\u00e9bec, le 3 mai 2022, est d\u00e9c\u00e9d\u00e9e \u00e0 l\u2019\u00e2ge de 63 ans, madame Johanne L\u00e9vesque conjointe de monsieur Jean-Marc Chapados et domicili\u00e9e \u00e0 Sept-\u00celes.<\/p>\n<p>Les fun\u00e9railles de madame Johanne L\u00e9vesque auront lieu le samedi 25 juin 2022 \u00e0 14 h en l\u2019\u00e9glise Ste-Marguerite situ\u00e9e au 350, rue Th\u00e9riault \u00e0 Gallix.<\/p>\n<p>Selon ses volont\u00e9s, elle a \u00e9t\u00e9 confi\u00e9e au cr\u00e9matorium de la Maison Mallet &amp; fils pour cr\u00e9mation.<\/p>\n<p>La famille re\u00e7oit parents et amis le samedi 25 juin 2022 jour des fun\u00e9railles \u00e0 compter de 9 h \u00e0 l\u2019\u00e9glise Ste-Marguerite de Gallix.<\/p>\n<p>Elle laisse dans le deuil outre son conjoint monsieur Jean-Marc Chapados, sa m\u00e8re madame Rachel Morissette (feu Simon L\u00e9vesque), ses s\u0153urs\u00a0: Sylvie et Guylaine (Claude), son petit-fils Loup, ses beaux-fr\u00e8res\u00a0: Steeve Chapados (Suzanne Fournier) et Marco Gauthier (Anne Chapados), ses neveux Hugo Chapados et David Gauthier, sa ni\u00e8ce Venessa Gauthier, ses oncles, ses tantes, ses cousins, ses cousines et de nombreux ami(e)s.<\/p>\n<p>Elle \u00e9tait la m\u00e8re de feu S\u00e9bastien Bell.<\/p>\n<p>La famille a confi\u00e9 les arrangements aux services professionnels de la Maison Mallet &amp; fils du 585, boul. Laure \u00e0 Sept-\u00celes, maintenant reconnue Distinction et membre de la Corporation des Thanatologues du Qu\u00e9bec.<\/p>\n<p>Vous pouvez consulter cet avis de d\u00e9c\u00e8s, sur le <a href=\"https:\/\/nouveau.maisonmallet.com\/back05_01\">www.maisonmallet.com<\/a><\/p>\n<p>Ceux et celles qui le d\u00e9sirent, peuvent y envoyer des messages de sympathie.<\/p>\n<p>&nbsp;<\/p>\n<hr \/>\n<p>Envoyer vos condol\u00e9ances<\/p>\n<p>[contact-form to=\u00a0\u00bbglevesque29@hotmail.com\u00a0\u00bb subject=\u00a0\u00bbCondol\u00e9ances Johanne L\u00e9vesque\u00a0\u00bb][contact-field label=\u00a0\u00bbVotre nom\u00a0\u00bb type=\u00a0\u00bbname\u00a0\u00bb required=\u00a0\u00bb1&Prime;][contact-field label=\u00a0\u00bbVotre courriel\u00a0\u00bb type=\u00a0\u00bbemail\u00a0\u00bb required=\u00a0\u00bb1&Prime;][contact-field label=\u00a0\u00bbCondol\u00e9ances\u00a0\u00bb type=\u00a0\u00bbtextarea\u00a0\u00bb][\/contact-form]<\/p>\n","protected":false},"featured_media":31894,"template":"","event_cat":[6],"class_list":["post-31748","event","type-event","status-publish","has-post-thumbnail","hentry","event_cat-maison-mallet-et-fils-inc"],"_links":{"self":[{"href":"https:\/\/nouveau.maisonmallet.com\/back05_01\/index.php?rest_route=\/wp\/v2\/event\/31748","targetHints":{"allow":["GET"]}}],"collection":[{"href":"https:\/\/nouveau.maisonmallet.com\/back05_01\/index.php?rest_route=\/wp\/v2\/event"}],"about":[{"href":"https:\/\/nouveau.maisonmallet.com\/back05_01\/index.php?rest_route=\/wp\/v2\/types\/event"}],"wp:featuredmedia":[{"embeddable":true,"href":"https:\/\/nouveau.maisonmallet.com\/back05_01\/index.php?rest_route=\/wp\/v2\/media\/31894"}],"wp:attachment":[{"href":"https:\/\/nouveau.maisonmallet.com\/back05_01\/index.php?rest_route=%2Fwp%2Fv2%2Fmedia&parent=31748"}],"wp:term":[{"taxonomy":"event_cat","embeddable":true,"href":"https:\/\/nouveau.maisonmallet.com\/back05_01\/index.php?rest_route=%2Fwp%2Fv2%2Fevent_cat&post=31748"}],"curies":[{"name":"wp","href":"https:\/\/api.w.org\/{rel}","templated":true}]}}

LÉVESQUE, Johanne

<p>1958 – 2022</p>
<p>LÉVESQUE, Johanne</p>
<p>&nbsp;</p>
<p>À Québec, le 3 mai 2022, est décédée à l’âge de 63 ans, madame Johanne Lévesque conjointe de monsieur Jean-Marc Chapados et domiciliée à Sept-Îles.</p>
<p>Les funérailles de madame Johanne Lévesque auront lieu le samedi 25 juin 2022 à 14 h en l’église Ste-Marguerite située au 350, rue Thériault à Gallix.</p>
<p>Selon ses volontés, elle a été confiée au crématorium de la Maison Mallet &amp; fils pour crémation.</p>
<p>La famille reçoit parents et amis le samedi 25 juin 2022 jour des funérailles à compter de 9 h à l’église Ste-Marguerite de Gallix.</p>
<p>Elle laisse dans le deuil outre son conjoint monsieur Jean-Marc Chapados, sa mère madame Rachel Morissette (feu Simon Lévesque), ses sœurs : Sylvie et Guylaine (Claude), son petit-fils Loup, ses beaux-frères : Steeve Chapados (Suzanne Fournier) et Marco Gauthier (Anne Chapados), ses neveux Hugo Chapados et David Gauthier, sa nièce Venessa Gauthier, ses oncles, ses tantes, ses cousins, ses cousines et de nombreux ami(e)s.</p>
<p>Elle était la mère de feu Sébastien Bell.</p>
<p>La famille a confié les arrangements aux services professionnels de la Maison Mallet &amp; fils du 585, boul. Laure à Sept-Îles, maintenant reconnue Distinction et membre de la Corporation des Thanatologues du Québec.</p>
<p>Vous pouvez consulter cet avis de décès, sur le <a href="https://nouveau.maisonmallet.com/back05_01">www.maisonmallet.com</a></p>
<p>Ceux et celles qui le désirent, peuvent y envoyer des messages de sympathie.</p>
<p>&nbsp;</p>
<hr />
<p>Envoyer vos condoléances</p>
<p>[contact-form to= »glevesque29@hotmail.com » subject= »Condoléances Johanne Lévesque »][contact-field label= »Votre nom » type= »name » required= »1&Prime;][contact-field label= »Votre courriel » type= »email » required= »1&Prime;][contact-field label= »Condoléances » type= »textarea »][/contact-form]</p>
