{"id":31892,"date":"2022-06-20T09:25:59","date_gmt":"2022-06-20T13:25:59","guid":{"rendered":"https:\/\/nouveau.maisonmallet.com\/?post_type=event&#038;p=31892"},"modified":"2022-06-21T14:32:02","modified_gmt":"2022-06-21T18:32:02","slug":"beaudin-ghislain","status":"publish","type":"event","link":"https:\/\/nouveau.maisonmallet.com\/back05_01\/?event=beaudin-ghislain","title":{"rendered":"BEAUDIN, Ghislain"},"content":{"rendered":"<p>1965 \u2013 2022<\/p>\n<p>BEAUDIN, Ghislain<\/p>\n<p>\u00c0 Rivi\u00e8re-Saint-Jean, le 15 juin 2022, est d\u00e9c\u00e9d\u00e9 \u00e0 l\u2019\u00e2ge de 57 ans, monsieur Ghislain Beaudin conjoint de madame Sandra Beaudin et domicili\u00e9 \u00e0 Rivi\u00e8re St-Jean.<\/p>\n<p>Les fun\u00e9railles de monsieur Ghislain Beaudin auront lieu le samedi 25 juin 2022 \u00e0 15 h en l\u2019\u00e9glise St-Jean-Ap\u00f4tre de Rivi\u00e8re St-Jean.<\/p>\n<p>Selon ses volont\u00e9s, il a \u00e9t\u00e9 confi\u00e9 au cr\u00e9matorium de la Maison L.J.G Mallet pour cr\u00e9mation.<\/p>\n<p>La famille re\u00e7oit parents et amis le samedi 25 juin 2022 jour des fun\u00e9railles \u00e0 compter de 14 h \u00e0 l\u2019\u00e9glise St-Jean-Ap\u00f4tre de Rivi\u00e8re St-Jean.<\/p>\n<p>Il laisse dans le deuil outre sa conjointe Sandra Beaudin ses filles\u00a0: Shana (Nicolas Vibert) et Gayle (Steven Girard), ses petits-enfants\u00a0: Lyvia (son petit canard) et Danick , sa belle-m\u00e8re madame Jeannette Girard rtrainsi que ses fr\u00e8res\u00a0: Yoland (Ir\u00e8ne Beaudin) et Rock (Donna Mercier), sa s\u0153ur Liane, ses beaux-fr\u00e8res\u00a0: Dario et Keven, sa belle-s\u0153ur Nadia (Luc Beaudry), ses neveux\u00a0: Sam, Sheldon et Nathan, \u00a0ses ni\u00e8ces\u00a0: Myriam, Sabrina, No\u00e9mie, Maya, Marion et Alexa, ses oncles, ses tantes ses cousins, ses cousines et de nombreux ami(e)s.<\/p>\n<p>La famille a confi\u00e9 les arrangements aux services professionnels de la Maison L.J.G. Mallet du 1429, rue du Canot \u00e0 Havre-St-Pierre, maintenant reconnue Distinction et membre de la Corporation des Thanatologues du Qu\u00e9bec.<\/p>\n<p>Vous pouvez consulter cet avis de d\u00e9c\u00e8s, sur le\u00a0<a href=\"https:\/\/nouveau.maisonmallet.com\/back05_01\/\">www.maisonmallet.com<\/a><\/p>\n<p>Ceux et celles qui le d\u00e9sirent, peuvent y envoyer des messages de sympathie.<\/p>\n<p>&nbsp;<\/p>\n<hr \/>\n<p>Envoyer vos condol\u00e9ances<\/p>\n<p>[contact-form to=\u00a0\u00bbsandra.beaudin@hotmail.com\u00a0\u00bb subject=\u00a0\u00bbCondol\u00e9ances Ghislain Beaudin\u00a0\u00bb][contact-field label=\u00a0\u00bbVotre nom\u00a0\u00bb type=\u00a0\u00bbname\u00a0\u00bb required=\u00a0\u00bb1&Prime;][contact-field label=\u00a0\u00bbVotre courriel\u00a0\u00bb type=\u00a0\u00bbemail\u00a0\u00bb required=\u00a0\u00bb1&Prime;][contact-field label=\u00a0\u00bbCondol\u00e9ances\u00a0\u00bb type=\u00a0\u00bbtextarea\u00a0\u00bb][\/contact-form]<\/p>\n","protected":false},"featured_media":31945,"template":"","event_cat":[7],"class_list":["post-31892","event","type-event","status-publish","has-post-thumbnail","hentry","event_cat-maison-l-j-g-mallet-inc"],"_links":{"self":[{"href":"https:\/\/nouveau.maisonmallet.com\/back05_01\/index.php?rest_route=\/wp\/v2\/event\/31892","targetHints":{"allow":["GET"]}}],"collection":[{"href":"https:\/\/nouveau.maisonmallet.com\/back05_01\/index.php?rest_route=\/wp\/v2\/event"}],"about":[{"href":"https:\/\/nouveau.maisonmallet.com\/back05_01\/index.php?rest_route=\/wp\/v2\/types\/event"}],"wp:featuredmedia":[{"embeddable":true,"href":"https:\/\/nouveau.maisonmallet.com\/back05_01\/index.php?rest_route=\/wp\/v2\/media\/31945"}],"wp:attachment":[{"href":"https:\/\/nouveau.maisonmallet.com\/back05_01\/index.php?rest_route=%2Fwp%2Fv2%2Fmedia&parent=31892"}],"wp:term":[{"taxonomy":"event_cat","embeddable":true,"href":"https:\/\/nouveau.maisonmallet.com\/back05_01\/index.php?rest_route=%2Fwp%2Fv2%2Fevent_cat&post=31892"}],"curies":[{"name":"wp","href":"https:\/\/api.w.org\/{rel}","templated":true}]}}

<p>1965 – 2022</p>
<p>BEAUDIN, Ghislain</p>
<p>À Rivière-Saint-Jean, le 15 juin 2022, est décédé à l’âge de 57 ans, monsieur Ghislain Beaudin conjoint de madame Sandra Beaudin et domicilié à Rivière St-Jean.</p>
<p>Les funérailles de monsieur Ghislain Beaudin auront lieu le samedi 25 juin 2022 à 15 h en l’église St-Jean-Apôtre de Rivière St-Jean.</p>
<p>Selon ses volontés, il a été confié au crématorium de la Maison L.J.G Mallet pour crémation.</p>
<p>La famille reçoit parents et amis le samedi 25 juin 2022 jour des funérailles à compter de 14 h à l’église St-Jean-Apôtre de Rivière St-Jean.</p>
<p>Il laisse dans le deuil outre sa conjointe Sandra Beaudin ses filles : Shana (Nicolas Vibert) et Gayle (Steven Girard), ses petits-enfants : Lyvia (son petit canard) et Danick , sa belle-mère madame Jeannette Girard rtrainsi que ses frères : Yoland (Irène Beaudin) et Rock (Donna Mercier), sa sœur Liane, ses beaux-frères : Dario et Keven, sa belle-sœur Nadia (Luc Beaudry), ses neveux : Sam, Sheldon et Nathan,  ses nièces : Myriam, Sabrina, Noémie, Maya, Marion et Alexa, ses oncles, ses tantes ses cousins, ses cousines et de nombreux ami(e)s.</p>
<p>La famille a confié les arrangements aux services professionnels de la Maison L.J.G. Mallet du 1429, rue du Canot à Havre-St-Pierre, maintenant reconnue Distinction et membre de la Corporation des Thanatologues du Québec.</p>
<p>Vous pouvez consulter cet avis de décès, sur le <a href="https://nouveau.maisonmallet.com/back05_01/">www.maisonmallet.com</a></p>
<p>Ceux et celles qui le désirent, peuvent y envoyer des messages de sympathie.</p>
<p>&nbsp;</p>
<hr />
<p>Envoyer vos condoléances</p>
<p>[contact-form to= »sandra.beaudin@hotmail.com » subject= »Condoléances Ghislain Beaudin »][contact-field label= »Votre nom » type= »name » required= »1&Prime;][contact-field label= »Votre courriel » type= »email » required= »1&Prime;][contact-field label= »Condoléances » type= »textarea »][/contact-form]</p>
