{"id":31955,"date":"2022-06-24T11:31:10","date_gmt":"2022-06-24T15:31:10","guid":{"rendered":"https:\/\/nouveau.maisonmallet.com\/?post_type=event&#038;p=31955"},"modified":"2022-06-25T11:38:42","modified_gmt":"2022-06-25T15:38:42","slug":"vaillancourt-irene-beaudry","status":"publish","type":"event","link":"https:\/\/nouveau.maisonmallet.com\/back05_01\/?event=vaillancourt-irene-beaudry","title":{"rendered":"VAILLANCOURT, Ir\u00e8ne (Beaudry)"},"content":{"rendered":"<p>1926 &#8211; 2022<\/p>\n<p>VAILLANCOURT, Ir\u00e8ne (Beaudry)<\/p>\n<p>&nbsp;<\/p>\n<p>&nbsp;<\/p>\n<p>\u00c0 Sept-\u00celes, le 17 juin 2022, est d\u00e9c\u00e9d\u00e9e \u00e0 l\u2019\u00e2ge de 96 ans, madame Ir\u00e8ne Vaillancourt \u00e9pouse de feu L\u00e9on Beaudry et domicili\u00e9e \u00e0 Sept-\u00celes.<\/p>\n<p>Les fun\u00e9railles de madame Ir\u00e8ne Vaillancourt Beaudry auront lieu le vendredi 1<sup>er<\/sup> juillet 2022 \u00e0 10 h en l\u2019\u00e9glise St-Fran\u00e7ois d\u2019Assise de Longue-Pointe-de-Mingan et de l\u00e0 au cimeti\u00e8re de l`endroit.<\/p>\n<p>La famille re\u00e7oit parents et amis le jeudi 30 juin 2022 de 19 h \u00e0 22 h. Le vendredi 1<sup>er<\/sup> juillet 2022 jour des fun\u00e9railles \u00e0 compter de 9 h \u00e0 la salle des Maries-Reines de Longue-Pointe-de-Mingan.<\/p>\n<p>Elle laisse dans le deuil ses enfants\u00a0: Jean-Guy (Nicole Mass\u00e9), Ren\u00e9 (Laurentia Duguay), Rosaire (Gis\u00e8le Poitra), Pierre (Nancy Gale), Andr\u00e9 (Anika Plante) et Prisca, ses petits-enfants, ses arri\u00e8re-petits-enfants, ses arri\u00e8re-arri\u00e8re-petits-enfants ainsi que ses fr\u00e8res, sa s\u0153ur, ses beaux-fr\u00e8res, ses belles-s\u0153urs, ses neveux, ses ni\u00e8ces et de nombreux ami(e)s.<\/p>\n<p>Un MERCI sp\u00e9cial aux personnels soignants de R.G.G.2<\/p>\n<p>Vos marques de sympathie peuvent se traduire par un don \u00e0 La fondation r\u00e9gionale h\u00f4pital Sept-\u00celes <a href=\"http:\/\/www.fondationsept-iles.qc.ca\">www.fondationsept-iles.qc.ca<\/a><\/p>\n<p>La famille a confi\u00e9 la direction des fun\u00e9railles aux services professionnels de la Maison L.J.G. Mallet du 1429, rue du Canot \u00e0 Havre-St-Pierre, maintenant reconnue distinction et membre de la Corporation des Thanatologues du Qu\u00e9bec.<\/p>\n<p>Vous pouvez consulter cet avis de d\u00e9c\u00e8s, sur le <a href=\"https:\/\/nouveau.maisonmallet.com\/back05_01\">www.maisonmallet.com<\/a><\/p>\n<p>Ceux et celles qui le d\u00e9sirent, peuvent y envoyer des messages de sympathie.<\/p>\n<p>&nbsp;<\/p>\n<hr \/>\n<p>Envoyer vos condol\u00e9ances<\/p>\n<p>[contact-form to=\u00a0\u00bbprisca.beaudry@icloud.com\u00a0\u00bb subject=\u00a0\u00bbCondol\u00e9ances Ir\u00e8ne Vaillancourt\u00a0\u00bb][contact-field label=\u00a0\u00bbVotre nom\u00a0\u00bb type=\u00a0\u00bbname\u00a0\u00bb required=\u00a0\u00bb1&Prime;][contact-field label=\u00a0\u00bbVotre courriel\u00a0\u00bb type=\u00a0\u00bbemail\u00a0\u00bb required=\u00a0\u00bb1&Prime;][contact-field label=\u00a0\u00bbCondol\u00e9ances\u00a0\u00bb type=\u00a0\u00bbtextarea\u00a0\u00bb][\/contact-form]<\/p>\n","protected":false},"featured_media":32021,"template":"","event_cat":[7],"class_list":["post-31955","event","type-event","status-publish","has-post-thumbnail","hentry","event_cat-maison-l-j-g-mallet-inc"],"_links":{"self":[{"href":"https:\/\/nouveau.maisonmallet.com\/back05_01\/index.php?rest_route=\/wp\/v2\/event\/31955","targetHints":{"allow":["GET"]}}],"collection":[{"href":"https:\/\/nouveau.maisonmallet.com\/back05_01\/index.php?rest_route=\/wp\/v2\/event"}],"about":[{"href":"https:\/\/nouveau.maisonmallet.com\/back05_01\/index.php?rest_route=\/wp\/v2\/types\/event"}],"wp:featuredmedia":[{"embeddable":true,"href":"https:\/\/nouveau.maisonmallet.com\/back05_01\/index.php?rest_route=\/wp\/v2\/media\/32021"}],"wp:attachment":[{"href":"https:\/\/nouveau.maisonmallet.com\/back05_01\/index.php?rest_route=%2Fwp%2Fv2%2Fmedia&parent=31955"}],"wp:term":[{"taxonomy":"event_cat","embeddable":true,"href":"https:\/\/nouveau.maisonmallet.com\/back05_01\/index.php?rest_route=%2Fwp%2Fv2%2Fevent_cat&post=31955"}],"curies":[{"name":"wp","href":"https:\/\/api.w.org\/{rel}","templated":true}]}}

VAILLANCOURT, Irène (Beaudry)

<p>1926 &#8211; 2022</p>
<p>VAILLANCOURT, Irène (Beaudry)</p>
<p>&nbsp;</p>
<p>&nbsp;</p>
<p>À Sept-Îles, le 17 juin 2022, est décédée à l’âge de 96 ans, madame Irène Vaillancourt épouse de feu Léon Beaudry et domiciliée à Sept-Îles.</p>
<p>Les funérailles de madame Irène Vaillancourt Beaudry auront lieu le vendredi 1<sup>er</sup> juillet 2022 à 10 h en l’église St-François d’Assise de Longue-Pointe-de-Mingan et de là au cimetière de l`endroit.</p>
<p>La famille reçoit parents et amis le jeudi 30 juin 2022 de 19 h à 22 h. Le vendredi 1<sup>er</sup> juillet 2022 jour des funérailles à compter de 9 h à la salle des Maries-Reines de Longue-Pointe-de-Mingan.</p>
<p>Elle laisse dans le deuil ses enfants : Jean-Guy (Nicole Massé), René (Laurentia Duguay), Rosaire (Gisèle Poitra), Pierre (Nancy Gale), André (Anika Plante) et Prisca, ses petits-enfants, ses arrière-petits-enfants, ses arrière-arrière-petits-enfants ainsi que ses frères, sa sœur, ses beaux-frères, ses belles-sœurs, ses neveux, ses nièces et de nombreux ami(e)s.</p>
<p>Un MERCI spécial aux personnels soignants de R.G.G.2</p>
<p>Vos marques de sympathie peuvent se traduire par un don à La fondation régionale hôpital Sept-Îles <a href="http://www.fondationsept-iles.qc.ca">www.fondationsept-iles.qc.ca</a></p>
<p>La famille a confié la direction des funérailles aux services professionnels de la Maison L.J.G. Mallet du 1429, rue du Canot à Havre-St-Pierre, maintenant reconnue distinction et membre de la Corporation des Thanatologues du Québec.</p>
<p>Vous pouvez consulter cet avis de décès, sur le <a href="https://nouveau.maisonmallet.com/back05_01">www.maisonmallet.com</a></p>
<p>Ceux et celles qui le désirent, peuvent y envoyer des messages de sympathie.</p>
<p>&nbsp;</p>
<hr />
<p>Envoyer vos condoléances</p>
<p>[contact-form to= »prisca.beaudry@icloud.com » subject= »Condoléances Irène Vaillancourt »][contact-field label= »Votre nom » type= »name » required= »1&Prime;][contact-field label= »Votre courriel » type= »email » required= »1&Prime;][contact-field label= »Condoléances » type= »textarea »][/contact-form]</p>
