{"id":32063,"date":"2022-06-27T12:52:32","date_gmt":"2022-06-27T16:52:32","guid":{"rendered":"https:\/\/nouveau.maisonmallet.com\/?post_type=event&#038;p=32063"},"modified":"2022-06-28T16:17:32","modified_gmt":"2022-06-28T20:17:32","slug":"petitpas-benoite","status":"publish","type":"event","link":"https:\/\/nouveau.maisonmallet.com\/back05_01\/?event=petitpas-benoite","title":{"rendered":"PETITPAS, Benoite"},"content":{"rendered":"<p>1944 &#8211; 2022<\/p>\n<p>PETITPAS, Benoite<\/p>\n<p>&nbsp;<\/p>\n<p>\u00c0 Havre-Saint-Pierre, le 23 juin 2022, est d\u00e9c\u00e9d\u00e9e \u00e0 l\u2019\u00e2ge de 77 ans 8 mois, madame Benoite Petitpas fille de Rom\u00e9o Petitpas et de Edwidge Landry domicili\u00e9e \u00e0 Havre-St-Pierre.<\/p>\n<p>Les fun\u00e9railles de madame Benoite Petitpas auront lieu le jeudi 30 juin 2022 \u00e0 14 h en l\u2019\u00e9glise St-Pierre de Havre-St-Pierre et de l\u00e0 au cimeti\u00e8re de l\u2019endroit.<\/p>\n<p>Selon ses volont\u00e9s, elle a \u00e9t\u00e9 confi\u00e9e au cr\u00e9matorium de la maison L.J.G. Mallet pour cr\u00e9mation.<\/p>\n<p>La famille re\u00e7oit parents et amis le jeudi 30 juin 2022 jour des fun\u00e9railles \u00e0 compter de 13 h\u00a0 \u00e0 l\u2019\u00e9glise St-Pierre de Havre-Saint-Pierre.<\/p>\n<p>Elle laisse dans le deuil ses enfants\u00a0: Roger (Diane Flowers), Serge (Nancy Vadnais), Nathalie, leur p\u00e8re monsieur Gaby Richard et son ami de c\u0153ur Serge Laurent, ses petits-enfants\u00a0: Maxime (Karianne Noel), Marie-Pier (Philip Jomphe), Marianne, Alexandre et Felix, son arri\u00e8re-petite-fille Isabelle, ses s\u0153urs\u00a0: Delvina, Pierrette et Jacqueline ainsi que Chantal Flowers, Karina Flowers, Chantal Thibeault, Ken Flowers, Dany Richard et France Thibeault, ses neveux, ses ni\u00e8ces, ses cousins, ses cousines et de nombreux ami(e)s.<\/p>\n<p>La famille a confi\u00e9 la direction des fun\u00e9railles aux services professionnels de la Maison L.J.G. Mallet du 1429, rue du Canot \u00e0 Havre-St-Pierre, membre de la Corporation des thanatologues du Qu\u00e9bec.<\/p>\n<p>Vous pouvez consulter cet avis de d\u00e9c\u00e8s, sur le <a href=\"https:\/\/nouveau.maisonmallet.com\/back05_01\/\">www.maisonmallet.com<\/a><\/p>\n<p>Ceux et celles qui le d\u00e9sirent, peuvent y envoyer des messages de sympathie.<\/p>\n<p>&nbsp;<\/p>\n<hr \/>\n<p>Envoyer vos condol\u00e9ances<\/p>\n<p>[contact-form to=\u00a0\u00bbinfo@constructionsmtech.com\u00a0\u00bb subject=\u00a0\u00bbCondol\u00e9ances Benoite Petitpas\u00a0\u00bb][contact-field label=\u00a0\u00bbVotre nom\u00a0\u00bb type=\u00a0\u00bbname\u00a0\u00bb required=\u00a0\u00bb1&Prime;][contact-field label=\u00a0\u00bbVotre courriel\u00a0\u00bb type=\u00a0\u00bbemail\u00a0\u00bb required=\u00a0\u00bb1&Prime;][contact-field label=\u00a0\u00bbCondol\u00e9ances\u00a0\u00bb type=\u00a0\u00bbtextarea\u00a0\u00bb][\/contact-form]<\/p>\n","protected":false},"featured_media":32065,"template":"","event_cat":[7],"class_list":["post-32063","event","type-event","status-publish","has-post-thumbnail","hentry","event_cat-maison-l-j-g-mallet-inc"],"_links":{"self":[{"href":"https:\/\/nouveau.maisonmallet.com\/back05_01\/index.php?rest_route=\/wp\/v2\/event\/32063","targetHints":{"allow":["GET"]}}],"collection":[{"href":"https:\/\/nouveau.maisonmallet.com\/back05_01\/index.php?rest_route=\/wp\/v2\/event"}],"about":[{"href":"https:\/\/nouveau.maisonmallet.com\/back05_01\/index.php?rest_route=\/wp\/v2\/types\/event"}],"wp:featuredmedia":[{"embeddable":true,"href":"https:\/\/nouveau.maisonmallet.com\/back05_01\/index.php?rest_route=\/wp\/v2\/media\/32065"}],"wp:attachment":[{"href":"https:\/\/nouveau.maisonmallet.com\/back05_01\/index.php?rest_route=%2Fwp%2Fv2%2Fmedia&parent=32063"}],"wp:term":[{"taxonomy":"event_cat","embeddable":true,"href":"https:\/\/nouveau.maisonmallet.com\/back05_01\/index.php?rest_route=%2Fwp%2Fv2%2Fevent_cat&post=32063"}],"curies":[{"name":"wp","href":"https:\/\/api.w.org\/{rel}","templated":true}]}}

<p>1944 &#8211; 2022</p>
<p>PETITPAS, Benoite</p>
<p>&nbsp;</p>
<p>À Havre-Saint-Pierre, le 23 juin 2022, est décédée à l’âge de 77 ans 8 mois, madame Benoite Petitpas fille de Roméo Petitpas et de Edwidge Landry domiciliée à Havre-St-Pierre.</p>
<p>Les funérailles de madame Benoite Petitpas auront lieu le jeudi 30 juin 2022 à 14 h en l’église St-Pierre de Havre-St-Pierre et de là au cimetière de l’endroit.</p>
<p>Selon ses volontés, elle a été confiée au crématorium de la maison L.J.G. Mallet pour crémation.</p>
<p>La famille reçoit parents et amis le jeudi 30 juin 2022 jour des funérailles à compter de 13 h  à l’église St-Pierre de Havre-Saint-Pierre.</p>
<p>Elle laisse dans le deuil ses enfants : Roger (Diane Flowers), Serge (Nancy Vadnais), Nathalie, leur père monsieur Gaby Richard et son ami de cœur Serge Laurent, ses petits-enfants : Maxime (Karianne Noel), Marie-Pier (Philip Jomphe), Marianne, Alexandre et Felix, son arrière-petite-fille Isabelle, ses sœurs : Delvina, Pierrette et Jacqueline ainsi que Chantal Flowers, Karina Flowers, Chantal Thibeault, Ken Flowers, Dany Richard et France Thibeault, ses neveux, ses nièces, ses cousins, ses cousines et de nombreux ami(e)s.</p>
<p>La famille a confié la direction des funérailles aux services professionnels de la Maison L.J.G. Mallet du 1429, rue du Canot à Havre-St-Pierre, membre de la Corporation des thanatologues du Québec.</p>
<p>Vous pouvez consulter cet avis de décès, sur le <a href="https://nouveau.maisonmallet.com/back05_01/">www.maisonmallet.com</a></p>
<p>Ceux et celles qui le désirent, peuvent y envoyer des messages de sympathie.</p>
<p>&nbsp;</p>
<hr />
<p>Envoyer vos condoléances</p>
<p>[contact-form to= »info@constructionsmtech.com » subject= »Condoléances Benoite Petitpas »][contact-field label= »Votre nom » type= »name » required= »1&Prime;][contact-field label= »Votre courriel » type= »email » required= »1&Prime;][contact-field label= »Condoléances » type= »textarea »][/contact-form]</p>
