{"id":3207,"date":"2019-06-05T16:55:12","date_gmt":"2019-06-05T20:55:12","guid":{"rendered":"https:\/\/nouveau.maisonmallet.com\/?post_type=event&#038;p=3207"},"modified":"2019-06-06T16:37:30","modified_gmt":"2019-06-06T20:37:30","slug":"pinette-gerard08081957","status":"publish","type":"event","link":"https:\/\/nouveau.maisonmallet.com\/back05_01\/?event=pinette-gerard08081957","title":{"rendered":"PINETTE, G\u00e9rard"},"content":{"rendered":"<p>1957 \u2013 2019<\/p>\n<p>PINETTE, G\u00e9rard<\/p>\n<p>\u00c0 Maliotenam, le 5 juin 2019, est d\u00e9c\u00e9d\u00e9 \u00e0 l\u2019\u00e2ge de 61 ans, monsieur G\u00e9rard Pinette \u00e9poux de madame Fleurette R\u00e9gis et domicili\u00e9 \u00e0 Maliotenam.<\/p>\n<p>Les fun\u00e9railles de monsieur G\u00e9rard Pinette auront lieu le lundi 10 juin 2019 \u00e0 10 h en l\u2019\u00e9glise Notre-Dame du Cap situ\u00e9e au 139, rue de l\u2019\u00c9glise \u00e0 Mani-Utenam et de l\u00e0 au cimeti\u00e8re de Maliotenam.<\/p>\n<p>La famille re\u00e7oit parents et amis le samedi 8 juin 2019 de 19 h \u00e0 22 h. Le dimanche de 13 h \u00e0 16 h et de 19 h \u00e0 22 h. Le lundi 10 juin 2019 jour des fun\u00e9railles \u00e0 compter de 8 h au Complexe Thanatologique Mallet &amp; fils du 585, boul. Laure \u00e0 Sept-\u00celes.<\/p>\n<p>Il laisse dans le deuil outre son \u00e9pouse madame Fleurette R\u00e9gis Pinette, son beau-fils Delphis (Val\u00e9rie Vall\u00e9e), ses petits-fils : Ryan, Nathan et Liam-Pien, sa belle-m\u00e8re madame Marie-Anne Fontaine (feu Rom\u00e9o R\u00e9gis) ainsi que ses s\u0153urs : Marie-Anna (feu Marcel Aster), Gertrude (Andr\u00e9 Lagac\u00e9), Guylaine, Lisa et Nany (Pierre Jr. Fontaine), ses fr\u00e8res : Jean-Guy et Rosario, ses beaux-fr\u00e8res, ses belles-s\u0153urs, ses neveux, ses ni\u00e8ces, ses cousins, ses cousines et de nombreux ami(e)s.<\/p>\n<p>La famille a confi\u00e9 la direction des fun\u00e9railles aux services professionnels de la Maison Mallet &amp; fils du 585, boul. Laure \u00e0 Sept-\u00celes, maintenant reconnue Distinction et membre de la Corporation des Thanatologues du Qu\u00e9bec.<\/p>\n<p>Vous pouvez consulter cet avis de d\u00e9c\u00e8s, sur le <a href=\"https:\/\/nouveau.maisonmallet.com\/back05_01\/\">www.maisonmallet.com<\/a><\/p>\n<p>Ceux et celles qui le d\u00e9sirent, peuvent y envoyer des messages de sympathie.<\/p>\n<p>&nbsp;<\/p>\n<hr \/>\n<p>Envoyer vos condol\u00e9ances<\/p>\n<p>[contact-form to=\u00a0\u00bbkashiuasspin@gmail.com\u00a0\u00bb subject=\u00a0\u00bbCondol\u00e9ances Gerard Pinette\u00a0\u00bb][contact-field label=\u00a0\u00bbVotre nom\u00a0\u00bb type=\u00a0\u00bbname\u00a0\u00bb required=\u00a0\u00bb1&Prime;][contact-field label=\u00a0\u00bbVotre courriel\u00a0\u00bb type=\u00a0\u00bbemail\u00a0\u00bb required=\u00a0\u00bb1&Prime;][contact-field label=\u00a0\u00bbCondol\u00e9ances\u00a0\u00bb type=\u00a0\u00bbtextarea\u00a0\u00bb][\/contact-form]<\/p>\n","protected":false},"featured_media":3226,"template":"","event_cat":[6],"class_list":["post-3207","event","type-event","status-publish","has-post-thumbnail","hentry","event_cat-maison-mallet-et-fils-inc"],"_links":{"self":[{"href":"https:\/\/nouveau.maisonmallet.com\/back05_01\/index.php?rest_route=\/wp\/v2\/event\/3207","targetHints":{"allow":["GET"]}}],"collection":[{"href":"https:\/\/nouveau.maisonmallet.com\/back05_01\/index.php?rest_route=\/wp\/v2\/event"}],"about":[{"href":"https:\/\/nouveau.maisonmallet.com\/back05_01\/index.php?rest_route=\/wp\/v2\/types\/event"}],"wp:featuredmedia":[{"embeddable":true,"href":"https:\/\/nouveau.maisonmallet.com\/back05_01\/index.php?rest_route=\/wp\/v2\/media\/3226"}],"wp:attachment":[{"href":"https:\/\/nouveau.maisonmallet.com\/back05_01\/index.php?rest_route=%2Fwp%2Fv2%2Fmedia&parent=3207"}],"wp:term":[{"taxonomy":"event_cat","embeddable":true,"href":"https:\/\/nouveau.maisonmallet.com\/back05_01\/index.php?rest_route=%2Fwp%2Fv2%2Fevent_cat&post=3207"}],"curies":[{"name":"wp","href":"https:\/\/api.w.org\/{rel}","templated":true}]}}

PINETTE, Gérard

<p>1957 – 2019</p>
<p>PINETTE, Gérard</p>
<p>À Maliotenam, le 5 juin 2019, est décédé à l’âge de 61 ans, monsieur Gérard Pinette époux de madame Fleurette Régis et domicilié à Maliotenam.</p>
<p>Les funérailles de monsieur Gérard Pinette auront lieu le lundi 10 juin 2019 à 10 h en l’église Notre-Dame du Cap située au 139, rue de l’Église à Mani-Utenam et de là au cimetière de Maliotenam.</p>
<p>La famille reçoit parents et amis le samedi 8 juin 2019 de 19 h à 22 h. Le dimanche de 13 h à 16 h et de 19 h à 22 h. Le lundi 10 juin 2019 jour des funérailles à compter de 8 h au Complexe Thanatologique Mallet &amp; fils du 585, boul. Laure à Sept-Îles.</p>
<p>Il laisse dans le deuil outre son épouse madame Fleurette Régis Pinette, son beau-fils Delphis (Valérie Vallée), ses petits-fils : Ryan, Nathan et Liam-Pien, sa belle-mère madame Marie-Anne Fontaine (feu Roméo Régis) ainsi que ses sœurs : Marie-Anna (feu Marcel Aster), Gertrude (André Lagacé), Guylaine, Lisa et Nany (Pierre Jr. Fontaine), ses frères : Jean-Guy et Rosario, ses beaux-frères, ses belles-sœurs, ses neveux, ses nièces, ses cousins, ses cousines et de nombreux ami(e)s.</p>
<p>La famille a confié la direction des funérailles aux services professionnels de la Maison Mallet &amp; fils du 585, boul. Laure à Sept-Îles, maintenant reconnue Distinction et membre de la Corporation des Thanatologues du Québec.</p>
<p>Vous pouvez consulter cet avis de décès, sur le <a href="https://nouveau.maisonmallet.com/back05_01/">www.maisonmallet.com</a></p>
<p>Ceux et celles qui le désirent, peuvent y envoyer des messages de sympathie.</p>
<p>&nbsp;</p>
<hr />
<p>Envoyer vos condoléances</p>
<p>[contact-form to= »kashiuasspin@gmail.com » subject= »Condoléances Gerard Pinette »][contact-field label= »Votre nom » type= »name » required= »1&Prime;][contact-field label= »Votre courriel » type= »email » required= »1&Prime;][contact-field label= »Condoléances » type= »textarea »][/contact-form]</p>
