{"id":32249,"date":"2022-07-02T07:51:26","date_gmt":"2022-07-02T11:51:26","guid":{"rendered":"https:\/\/nouveau.maisonmallet.com\/?post_type=event&#038;p=32249"},"modified":"2022-07-03T08:24:11","modified_gmt":"2022-07-03T12:24:11","slug":"einish-jimmy-james","status":"publish","type":"event","link":"https:\/\/nouveau.maisonmallet.com\/back05_01\/?event=einish-jimmy-james","title":{"rendered":"EINISH, Jimmy James"},"content":{"rendered":"<p>1959 \u2013 2022<\/p>\n<p>EINISH, Jimmy James<\/p>\n<p>&nbsp;<\/p>\n<p>\u00c0 Kawawachikamch, le 28 juin 2022, est d\u00e9c\u00e9d\u00e9 \u00e0 l\u2019\u00e2ge de 62 ans, monsieur Jimmy James Einish \u00e9poux de madame Lois Rose Nattawappio et domicili\u00e9 \u00e0 Kawawachikamch.<\/p>\n<p>Les fun\u00e9railles de monsieur Jimmy James Einish auront lieu le jeudi 7 juillet 2022 \u00a0\u00e0 14 h en l\u2019\u00e9glise St-John Anglican Church situ\u00e9e \u00e0 Kawawachikamach (Schefferville) et de l\u00e0 au cimeti\u00e8re de Schefferville.<\/p>\n<p>La famille re\u00e7oit pare<u>n<\/u>ts et amis le dimanche 3 juillet 2022 de 13 h \u00e0 16 h et de 19 h \u00e0 22 h au Complexe Thanatologique Mallet &amp; fils du 585, boul. Laure \u00e0 Sept-\u00celes. Le mardi 5 juillet 2022 \u00e0 compter de 19 h au 66, Einish Road \u00e0 kawawachikamach (Schefferville).<\/p>\n<p>Il laisse dans le deuil outre son \u00e9pouse madame Lois Rose Nattawappio, \u00a0\u00a0\u00a0ses enfants\u00a0: Job, Patrick (Isabelle McKenzie), Timothy, Lazarus, Lydia, Shirley et Nigel, ses petits-enfants, ses arri\u00e8re-petits-enfants ainsi que ses fr\u00e8res, ses s\u0153urs, ses beaux-fr\u00e8res, ses belles-s\u0153urs, ses neveux, ses ni\u00e8ces, ses cousins, ses cousines et de nombreux ami(e)s.<\/p>\n<p>La famille a confi\u00e9 les arrangements fun\u00e9raires aux services professionnels de la Maison Mallet &amp; fils du 585, boul. Laure \u00e0 Sept-\u00celes et la direction des fun\u00e9railles \u00e0 la Maison Porlier du 515, rue French \u00e0 Schefferville, membre de la Corporation des Thanatologues du Qu\u00e9bec.<\/p>\n<p>Vous pouvez consulter cet avis de d\u00e9c\u00e8s, sur le <a href=\"https:\/\/nouveau.maisonmallet.com\/back05_01\">www.maisonmallet.com<\/a><\/p>\n<p>Ceux et celle qui le d\u00e9sirent, peuvent y envoyer des messages de sympathie.<\/p>\n<p>&nbsp;<\/p>\n<hr \/>\n<p>Envoyer vos condol\u00e9ances<\/p>\n<p>[contact-form to=\u00a0\u00bbnigeleinish@yahoo.ca\u00a0\u00bb subject=\u00a0\u00bbCondol\u00e9ances Jimmy James Einish\u00a0\u00bb][contact-field label=\u00a0\u00bbVotre nom\u00a0\u00bb type=\u00a0\u00bbname\u00a0\u00bb required=\u00a0\u00bb1&Prime;][contact-field label=\u00a0\u00bbVotre courriel\u00a0\u00bb type=\u00a0\u00bbemail\u00a0\u00bb required=\u00a0\u00bb1&Prime;][contact-field label=\u00a0\u00bbCondol\u00e9ances\u00a0\u00bb type=\u00a0\u00bbtextarea\u00a0\u00bb][\/contact-form]<\/p>\n","protected":false},"featured_media":32261,"template":"","event_cat":[6],"class_list":["post-32249","event","type-event","status-publish","has-post-thumbnail","hentry","event_cat-maison-mallet-et-fils-inc"],"_links":{"self":[{"href":"https:\/\/nouveau.maisonmallet.com\/back05_01\/index.php?rest_route=\/wp\/v2\/event\/32249","targetHints":{"allow":["GET"]}}],"collection":[{"href":"https:\/\/nouveau.maisonmallet.com\/back05_01\/index.php?rest_route=\/wp\/v2\/event"}],"about":[{"href":"https:\/\/nouveau.maisonmallet.com\/back05_01\/index.php?rest_route=\/wp\/v2\/types\/event"}],"wp:featuredmedia":[{"embeddable":true,"href":"https:\/\/nouveau.maisonmallet.com\/back05_01\/index.php?rest_route=\/wp\/v2\/media\/32261"}],"wp:attachment":[{"href":"https:\/\/nouveau.maisonmallet.com\/back05_01\/index.php?rest_route=%2Fwp%2Fv2%2Fmedia&parent=32249"}],"wp:term":[{"taxonomy":"event_cat","embeddable":true,"href":"https:\/\/nouveau.maisonmallet.com\/back05_01\/index.php?rest_route=%2Fwp%2Fv2%2Fevent_cat&post=32249"}],"curies":[{"name":"wp","href":"https:\/\/api.w.org\/{rel}","templated":true}]}}

<p>1959 – 2022</p>
<p>EINISH, Jimmy James</p>
<p>&nbsp;</p>
<p>À Kawawachikamch, le 28 juin 2022, est décédé à l’âge de 62 ans, monsieur Jimmy James Einish époux de madame Lois Rose Nattawappio et domicilié à Kawawachikamch.</p>
<p>Les funérailles de monsieur Jimmy James Einish auront lieu le jeudi 7 juillet 2022  à 14 h en l’église St-John Anglican Church située à Kawawachikamach (Schefferville) et de là au cimetière de Schefferville.</p>
<p>La famille reçoit pare<u>n</u>ts et amis le dimanche 3 juillet 2022 de 13 h à 16 h et de 19 h à 22 h au Complexe Thanatologique Mallet &amp; fils du 585, boul. Laure à Sept-Îles. Le mardi 5 juillet 2022 à compter de 19 h au 66, Einish Road à kawawachikamach (Schefferville).</p>
<p>Il laisse dans le deuil outre son épouse madame Lois Rose Nattawappio,    ses enfants : Job, Patrick (Isabelle McKenzie), Timothy, Lazarus, Lydia, Shirley et Nigel, ses petits-enfants, ses arrière-petits-enfants ainsi que ses frères, ses sœurs, ses beaux-frères, ses belles-sœurs, ses neveux, ses nièces, ses cousins, ses cousines et de nombreux ami(e)s.</p>
<p>La famille a confié les arrangements funéraires aux services professionnels de la Maison Mallet &amp; fils du 585, boul. Laure à Sept-Îles et la direction des funérailles à la Maison Porlier du 515, rue French à Schefferville, membre de la Corporation des Thanatologues du Québec.</p>
<p>Vous pouvez consulter cet avis de décès, sur le <a href="https://nouveau.maisonmallet.com/back05_01">www.maisonmallet.com</a></p>
<p>Ceux et celle qui le désirent, peuvent y envoyer des messages de sympathie.</p>
<p>&nbsp;</p>
<hr />
<p>Envoyer vos condoléances</p>
<p>[contact-form to= »nigeleinish@yahoo.ca » subject= »Condoléances Jimmy James Einish »][contact-field label= »Votre nom » type= »name » required= »1&Prime;][contact-field label= »Votre courriel » type= »email » required= »1&Prime;][contact-field label= »Condoléances » type= »textarea »][/contact-form]</p>
