{"id":32297,"date":"2022-07-05T15:36:09","date_gmt":"2022-07-05T19:36:09","guid":{"rendered":"https:\/\/nouveau.maisonmallet.com\/?post_type=event&#038;p=32297"},"modified":"2022-07-06T16:28:37","modified_gmt":"2022-07-06T20:28:37","slug":"mailloux-jean-louis","status":"publish","type":"event","link":"https:\/\/nouveau.maisonmallet.com\/back05_01\/?event=mailloux-jean-louis","title":{"rendered":"MAILLOUX, Jean-Louis"},"content":{"rendered":"<p>1931 \u2013 2022<\/p>\n<p>MAILLOUX, Jean-Louis<\/p>\n<p>&nbsp;<\/p>\n<p>\u00c0 Chambly, le 7 avril 2022, est d\u00e9c\u00e9d\u00e9 \u00e0 l\u2019\u00e2ge de 91 et 3 mois M. Jean Louis Mailloux fils de feu Arthur Mailloux et de feu Ida Parent domicili\u00e9 \u00e0 Longueuil autrefois de Sept-\u00celes.<\/p>\n<p>Les fun\u00e9railles de monsieur Jean Louis Mailloux auront lieu le samedi 9 juillet 2022 \u00e0 10 h 30 en l\u2019\u00e9glise St-Joseph situ\u00e9e au 535, ave. Brochu \u00e0 Sept-\u00celes et de l\u00e0 au cimeti\u00e8re de Rimouski.<\/p>\n<p>Selon ses volont\u00e9s, il a \u00e9t\u00e9 confi\u00e9 aux bons soins de la Maison Mallet &amp; fils.<\/p>\n<p>Il laisse dans le deuil sa fille Christine (Wayne Mansbridge), ses petits-enfants\u00a0: Melanie (Guillaume) et Pascale (Maxime), ses arri\u00e8re-petits-enfants Lauralie, Victoria, Juliana et Liham, la m\u00e8re de Christine madame C\u00e9line Raymond ainsi que son fr\u00e8re Raymond (Huguette), ses neveux, ni\u00e8ces et ami(es).<\/p>\n<p>Il \u00e9tait le fr\u00e8re de feu Rita, de feu Jacqueline, de feu G\u00e9rard, de feu Th\u00e9r\u00e8se et de feu Benoit.<\/p>\n<p>Un remerciement tout particulier s\u2019adresse aux personnels du Manoir Soleil \u00e0 Chambly pour l\u2019attention et les soins prodigu\u00e9s \u00e0 mon cher papa. Merci du fond du c\u0153ur pour votre pr\u00e9sence et votre soutien.<\/p>\n<p>La famille a confi\u00e9 les arrangements fun\u00e9raires aux services professionnels de la Maison Mallet &amp; fils du 585 boul. Laure \u00e0 Sept-\u00celes, maintenant reconnue Distinction et membre de la Corporation des Thanatologues du Qu\u00e9bec.<\/p>\n<p>Vous pouvez consulter cet avis de d\u00e9c\u00e8s sur le <a href=\"https:\/\/nouveau.maisonmallet.com\/back05_01\">www.maisonmallet.com<\/a><\/p>\n<p>Ceux et celles qui le d\u00e9sirent, peuvent y envoyer des messages de sympathie.<\/p>\n<p>&nbsp;<\/p>\n<hr \/>\n<p>Envoyer vos condol\u00e9ances<\/p>\n<p>[contact-form to=\u00a0\u00bbcwmp1961@gmail.com\u00a0\u00bb subject=\u00a0\u00bbCondol\u00e9ances Jean-Louis Mailloux\u00a0\u00bb][contact-field label=\u00a0\u00bbVotre nom\u00a0\u00bb type=\u00a0\u00bbname\u00a0\u00bb required=\u00a0\u00bb1&Prime;][contact-field label=\u00a0\u00bbVotre courriel\u00a0\u00bb type=\u00a0\u00bbemail\u00a0\u00bb required=\u00a0\u00bb1&Prime;][contact-field label=\u00a0\u00bbCondol\u00e9ances\u00a0\u00bb type=\u00a0\u00bbtextarea\u00a0\u00bb][\/contact-form]<\/p>\n","protected":false},"featured_media":32311,"template":"","event_cat":[6],"class_list":["post-32297","event","type-event","status-publish","has-post-thumbnail","hentry","event_cat-maison-mallet-et-fils-inc"],"_links":{"self":[{"href":"https:\/\/nouveau.maisonmallet.com\/back05_01\/index.php?rest_route=\/wp\/v2\/event\/32297","targetHints":{"allow":["GET"]}}],"collection":[{"href":"https:\/\/nouveau.maisonmallet.com\/back05_01\/index.php?rest_route=\/wp\/v2\/event"}],"about":[{"href":"https:\/\/nouveau.maisonmallet.com\/back05_01\/index.php?rest_route=\/wp\/v2\/types\/event"}],"wp:featuredmedia":[{"embeddable":true,"href":"https:\/\/nouveau.maisonmallet.com\/back05_01\/index.php?rest_route=\/wp\/v2\/media\/32311"}],"wp:attachment":[{"href":"https:\/\/nouveau.maisonmallet.com\/back05_01\/index.php?rest_route=%2Fwp%2Fv2%2Fmedia&parent=32297"}],"wp:term":[{"taxonomy":"event_cat","embeddable":true,"href":"https:\/\/nouveau.maisonmallet.com\/back05_01\/index.php?rest_route=%2Fwp%2Fv2%2Fevent_cat&post=32297"}],"curies":[{"name":"wp","href":"https:\/\/api.w.org\/{rel}","templated":true}]}}

<p>1931 – 2022</p>
<p>MAILLOUX, Jean-Louis</p>
<p>&nbsp;</p>
<p>À Chambly, le 7 avril 2022, est décédé à l’âge de 91 et 3 mois M. Jean Louis Mailloux fils de feu Arthur Mailloux et de feu Ida Parent domicilié à Longueuil autrefois de Sept-Îles.</p>
<p>Les funérailles de monsieur Jean Louis Mailloux auront lieu le samedi 9 juillet 2022 à 10 h 30 en l’église St-Joseph située au 535, ave. Brochu à Sept-Îles et de là au cimetière de Rimouski.</p>
<p>Selon ses volontés, il a été confié aux bons soins de la Maison Mallet &amp; fils.</p>
<p>Il laisse dans le deuil sa fille Christine (Wayne Mansbridge), ses petits-enfants : Melanie (Guillaume) et Pascale (Maxime), ses arrière-petits-enfants Lauralie, Victoria, Juliana et Liham, la mère de Christine madame Céline Raymond ainsi que son frère Raymond (Huguette), ses neveux, nièces et ami(es).</p>
<p>Il était le frère de feu Rita, de feu Jacqueline, de feu Gérard, de feu Thérèse et de feu Benoit.</p>
<p>Un remerciement tout particulier s’adresse aux personnels du Manoir Soleil à Chambly pour l’attention et les soins prodigués à mon cher papa. Merci du fond du cœur pour votre présence et votre soutien.</p>
<p>La famille a confié les arrangements funéraires aux services professionnels de la Maison Mallet &amp; fils du 585 boul. Laure à Sept-Îles, maintenant reconnue Distinction et membre de la Corporation des Thanatologues du Québec.</p>
<p>Vous pouvez consulter cet avis de décès sur le <a href="https://nouveau.maisonmallet.com/back05_01">www.maisonmallet.com</a></p>
<p>Ceux et celles qui le désirent, peuvent y envoyer des messages de sympathie.</p>
<p>&nbsp;</p>
<hr />
<p>Envoyer vos condoléances</p>
<p>[contact-form to= »cwmp1961@gmail.com » subject= »Condoléances Jean-Louis Mailloux »][contact-field label= »Votre nom » type= »name » required= »1&Prime;][contact-field label= »Votre courriel » type= »email » required= »1&Prime;][contact-field label= »Condoléances » type= »textarea »][/contact-form]</p>
