{"id":32307,"date":"2022-07-08T11:13:21","date_gmt":"2022-07-08T15:13:21","guid":{"rendered":"https:\/\/nouveau.maisonmallet.com\/?post_type=event&#038;p=32307"},"modified":"2022-07-10T11:43:06","modified_gmt":"2022-07-10T15:43:06","slug":"blais-emma-deraps","status":"publish","type":"event","link":"https:\/\/nouveau.maisonmallet.com\/back05_01\/?event=blais-emma-deraps","title":{"rendered":"BLAIS, Emma (D\u00e9raps)"},"content":{"rendered":"<p>1926 \u2013 2022<\/p>\n<p>BLAIS, Emma (D\u00e9raps)<\/p>\n<p>&nbsp;<\/p>\n<p>\u00c0 Havre Saint-Pierre, le 6 juillet 2022, est d\u00e9c\u00e9d\u00e9e \u00e0 l\u2019\u00e2ge de 95 ans madame Emma Blais \u00e9pouse de feu Emilien D\u00e9raps et domicili\u00e9e \u00e0 Havre Saint-Pierre.<\/p>\n<p>Les fun\u00e9railles de madame Emma Blais auront lieu le lundi 11 juillet 2022 \u00e0 \u00a014 h en l\u2019\u00e9glise Marie-M\u00e8re-de-l\u2019\u00c9glise d\u2019Aguanish et de l\u00e0 au cimeti\u00e8re de l\u2019endroit.<\/p>\n<p>La famille re\u00e7oit parents et amis le dimanche 10 juillet 2022 de 19 h \u00e0 22 h. Le lundi 11 juillet 2022 jour des fun\u00e9railles \u00e0 compter de 13 h \u00e0 l\u2019\u00c9glise d\u2019Aguanish.<\/p>\n<p>Elle laisse dans le deuil ses enfants\u00a0: L\u00e9onard (H\u00e9l\u00e8ne Richard), \u00c9milienne, Marie-Rose, Harold (Marcelle Noel), R\u00e9jean (Causette Boudreau), Jocelyn (Alfreda Blais), Linda, Alain (Rolande Blais) et Jacques ses petits-enfants, ses arri\u00e8re-petits-enfants, ainsi que ses fr\u00e8res, ses s\u0153urs, ses beaux-fr\u00e8res, ses belles-s\u0153urs, ses neveux, ses ni\u00e8ces, et de nombreux ami(e)s.<\/p>\n<p>La famille a confi\u00e9 la direction des fun\u00e9railles aux services professionnels de la Maison L.J.G. Mallet du 1429, rue du Canot \u00e0 Havre-Saint-Pierre, maintenant reconnue Distinction et membre de la Corporation des Thanatologues du Qu\u00e9bec.<\/p>\n<p>Vous pouvez consulter cet avis de d\u00e9c\u00e8s sur le <a href=\"https:\/\/nouveau.maisonmallet.com\/back05_01\/\">www.maisonmallet.com<\/a><\/p>\n<p>Ceux et celles qui le d\u00e9sirent, peuvent y envoyer des messages de sympathie.<\/p>\n<p>&nbsp;<\/p>\n<hr \/>\n<p>Envoyer vos condol\u00e9ances<\/p>\n<p>[contact-form to=\u00a0\u00bbmeregrand50@hotmail.com\u00a0\u00bb subject=\u00a0\u00bbCondol\u00e9ances Emma Blais\u00a0\u00bb][contact-field label=\u00a0\u00bbVotre nom\u00a0\u00bb type=\u00a0\u00bbname\u00a0\u00bb required=\u00a0\u00bb1&Prime;][contact-field label=\u00a0\u00bbVotre courriel\u00a0\u00bb type=\u00a0\u00bbemail\u00a0\u00bb required=\u00a0\u00bb1&Prime;][contact-field label=\u00a0\u00bbCondol\u00e9ances\u00a0\u00bb type=\u00a0\u00bbtextarea\u00a0\u00bb][\/contact-form]<\/p>\n","protected":false},"featured_media":32349,"template":"","event_cat":[7],"class_list":["post-32307","event","type-event","status-publish","has-post-thumbnail","hentry","event_cat-maison-l-j-g-mallet-inc"],"_links":{"self":[{"href":"https:\/\/nouveau.maisonmallet.com\/back05_01\/index.php?rest_route=\/wp\/v2\/event\/32307","targetHints":{"allow":["GET"]}}],"collection":[{"href":"https:\/\/nouveau.maisonmallet.com\/back05_01\/index.php?rest_route=\/wp\/v2\/event"}],"about":[{"href":"https:\/\/nouveau.maisonmallet.com\/back05_01\/index.php?rest_route=\/wp\/v2\/types\/event"}],"wp:featuredmedia":[{"embeddable":true,"href":"https:\/\/nouveau.maisonmallet.com\/back05_01\/index.php?rest_route=\/wp\/v2\/media\/32349"}],"wp:attachment":[{"href":"https:\/\/nouveau.maisonmallet.com\/back05_01\/index.php?rest_route=%2Fwp%2Fv2%2Fmedia&parent=32307"}],"wp:term":[{"taxonomy":"event_cat","embeddable":true,"href":"https:\/\/nouveau.maisonmallet.com\/back05_01\/index.php?rest_route=%2Fwp%2Fv2%2Fevent_cat&post=32307"}],"curies":[{"name":"wp","href":"https:\/\/api.w.org\/{rel}","templated":true}]}}

BLAIS, Emma (Déraps)

<p>1926 – 2022</p>
<p>BLAIS, Emma (Déraps)</p>
<p>&nbsp;</p>
<p>À Havre Saint-Pierre, le 6 juillet 2022, est décédée à l’âge de 95 ans madame Emma Blais épouse de feu Emilien Déraps et domiciliée à Havre Saint-Pierre.</p>
<p>Les funérailles de madame Emma Blais auront lieu le lundi 11 juillet 2022 à  14 h en l’église Marie-Mère-de-l’Église d’Aguanish et de là au cimetière de l’endroit.</p>
<p>La famille reçoit parents et amis le dimanche 10 juillet 2022 de 19 h à 22 h. Le lundi 11 juillet 2022 jour des funérailles à compter de 13 h à l’Église d’Aguanish.</p>
<p>Elle laisse dans le deuil ses enfants : Léonard (Hélène Richard), Émilienne, Marie-Rose, Harold (Marcelle Noel), Réjean (Causette Boudreau), Jocelyn (Alfreda Blais), Linda, Alain (Rolande Blais) et Jacques ses petits-enfants, ses arrière-petits-enfants, ainsi que ses frères, ses sœurs, ses beaux-frères, ses belles-sœurs, ses neveux, ses nièces, et de nombreux ami(e)s.</p>
<p>La famille a confié la direction des funérailles aux services professionnels de la Maison L.J.G. Mallet du 1429, rue du Canot à Havre-Saint-Pierre, maintenant reconnue Distinction et membre de la Corporation des Thanatologues du Québec.</p>
<p>Vous pouvez consulter cet avis de décès sur le <a href="https://nouveau.maisonmallet.com/back05_01/">www.maisonmallet.com</a></p>
<p>Ceux et celles qui le désirent, peuvent y envoyer des messages de sympathie.</p>
<p>&nbsp;</p>
<hr />
<p>Envoyer vos condoléances</p>
<p>[contact-form to= »meregrand50@hotmail.com » subject= »Condoléances Emma Blais »][contact-field label= »Votre nom » type= »name » required= »1&Prime;][contact-field label= »Votre courriel » type= »email » required= »1&Prime;][contact-field label= »Condoléances » type= »textarea »][/contact-form]</p>
