{"id":32348,"date":"2022-07-09T10:48:04","date_gmt":"2022-07-09T14:48:04","guid":{"rendered":"https:\/\/nouveau.maisonmallet.com\/?post_type=event&#038;p=32348"},"modified":"2022-07-11T18:05:35","modified_gmt":"2022-07-11T22:05:35","slug":"bourque-fernand","status":"publish","type":"event","link":"https:\/\/nouveau.maisonmallet.com\/back05_01\/?event=bourque-fernand","title":{"rendered":"BOURQUE, Fernand"},"content":{"rendered":"<p>1948 \u2013 2022<\/p>\n<p>BOURQUE, Fernand<\/p>\n<p>&nbsp;<\/p>\n<p>\u00c0 Sept-\u00celes (maison \u00c9lyme des Sables), le 5 juillet 2022, est d\u00e9c\u00e9d\u00e9 \u00e0 l\u2019\u00e2ge de 74 ans, monsieur Fernand Bourque \u00e9poux de feu Jeannette Jobin et domicili\u00e9 \u00e0 Sept-\u00celes.<\/p>\n<p>La c\u00e9r\u00e9monie comm\u00e9morative de monsieur Fernand Bourque aura lieu le dimanche 10 juillet 2022 \u00e0 15 h \u00e0 la chapelle du Complexe Thanatologique Mallet &amp; fils du 585, Boul. Laure \u00e0 Sept-\u00celes.<\/p>\n<p>La famille re\u00e7oit parents et amis le dimanche 10 juillet 2022 jour de la c\u00e9r\u00e9monie de 13 h \u00e0 16 h au Complexe Thanatologique Mallet &amp; fils du 585 boul. Laure \u00e0 Sept-\u00celes.<\/p>\n<p>Il laisse dans le deuil ses enfants\u00a0: Annie et Ren\u00e9, ses petits-enfants\u00a0: Jessy (Mathiew Roussy) et Joany (Francis Olsen), ses arri\u00e8re-petits-enfants\u00a0: Jordan, Lya, \u00c9my et Oph\u00e9lie, ses fr\u00e8res et ses s\u0153urs\u00a0: Germaine (Claude Imbeault), Claudette (Ren\u00e9 Gabriel), Pierrette (Jacques Cormier), Denis (Lory Mancini), Pierre (Sylvie Desgroseilliers), Roland et Walter ainsi que son amie de c\u0153ur Rose-Armande Boudreault, ses beaux-fr\u00e8res, ses belles-s\u0153urs, ses neveux, ses ni\u00e8ces, ses oncles, ses tantes, ses cousins, ses cousines, et de nombreux ami(e)s.<\/p>\n<p>Nous tenons \u00e0 remercier le personnel de l\u2019\u00c9lyme des Sables pour les soins prodigu\u00e9s tout au long de son s\u00e9jour.<\/p>\n<p>Merci au docteure Nathalie St-Onge pour son accompagnement et sa disponibilit\u00e9 durant la maladie.<\/p>\n<p>Un merci \u00e9galement aux docteures Aude Bellavance et Marion Mercier pour le transfert si parfais que vous lui avez offert pour ces derniers moments.<\/p>\n<p>Vos marques de sympathie peuvent se traduire par un don \u00e0 l\u2019\u00c9lyme des Sables <a href=\"http:\/\/www.elymedessables.com\">www.elymedessables.com<\/a><\/p>\n<p>La famille a confi\u00e9 les arrangements aux services professionnels de la Maison Mallet &amp; fils du 585 Boul. Laure \u00e0 Sept-\u00celes, maintenant reconnue Distinction et membre de la Corporation des Thanatologues du Qu\u00e9bec.<\/p>\n<p>Vous pouvez consulter cet avis de d\u00e9c\u00e8s sur le\u00a0: <a href=\"https:\/\/nouveau.maisonmallet.com\/back05_01\">www.maisonmallet.com<\/a><\/p>\n<p>Ceux et celles qui le d\u00e9sirent, peuvent y envoyer des messages de sympathie.<\/p>\n<hr \/>\n<p>Envoyer vos condol\u00e9ances<\/p>\n<p>[contact-form to=\u00a0\u00bbjessboulay14@gmail.com\u00a0\u00bb subject=\u00a0\u00bbCondol\u00e9ances Fernand Bourque\u00a0\u00bb][contact-field label=\u00a0\u00bbVotre nom\u00a0\u00bb type=\u00a0\u00bbname\u00a0\u00bb required=\u00a0\u00bb1&Prime;][contact-field label=\u00a0\u00bbVotre courriel\u00a0\u00bb type=\u00a0\u00bbemail\u00a0\u00bb required=\u00a0\u00bb1&Prime;][contact-field label=\u00a0\u00bbCondol\u00e9ances\u00a0\u00bb type=\u00a0\u00bbtextarea\u00a0\u00bb][\/contact-form]<\/p>\n","protected":false},"featured_media":32394,"template":"","event_cat":[6],"class_list":["post-32348","event","type-event","status-publish","has-post-thumbnail","hentry","event_cat-maison-mallet-et-fils-inc"],"_links":{"self":[{"href":"https:\/\/nouveau.maisonmallet.com\/back05_01\/index.php?rest_route=\/wp\/v2\/event\/32348","targetHints":{"allow":["GET"]}}],"collection":[{"href":"https:\/\/nouveau.maisonmallet.com\/back05_01\/index.php?rest_route=\/wp\/v2\/event"}],"about":[{"href":"https:\/\/nouveau.maisonmallet.com\/back05_01\/index.php?rest_route=\/wp\/v2\/types\/event"}],"wp:featuredmedia":[{"embeddable":true,"href":"https:\/\/nouveau.maisonmallet.com\/back05_01\/index.php?rest_route=\/wp\/v2\/media\/32394"}],"wp:attachment":[{"href":"https:\/\/nouveau.maisonmallet.com\/back05_01\/index.php?rest_route=%2Fwp%2Fv2%2Fmedia&parent=32348"}],"wp:term":[{"taxonomy":"event_cat","embeddable":true,"href":"https:\/\/nouveau.maisonmallet.com\/back05_01\/index.php?rest_route=%2Fwp%2Fv2%2Fevent_cat&post=32348"}],"curies":[{"name":"wp","href":"https:\/\/api.w.org\/{rel}","templated":true}]}}

<p>1948 – 2022</p>
<p>BOURQUE, Fernand</p>
<p>&nbsp;</p>
<p>À Sept-Îles (maison Élyme des Sables), le 5 juillet 2022, est décédé à l’âge de 74 ans, monsieur Fernand Bourque époux de feu Jeannette Jobin et domicilié à Sept-Îles.</p>
<p>La cérémonie commémorative de monsieur Fernand Bourque aura lieu le dimanche 10 juillet 2022 à 15 h à la chapelle du Complexe Thanatologique Mallet &amp; fils du 585, Boul. Laure à Sept-Îles.</p>
<p>La famille reçoit parents et amis le dimanche 10 juillet 2022 jour de la cérémonie de 13 h à 16 h au Complexe Thanatologique Mallet &amp; fils du 585 boul. Laure à Sept-Îles.</p>
<p>Il laisse dans le deuil ses enfants : Annie et René, ses petits-enfants : Jessy (Mathiew Roussy) et Joany (Francis Olsen), ses arrière-petits-enfants : Jordan, Lya, Émy et Ophélie, ses frères et ses sœurs : Germaine (Claude Imbeault), Claudette (René Gabriel), Pierrette (Jacques Cormier), Denis (Lory Mancini), Pierre (Sylvie Desgroseilliers), Roland et Walter ainsi que son amie de cœur Rose-Armande Boudreault, ses beaux-frères, ses belles-sœurs, ses neveux, ses nièces, ses oncles, ses tantes, ses cousins, ses cousines, et de nombreux ami(e)s.</p>
<p>Nous tenons à remercier le personnel de l’Élyme des Sables pour les soins prodigués tout au long de son séjour.</p>
<p>Merci au docteure Nathalie St-Onge pour son accompagnement et sa disponibilité durant la maladie.</p>
<p>Un merci également aux docteures Aude Bellavance et Marion Mercier pour le transfert si parfais que vous lui avez offert pour ces derniers moments.</p>
<p>Vos marques de sympathie peuvent se traduire par un don à l’Élyme des Sables <a href="http://www.elymedessables.com">www.elymedessables.com</a></p>
<p>La famille a confié les arrangements aux services professionnels de la Maison Mallet &amp; fils du 585 Boul. Laure à Sept-Îles, maintenant reconnue Distinction et membre de la Corporation des Thanatologues du Québec.</p>
<p>Vous pouvez consulter cet avis de décès sur le : <a href="https://nouveau.maisonmallet.com/back05_01">www.maisonmallet.com</a></p>
<p>Ceux et celles qui le désirent, peuvent y envoyer des messages de sympathie.</p>
<hr />
<p>Envoyer vos condoléances</p>
<p>[contact-form to= »jessboulay14@gmail.com » subject= »Condoléances Fernand Bourque »][contact-field label= »Votre nom » type= »name » required= »1&Prime;][contact-field label= »Votre courriel » type= »email » required= »1&Prime;][contact-field label= »Condoléances » type= »textarea »][/contact-form]</p>
