{"id":32437,"date":"2022-07-14T11:19:02","date_gmt":"2022-07-14T15:19:02","guid":{"rendered":"https:\/\/nouveau.maisonmallet.com\/?post_type=event&#038;p=32437"},"modified":"2022-07-15T11:25:51","modified_gmt":"2022-07-15T15:25:51","slug":"michel-marguerite-margot","status":"publish","type":"event","link":"https:\/\/nouveau.maisonmallet.com\/back05_01\/?event=michel-marguerite-margot","title":{"rendered":"MICHEL, Marguerite (Margot)"},"content":{"rendered":"<p>1959 &#8211; 2022<\/p>\n<p>MICHEL, Marguerite (Margot)<\/p>\n<p>&nbsp;<\/p>\n<p>\u00c0 Uashat, le 12 juillet 2022, est d\u00e9c\u00e9d\u00e9e \u00e0 l\u2019\u00e2ge de 63 ans, madame Margot Michel fille de feu Gr\u00e9goire Michel et de feu Marguerite Jourdain domicili\u00e9e \u00e0 Uashat.<\/p>\n<p>Les fun\u00e9railles de madame Margot Michel auront lieu le lundi 18 juillet 2022 \u00e0 10 h en l\u2019\u00e9glise Kateri Tekakwitha, situ\u00e9e au 1035, avenue Dequen \u00e0 Uashat et de l\u00e0 au cimeti\u00e8re de Uashat.<\/p>\n<p>La famille re\u00e7oit parents et amis le samedi 16 juillet 2022 de 13 h \u00e0 16 h et de 19 h \u00e0 22 h. Le dimanche 17 juillet 2022 de 13 h \u00e0 16 h et de 19 h \u00e0 22 h. Le lundi 18 juillet 2022 jour des fun\u00e9railles \u00e0 compter de 8 h 30 \u00e0 l\u2019\u00e9glise Kateri Tekakwitha, situ\u00e9e au 1035, avenue Dequen \u00e0 Uashat.<\/p>\n<p>Elle laisse dans le deuil ses enfants\u00a0: Gordon (Mirka Sioui), Nathaniel (Louise Pien) et Kathleen (feu Micka\u00ebl Petiquay), ses petits-enfants\u00a0: Daphney, Edouard, Kenikuen-Ben, Athenia, Jayden, Manis, Ann-Mali, L\u00e9a, Serge, Eden, Brandon, Shonik, Shany, Kaylee et Kane, ses arri\u00e8res petits-enfants\u00a0: Dalia, Jacob, Elisabeth, Oaklyn, Micha\u00eblla, Elie-Jay et Mika-Jayne, ses fr\u00e8res et ses s\u0153urs\u00a0: Denis (Marie-Marthe Fontaine), G\u00e9rard (feu Armande Pilot), Maurice, Marie, No\u00eblla (Joseph Gabriel), Jean-Claude, B\u00e9atrice (Jean-Charles Pietasho), Yvan et Kupaniesh (Carmen St-Onge) ainsi que ses belles-s\u0153urs\u00a0: Caroline (feu Andr\u00e9 Michel) et Judith Napess (feu Fernand Michel), ses neveux, ses ni\u00e8ces, ses cousins, ses cousines et de nombreux ami(e)s.<\/p>\n<p>La famille a confi\u00e9 la direction des fun\u00e9railles aux services professionnels de la Maison Mallet &amp; fils du 585, Boul. Laure \u00e0 Sept-\u00celes, maintenant reconnue Distinction et membre de la Corporation des Thanatologues du Qu\u00e9bec.<\/p>\n<p>Vous pouvez consulter cet avis de d\u00e9c\u00e8s sur le <a href=\"https:\/\/nouveau.maisonmallet.com\/back05_01\">www.maisonmallet.com<\/a><\/p>\n<p>Ceux et celles qui le d\u00e9sirent, peuvent y envoyer des messages de condol\u00e9ances.<\/p>\n<p>&nbsp;<\/p>\n<hr \/>\n<p>Envoyer vos condol\u00e9ances<\/p>\n<p>[contact-form to=\u00a0\u00bbshushtin_28@hotmail.com\u00a0\u00bb subject=\u00a0\u00bbCondol\u00e9ances Margot Michel\u00a0\u00bb][contact-field label=\u00a0\u00bbVotre nom\u00a0\u00bb type=\u00a0\u00bbname\u00a0\u00bb required=\u00a0\u00bb1&Prime;][contact-field label=\u00a0\u00bbVotre courriel\u00a0\u00bb type=\u00a0\u00bbemail\u00a0\u00bb required=\u00a0\u00bb1&Prime;][contact-field label=\u00a0\u00bbCondol\u00e9ances\u00a0\u00bb type=\u00a0\u00bbtextarea\u00a0\u00bb][\/contact-form]<\/p>\n","protected":false},"featured_media":32486,"template":"","event_cat":[6],"class_list":["post-32437","event","type-event","status-publish","has-post-thumbnail","hentry","event_cat-maison-mallet-et-fils-inc"],"_links":{"self":[{"href":"https:\/\/nouveau.maisonmallet.com\/back05_01\/index.php?rest_route=\/wp\/v2\/event\/32437","targetHints":{"allow":["GET"]}}],"collection":[{"href":"https:\/\/nouveau.maisonmallet.com\/back05_01\/index.php?rest_route=\/wp\/v2\/event"}],"about":[{"href":"https:\/\/nouveau.maisonmallet.com\/back05_01\/index.php?rest_route=\/wp\/v2\/types\/event"}],"wp:featuredmedia":[{"embeddable":true,"href":"https:\/\/nouveau.maisonmallet.com\/back05_01\/index.php?rest_route=\/wp\/v2\/media\/32486"}],"wp:attachment":[{"href":"https:\/\/nouveau.maisonmallet.com\/back05_01\/index.php?rest_route=%2Fwp%2Fv2%2Fmedia&parent=32437"}],"wp:term":[{"taxonomy":"event_cat","embeddable":true,"href":"https:\/\/nouveau.maisonmallet.com\/back05_01\/index.php?rest_route=%2Fwp%2Fv2%2Fevent_cat&post=32437"}],"curies":[{"name":"wp","href":"https:\/\/api.w.org\/{rel}","templated":true}]}}

<p>1959 &#8211; 2022</p>
<p>MICHEL, Marguerite (Margot)</p>
<p>&nbsp;</p>
<p>À Uashat, le 12 juillet 2022, est décédée à l’âge de 63 ans, madame Margot Michel fille de feu Grégoire Michel et de feu Marguerite Jourdain domiciliée à Uashat.</p>
<p>Les funérailles de madame Margot Michel auront lieu le lundi 18 juillet 2022 à 10 h en l’église Kateri Tekakwitha, située au 1035, avenue Dequen à Uashat et de là au cimetière de Uashat.</p>
<p>La famille reçoit parents et amis le samedi 16 juillet 2022 de 13 h à 16 h et de 19 h à 22 h. Le dimanche 17 juillet 2022 de 13 h à 16 h et de 19 h à 22 h. Le lundi 18 juillet 2022 jour des funérailles à compter de 8 h 30 à l’église Kateri Tekakwitha, située au 1035, avenue Dequen à Uashat.</p>
<p>Elle laisse dans le deuil ses enfants : Gordon (Mirka Sioui), Nathaniel (Louise Pien) et Kathleen (feu Mickaël Petiquay), ses petits-enfants : Daphney, Edouard, Kenikuen-Ben, Athenia, Jayden, Manis, Ann-Mali, Léa, Serge, Eden, Brandon, Shonik, Shany, Kaylee et Kane, ses arrières petits-enfants : Dalia, Jacob, Elisabeth, Oaklyn, Michaëlla, Elie-Jay et Mika-Jayne, ses frères et ses sœurs : Denis (Marie-Marthe Fontaine), Gérard (feu Armande Pilot), Maurice, Marie, Noëlla (Joseph Gabriel), Jean-Claude, Béatrice (Jean-Charles Pietasho), Yvan et Kupaniesh (Carmen St-Onge) ainsi que ses belles-sœurs : Caroline (feu André Michel) et Judith Napess (feu Fernand Michel), ses neveux, ses nièces, ses cousins, ses cousines et de nombreux ami(e)s.</p>
<p>La famille a confié la direction des funérailles aux services professionnels de la Maison Mallet &amp; fils du 585, Boul. Laure à Sept-Îles, maintenant reconnue Distinction et membre de la Corporation des Thanatologues du Québec.</p>
<p>Vous pouvez consulter cet avis de décès sur le <a href="https://nouveau.maisonmallet.com/back05_01">www.maisonmallet.com</a></p>
<p>Ceux et celles qui le désirent, peuvent y envoyer des messages de condoléances.</p>
<p>&nbsp;</p>
<hr />
<p>Envoyer vos condoléances</p>
<p>[contact-form to= »shushtin_28@hotmail.com » subject= »Condoléances Margot Michel »][contact-field label= »Votre nom » type= »name » required= »1&Prime;][contact-field label= »Votre courriel » type= »email » required= »1&Prime;][contact-field label= »Condoléances » type= »textarea »][/contact-form]</p>
