{"id":32567,"date":"2022-07-18T16:26:56","date_gmt":"2022-07-18T20:26:56","guid":{"rendered":"https:\/\/nouveau.maisonmallet.com\/?post_type=event&#038;p=32567"},"modified":"2022-07-19T16:42:22","modified_gmt":"2022-07-19T20:42:22","slug":"hounzell-raymonde-cormier","status":"publish","type":"event","link":"https:\/\/nouveau.maisonmallet.com\/back05_01\/?event=hounzell-raymonde-cormier","title":{"rendered":"HOUNZELL, Raymonde (Cormier)"},"content":{"rendered":"<p>1946 \u2013 2022<\/p>\n<p>HOUNZELL, Raymonde (Cormier)<\/p>\n<p>&nbsp;<\/p>\n<p>&nbsp;<\/p>\n<p>\u00c0 Havre-Saint-Pierre, le 16 juillet 2022, est d\u00e9c\u00e9d\u00e9e \u00e0 l\u2019\u00e2ge de 76 ans madame Raymonde Hounzell \u00e9pouse de feu Michel Cormier, conjointe de monsieur Edmond Perron domicili\u00e9e \u00e0 Havre-Saint-Pierre.<\/p>\n<p>Les fun\u00e9railles de madame Raymonde Hounzell auront lieu le jeudi 21 juillet 2022 \u00e0 11 h en l\u2019\u00e9glise Saint-Pierre de Havre-Saint-Pierre et de l\u00e0 au cr\u00e9matorium de la maison L.J.G. Mallet pour cr\u00e9mation.<\/p>\n<p>La famille re\u00e7oit parents et amis le mercredi 20 juillet 2022 de 19 h \u00e0 22 h. Le jeudi 21 juillet 2022 jour de fun\u00e9railles \u00e0 compter de 10 h au salon de la Maison L.J.G. Mallet du 1429, rue du Canot \u00e0 Havre-Saint-Pierre.<\/p>\n<p>Elle laisse dans le deuil outre son conjoint monsieur Edmond Perron, ses fils Steeve (Nadine Boudreau) et Sylvain (Annie Giasson), ses petits-fils\u00a0: Alex, William, Mathias et Loick, sa petite-fille Anael ainsi que ses fr\u00e8res\u00a0: Josephat (Pauline Martin), Jean-No\u00ebl (Marguerite Bourgeois) et Donald (Lise Blais), sa s\u0153ur Rosella (R\u00e9jean Landry), ses beaux-fr\u00e8res, ses belles-s\u0153urs, ses neveux, ses ni\u00e8ces, ses cousins, ses cousines et de nombreux ami(e)s.<\/p>\n<p>La famille a confi\u00e9 la direction des fun\u00e9railles aux services professionnels de la Maison L.J.G. Mallet du 1429, rue du Canot \u00e0 Havre-Saint-Pierre, maintenant reconnue Distinction et membre de la Corporation des Thanatologues du Qu\u00e9bec.<\/p>\n<p>Vous pouvez consulter cet avis de d\u00e9c\u00e8s sur le <a href=\"https:\/\/nouveau.maisonmallet.com\/back05_01\">www.maisonmallet.com<\/a><\/p>\n<p>Ceux et celles qui le d\u00e9sirent, peuvent y envoyer des messages de sympathie.<\/p>\n<p>&nbsp;<\/p>\n<hr \/>\n<p>Envoyer vos condol\u00e9ances<\/p>\n<p>[contact-form to=\u00a0\u00bbbedou@rtccable.com\u00a0\u00bb subject=\u00a0\u00bbCondol\u00e9ances Raymonde Hounzell\u00a0\u00bb][contact-field label=\u00a0\u00bbVotre nom\u00a0\u00bb type=\u00a0\u00bbname\u00a0\u00bb required=\u00a0\u00bb1&Prime;][contact-field label=\u00a0\u00bbVotre courriel\u00a0\u00bb type=\u00a0\u00bbemail\u00a0\u00bb required=\u00a0\u00bb1&Prime;][contact-field label=\u00a0\u00bbCondol\u00e9ances\u00a0\u00bb type=\u00a0\u00bbtextarea\u00a0\u00bb][\/contact-form]<\/p>\n","protected":false},"featured_media":32601,"template":"","event_cat":[7],"class_list":["post-32567","event","type-event","status-publish","has-post-thumbnail","hentry","event_cat-maison-l-j-g-mallet-inc"],"_links":{"self":[{"href":"https:\/\/nouveau.maisonmallet.com\/back05_01\/index.php?rest_route=\/wp\/v2\/event\/32567","targetHints":{"allow":["GET"]}}],"collection":[{"href":"https:\/\/nouveau.maisonmallet.com\/back05_01\/index.php?rest_route=\/wp\/v2\/event"}],"about":[{"href":"https:\/\/nouveau.maisonmallet.com\/back05_01\/index.php?rest_route=\/wp\/v2\/types\/event"}],"wp:featuredmedia":[{"embeddable":true,"href":"https:\/\/nouveau.maisonmallet.com\/back05_01\/index.php?rest_route=\/wp\/v2\/media\/32601"}],"wp:attachment":[{"href":"https:\/\/nouveau.maisonmallet.com\/back05_01\/index.php?rest_route=%2Fwp%2Fv2%2Fmedia&parent=32567"}],"wp:term":[{"taxonomy":"event_cat","embeddable":true,"href":"https:\/\/nouveau.maisonmallet.com\/back05_01\/index.php?rest_route=%2Fwp%2Fv2%2Fevent_cat&post=32567"}],"curies":[{"name":"wp","href":"https:\/\/api.w.org\/{rel}","templated":true}]}}

<p>1946 – 2022</p>
<p>HOUNZELL, Raymonde (Cormier)</p>
<p>&nbsp;</p>
<p>&nbsp;</p>
<p>À Havre-Saint-Pierre, le 16 juillet 2022, est décédée à l’âge de 76 ans madame Raymonde Hounzell épouse de feu Michel Cormier, conjointe de monsieur Edmond Perron domiciliée à Havre-Saint-Pierre.</p>
<p>Les funérailles de madame Raymonde Hounzell auront lieu le jeudi 21 juillet 2022 à 11 h en l’église Saint-Pierre de Havre-Saint-Pierre et de là au crématorium de la maison L.J.G. Mallet pour crémation.</p>
<p>La famille reçoit parents et amis le mercredi 20 juillet 2022 de 19 h à 22 h. Le jeudi 21 juillet 2022 jour de funérailles à compter de 10 h au salon de la Maison L.J.G. Mallet du 1429, rue du Canot à Havre-Saint-Pierre.</p>
<p>Elle laisse dans le deuil outre son conjoint monsieur Edmond Perron, ses fils Steeve (Nadine Boudreau) et Sylvain (Annie Giasson), ses petits-fils : Alex, William, Mathias et Loick, sa petite-fille Anael ainsi que ses frères : Josephat (Pauline Martin), Jean-Noël (Marguerite Bourgeois) et Donald (Lise Blais), sa sœur Rosella (Réjean Landry), ses beaux-frères, ses belles-sœurs, ses neveux, ses nièces, ses cousins, ses cousines et de nombreux ami(e)s.</p>
<p>La famille a confié la direction des funérailles aux services professionnels de la Maison L.J.G. Mallet du 1429, rue du Canot à Havre-Saint-Pierre, maintenant reconnue Distinction et membre de la Corporation des Thanatologues du Québec.</p>
<p>Vous pouvez consulter cet avis de décès sur le <a href="https://nouveau.maisonmallet.com/back05_01">www.maisonmallet.com</a></p>
<p>Ceux et celles qui le désirent, peuvent y envoyer des messages de sympathie.</p>
<p>&nbsp;</p>
<hr />
<p>Envoyer vos condoléances</p>
<p>[contact-form to= »bedou@rtccable.com » subject= »Condoléances Raymonde Hounzell »][contact-field label= »Votre nom » type= »name » required= »1&Prime;][contact-field label= »Votre courriel » type= »email » required= »1&Prime;][contact-field label= »Condoléances » type= »textarea »][/contact-form]</p>
