{"id":32600,"date":"2022-07-20T17:55:55","date_gmt":"2022-07-20T21:55:55","guid":{"rendered":"https:\/\/nouveau.maisonmallet.com\/?post_type=event&#038;p=32600"},"modified":"2022-07-21T18:03:32","modified_gmt":"2022-07-21T22:03:32","slug":"lemieux-anita","status":"publish","type":"event","link":"https:\/\/nouveau.maisonmallet.com\/back05_01\/?event=lemieux-anita","title":{"rendered":"LEMIEUX, Anita"},"content":{"rendered":"<p>1948 &#8211; 2022<\/p>\n<p>LEMIEUX, Anita<\/p>\n<p>&nbsp;<\/p>\n<p>\u00c0 Portneuf, le 11 juillet 2022, est d\u00e9c\u00e9d\u00e9e \u00e0 l\u2019\u00e2ge de 74 ans, madame Anita Lemieux conjointe de monsieur Gilbert Nadeau et domicili\u00e9e \u00e0 Saint-Basile.<\/p>\n<p>Selon ses volont\u00e9s, elle a \u00e9t\u00e9 confi\u00e9e au cr\u00e9matorium de la R\u00e9sidence Fun\u00e9raire Claude Charest &amp; fille pour cr\u00e9mation.<\/p>\n<p>La famille re\u00e7oit parents et amis le vendredi 22 juillet 2022 de 13 h \u00e0 15 h \u00e0 la R\u00e9sidence Fun\u00e9raire Claude Charest &amp; fille du 247, rue Dupont, \u00e0 Pont-Rouge.<\/p>\n<p>Misse en terre au Cimeti\u00e8re Catholique de Sept-\u00celes le jeudi 11 aout 2022 \u00e0 13 h.<\/p>\n<p>Elle laisse dans le deuil outre son conjoint monsieur Gilbert Nadeau, ses enfants : Robert Michaud, Christine Michaud (Claude Desaulniers),\u00a0St\u00e9phane Boulay (Marie-Claude Gagnon), ses petits-enfants : \u00a0Jade, Samuel et Nathan Boulay ainsi que ses s\u0153urs : Gis\u00e8le (Roland Martin) et Francine, ses beaux-fr\u00e8res et belles-s\u0153urs de la famille Nadeau, ses neveux, ses ni\u00e8ces, ses cousins, ses cousines et ami(e)s.<\/p>\n<p>Elle \u00e9tait la fille de feu Oscar Lemieux et de feu Marie-Anne Arsenault.<\/p>\n<p>Remerciements au personnel des soins palliatifs de l&rsquo;h\u00f4pital de St-Raymond pour les bons soins prodigu\u00e9s et leur humanisme.<\/p>\n<p>Vos marques de sympathie peuvent se traduire par un don un don \u00e0 la Fondation Sant\u00e9 Portneuf, 700, rue Saint-Cyrille, Saint-Raymond (Qu\u00e9bec) G3L 1W1\u00a0<a href=\"https:\/\/fsssp.ca\/\">https:\/\/fsssp.ca<\/a>\u00a0ou \u00e0 la Soci\u00e9t\u00e9 canadienne du cancer,1040, avenue Belv\u00e9d\u00e8re, bureau 214, Qu\u00e9bec (Qu\u00e9bec), G1S 3G3.\u00a0<a href=\"http:\/\/www.cancer.ca\/\">www.cancer.ca<\/a><\/p>\n<p>La famille a confi\u00e9 les arrangements fun\u00e9raires aux services professionnels de la R\u00e9sidence Fun\u00e9raire Claude Charest &amp; fille du 247, rue Dupont, \u00e0 Pont-Rouge.<\/p>\n<p>Vous pouvez consulter cet avis de d\u00e9c\u00e8s sur le <a href=\"https:\/\/nouveau.maisonmallet.com\/back05_01\">www.maisonmallet.com<\/a><\/p>\n<p>Ceux et celles qui le d\u00e9sirent, peuvent y envoyer des messages de sympathie.<\/p>\n<p>&nbsp;<\/p>\n<hr \/>\n<p>Envoyer vos condol\u00e9ances<\/p>\n<p>[contact-form to=\u00a0\u00bbfrancine.lemieu1980@hotmail.com\u00a0\u00bb subject=\u00a0\u00bbCondol\u00e9ances Anita Lemieux\u00a0\u00bb][contact-field label=\u00a0\u00bbVotre nom\u00a0\u00bb type=\u00a0\u00bbname\u00a0\u00bb required=\u00a0\u00bb1&Prime;][contact-field label=\u00a0\u00bbVotre courriel\u00a0\u00bb type=\u00a0\u00bbemail\u00a0\u00bb required=\u00a0\u00bb1&Prime;][contact-field label=\u00a0\u00bbCondol\u00e9ances\u00a0\u00bb type=\u00a0\u00bbtextarea\u00a0\u00bb][\/contact-form]<\/p>\n","protected":false},"featured_media":32654,"template":"","event_cat":[6],"class_list":["post-32600","event","type-event","status-publish","has-post-thumbnail","hentry","event_cat-maison-mallet-et-fils-inc"],"_links":{"self":[{"href":"https:\/\/nouveau.maisonmallet.com\/back05_01\/index.php?rest_route=\/wp\/v2\/event\/32600","targetHints":{"allow":["GET"]}}],"collection":[{"href":"https:\/\/nouveau.maisonmallet.com\/back05_01\/index.php?rest_route=\/wp\/v2\/event"}],"about":[{"href":"https:\/\/nouveau.maisonmallet.com\/back05_01\/index.php?rest_route=\/wp\/v2\/types\/event"}],"wp:featuredmedia":[{"embeddable":true,"href":"https:\/\/nouveau.maisonmallet.com\/back05_01\/index.php?rest_route=\/wp\/v2\/media\/32654"}],"wp:attachment":[{"href":"https:\/\/nouveau.maisonmallet.com\/back05_01\/index.php?rest_route=%2Fwp%2Fv2%2Fmedia&parent=32600"}],"wp:term":[{"taxonomy":"event_cat","embeddable":true,"href":"https:\/\/nouveau.maisonmallet.com\/back05_01\/index.php?rest_route=%2Fwp%2Fv2%2Fevent_cat&post=32600"}],"curies":[{"name":"wp","href":"https:\/\/api.w.org\/{rel}","templated":true}]}}

<p>1948 &#8211; 2022</p>
<p>LEMIEUX, Anita</p>
<p>&nbsp;</p>
<p>À Portneuf, le 11 juillet 2022, est décédée à l’âge de 74 ans, madame Anita Lemieux conjointe de monsieur Gilbert Nadeau et domiciliée à Saint-Basile.</p>
<p>Selon ses volontés, elle a été confiée au crématorium de la Résidence Funéraire Claude Charest &amp; fille pour crémation.</p>
<p>La famille reçoit parents et amis le vendredi 22 juillet 2022 de 13 h à 15 h à la Résidence Funéraire Claude Charest &amp; fille du 247, rue Dupont, à Pont-Rouge.</p>
<p>Misse en terre au Cimetière Catholique de Sept-Îles le jeudi 11 aout 2022 à 13 h.</p>
<p>Elle laisse dans le deuil outre son conjoint monsieur Gilbert Nadeau, ses enfants : Robert Michaud, Christine Michaud (Claude Desaulniers), Stéphane Boulay (Marie-Claude Gagnon), ses petits-enfants :  Jade, Samuel et Nathan Boulay ainsi que ses sœurs : Gisèle (Roland Martin) et Francine, ses beaux-frères et belles-sœurs de la famille Nadeau, ses neveux, ses nièces, ses cousins, ses cousines et ami(e)s.</p>
<p>Elle était la fille de feu Oscar Lemieux et de feu Marie-Anne Arsenault.</p>
<p>Remerciements au personnel des soins palliatifs de l&rsquo;hôpital de St-Raymond pour les bons soins prodigués et leur humanisme.</p>
<p>Vos marques de sympathie peuvent se traduire par un don un don à la Fondation Santé Portneuf, 700, rue Saint-Cyrille, Saint-Raymond (Québec) G3L 1W1 <a href="https://fsssp.ca/">https://fsssp.ca</a> ou à la Société canadienne du cancer,1040, avenue Belvédère, bureau 214, Québec (Québec), G1S 3G3. <a href="http://www.cancer.ca/">www.cancer.ca</a></p>
<p>La famille a confié les arrangements funéraires aux services professionnels de la Résidence Funéraire Claude Charest &amp; fille du 247, rue Dupont, à Pont-Rouge.</p>
<p>Vous pouvez consulter cet avis de décès sur le <a href="https://nouveau.maisonmallet.com/back05_01">www.maisonmallet.com</a></p>
<p>Ceux et celles qui le désirent, peuvent y envoyer des messages de sympathie.</p>
<p>&nbsp;</p>
<hr />
<p>Envoyer vos condoléances</p>
<p>[contact-form to= »francine.lemieu1980@hotmail.com » subject= »Condoléances Anita Lemieux »][contact-field label= »Votre nom » type= »name » required= »1&Prime;][contact-field label= »Votre courriel » type= »email » required= »1&Prime;][contact-field label= »Condoléances » type= »textarea »][/contact-form]</p>
