{"id":32659,"date":"2022-07-21T17:03:03","date_gmt":"2022-07-21T21:03:03","guid":{"rendered":"https:\/\/nouveau.maisonmallet.com\/?post_type=event&#038;p=32659"},"modified":"2022-07-28T13:03:27","modified_gmt":"2022-07-28T17:03:27","slug":"theriault-edith-hould","status":"publish","type":"event","link":"https:\/\/nouveau.maisonmallet.com\/back05_01\/?event=theriault-edith-hould","title":{"rendered":"TH\u00c9RIAULT, \u00c9dith (Hould)"},"content":{"rendered":"<p>1937 &#8211; 2022<\/p>\n<p>TH\u00c9RIAULT, \u00c9dith (Hould)<\/p>\n<p>&nbsp;<\/p>\n<p>\u00c0 Sept-\u00celes, le 15 juillet 2022, est d\u00e9c\u00e9d\u00e9e \u00e0 l\u2019\u00e2ge de 84 ans, madame \u00c9dith Th\u00e9riault \u00e9pouse de feu Raoul Hould et domicili\u00e9e \u00e0 Sept-\u00celes.<\/p>\n<p>Les fun\u00e9railles de madame \u00c9dith Th\u00e9riault Hould auront lieu le jeudi 28 juillet 2022 \u00e0 14 h en l\u2019\u00e9glise St-Joseph situ\u00e9e au 535, ave. Brochu \u00e0 Sept-\u00celes et de l\u00e0 au cr\u00e9matorium de la maison Mallet &amp; fils pour cr\u00e9mation.<\/p>\n<p>La famille re\u00e7oit parents et amis le mercredi 27 juillet 2022 de 19 h \u00e0 22 h et le jeudi 28 juillet 2022 jour des fun\u00e9railles \u00e0 compter de 12 h 30 au Complexe Thanatologique Mallet &amp; fils du 585 Boul. Laure \u00e0 Sept-\u00celes.<\/p>\n<p>Elle laisse dans le deuil ses enfants\u00a0: Janine, Chantal (Jean St-Pierre) et Jean-Fran\u00e7ois (Marie-H\u00e9l\u00e8ne Sajous), ses petits-enfants\u00a0: Jasmin (Vicky Lalonde), Hugo (Jolyane St-Gelais), Mathieu, Dimitri (Sarah-Pier Babin), F\u00e9lix (Elizabeth Tanguay), Anne-Marie, Lucas et Ana\u00efs, ses arri\u00e8re-petits-enfants\u00a0: Damien, Ma\u00e8ve, Louis et Jade ainsi que son fr\u00e8re, ses s\u0153urs, son beau-fr\u00e8re, ses belles-s\u0153urs, ses neveux, ses ni\u00e8ces, ses cousins, ses cousines et de nombreux ami(e)s.<\/p>\n<p>Un merci sp\u00e9cial \u00e0 madame Gis\u00e8le B\u00e9rub\u00e9 accompagnatrice \u00e0 la SACN ainsi qu\u2019aux pr\u00e9pos\u00e9.e.s de l\u2019unit\u00e9 STN du CISSS de la Cote-Nord particuli\u00e8rement \u00e0 madame Nathalie Deslandes.<\/p>\n<p>Vos marques de sympathie peuvent se traduire par un don \u00e0 la soci\u00e9t\u00e9 Alzheimer C\u00f4te-Nord <a href=\"http:\/\/www.societealzheimercotenord.com\">www.societealzheimercotenord.com<\/a><\/p>\n<p>La famille a confi\u00e9 la direction des fun\u00e9railles aux services professionnels de la Maison Mallet &amp; fils du 585 boul. Laure \u00e0 Sept-\u00celes, maintenant reconnue Distinction et membre de la Corporation des Thanatologues du Qu\u00e9bec.<\/p>\n<p>Vous pouvez consulter cet avis de d\u00e9c\u00e8s sur le <a href=\"https:\/\/nouveau.maisonmallet.com\/back05_01\">www.maisonmallet.com<\/a><\/p>\n<p>Ceux et celles qui le d\u00e9sirent peuvent y envoyer des messages de sympathie.<\/p>\n<p>&nbsp;<\/p>\n<hr \/>\n<p>Envoyer vos condol\u00e9ances<\/p>\n<p>[contact-form to=\u00a0\u00bbj.hould@hotmail.com\u00a0\u00bb subject=\u00a0\u00bbCondol\u00e9ances \u00c9dith Hould\u00a0\u00bb][contact-field label=\u00a0\u00bbVotre nom\u00a0\u00bb type=\u00a0\u00bbname\u00a0\u00bb required=\u00a0\u00bb1&Prime;][contact-field label=\u00a0\u00bbVotre courriel\u00a0\u00bb type=\u00a0\u00bbemail\u00a0\u00bb required=\u00a0\u00bb1&Prime;][contact-field label=\u00a0\u00bbCondol\u00e9ances\u00a0\u00bb type=\u00a0\u00bbtextarea\u00a0\u00bb][\/contact-form]<\/p>\n","protected":false},"featured_media":32677,"template":"","event_cat":[6],"class_list":["post-32659","event","type-event","status-publish","has-post-thumbnail","hentry","event_cat-maison-mallet-et-fils-inc"],"_links":{"self":[{"href":"https:\/\/nouveau.maisonmallet.com\/back05_01\/index.php?rest_route=\/wp\/v2\/event\/32659","targetHints":{"allow":["GET"]}}],"collection":[{"href":"https:\/\/nouveau.maisonmallet.com\/back05_01\/index.php?rest_route=\/wp\/v2\/event"}],"about":[{"href":"https:\/\/nouveau.maisonmallet.com\/back05_01\/index.php?rest_route=\/wp\/v2\/types\/event"}],"wp:featuredmedia":[{"embeddable":true,"href":"https:\/\/nouveau.maisonmallet.com\/back05_01\/index.php?rest_route=\/wp\/v2\/media\/32677"}],"wp:attachment":[{"href":"https:\/\/nouveau.maisonmallet.com\/back05_01\/index.php?rest_route=%2Fwp%2Fv2%2Fmedia&parent=32659"}],"wp:term":[{"taxonomy":"event_cat","embeddable":true,"href":"https:\/\/nouveau.maisonmallet.com\/back05_01\/index.php?rest_route=%2Fwp%2Fv2%2Fevent_cat&post=32659"}],"curies":[{"name":"wp","href":"https:\/\/api.w.org\/{rel}","templated":true}]}}

THÉRIAULT, Édith (Hould)

<p>1937 &#8211; 2022</p>
<p>THÉRIAULT, Édith (Hould)</p>
<p>&nbsp;</p>
<p>À Sept-Îles, le 15 juillet 2022, est décédée à l’âge de 84 ans, madame Édith Thériault épouse de feu Raoul Hould et domiciliée à Sept-Îles.</p>
<p>Les funérailles de madame Édith Thériault Hould auront lieu le jeudi 28 juillet 2022 à 14 h en l’église St-Joseph située au 535, ave. Brochu à Sept-Îles et de là au crématorium de la maison Mallet &amp; fils pour crémation.</p>
<p>La famille reçoit parents et amis le mercredi 27 juillet 2022 de 19 h à 22 h et le jeudi 28 juillet 2022 jour des funérailles à compter de 12 h 30 au Complexe Thanatologique Mallet &amp; fils du 585 Boul. Laure à Sept-Îles.</p>
<p>Elle laisse dans le deuil ses enfants : Janine, Chantal (Jean St-Pierre) et Jean-François (Marie-Hélène Sajous), ses petits-enfants : Jasmin (Vicky Lalonde), Hugo (Jolyane St-Gelais), Mathieu, Dimitri (Sarah-Pier Babin), Félix (Elizabeth Tanguay), Anne-Marie, Lucas et Anaïs, ses arrière-petits-enfants : Damien, Maève, Louis et Jade ainsi que son frère, ses sœurs, son beau-frère, ses belles-sœurs, ses neveux, ses nièces, ses cousins, ses cousines et de nombreux ami(e)s.</p>
<p>Un merci spécial à madame Gisèle Bérubé accompagnatrice à la SACN ainsi qu’aux préposé.e.s de l’unité STN du CISSS de la Cote-Nord particulièrement à madame Nathalie Deslandes.</p>
<p>Vos marques de sympathie peuvent se traduire par un don à la société Alzheimer Côte-Nord <a href="http://www.societealzheimercotenord.com">www.societealzheimercotenord.com</a></p>
<p>La famille a confié la direction des funérailles aux services professionnels de la Maison Mallet &amp; fils du 585 boul. Laure à Sept-Îles, maintenant reconnue Distinction et membre de la Corporation des Thanatologues du Québec.</p>
<p>Vous pouvez consulter cet avis de décès sur le <a href="https://nouveau.maisonmallet.com/back05_01">www.maisonmallet.com</a></p>
<p>Ceux et celles qui le désirent peuvent y envoyer des messages de sympathie.</p>
<p>&nbsp;</p>
<hr />
<p>Envoyer vos condoléances</p>
<p>[contact-form to= »j.hould@hotmail.com » subject= »Condoléances Édith Hould »][contact-field label= »Votre nom » type= »name » required= »1&Prime;][contact-field label= »Votre courriel » type= »email » required= »1&Prime;][contact-field label= »Condoléances » type= »textarea »][/contact-form]</p>
