{"id":32704,"date":"2022-07-24T16:30:02","date_gmt":"2022-07-24T20:30:02","guid":{"rendered":"https:\/\/nouveau.maisonmallet.com\/?post_type=event&#038;p=32704"},"modified":"2022-07-26T12:45:25","modified_gmt":"2022-07-26T16:45:25","slug":"hogan-harold","status":"publish","type":"event","link":"https:\/\/nouveau.maisonmallet.com\/back05_01\/?event=hogan-harold","title":{"rendered":"HOGAN, Harold"},"content":{"rendered":"<p>1952 \u2013 2022<\/p>\n<p>HOGAN, Harold<\/p>\n<p>&nbsp;<\/p>\n<p>\u00c0 Qu\u00e9bec, le 8 juin 2022, est d\u00e9c\u00e9d\u00e9 \u00e0 l\u2019\u00e2ge de 70 ans, monsieur Harold Hogan fils de feu Jean Hogan et de feu Marthe Boucher domicili\u00e9 \u00e0 Sept-\u00celes.<\/p>\n<p>La c\u00e9r\u00e9monie comm\u00e9morative de monsieur Harold Hogan aura lieu le dimanche 31 juillet 2022 \u00e0 20 h 30 \u00e0 la chapelle du Complexe Thanatologique Mallet &amp; fils du 585, Boul. Laure \u00e0 Sept-\u00celes.<\/p>\n<p>Selon ses volont\u00e9s, il a \u00e9t\u00e9 confi\u00e9 au cr\u00e9matorium de la Maison Mallet &amp; fils pour cr\u00e9mation.<\/p>\n<p>La famille re\u00e7oit parents et amis le dimanche 31 juillet 2022 jour de la c\u00e9r\u00e9monie de 13 h \u00e0 16 h et de 19 h \u00e0 22 h au Complexe Thanatologique Mallet &amp; fils du 585 Boul. Laure \u00e0 Sept-\u00celes.<\/p>\n<p>Il laisse dans le deuil ses filles : Vanessa-Fay et Val\u00e9rie-Lee, son petit-fils Shad Alexander ainsi que son fr\u00e8re jumeau Donald (Constance Valcourt), sa s\u0153ur Sherley (Yvon Leli\u00e8vre), sa ni\u00e8ce M\u00e9lissa, son neveu Anthony (Lysandre Jolicoeur), ses oncles, ses tantes, ses cousins, ses cousines et ses nombreux ami(e)s du monde maritime.<\/p>\n<p>La famille tient \u00e0 remercier le docteur Forget et l`\u00e9quipe qui a accueillie aux soins intensifs de l`h\u00f4pital de Sept-\u00celes ainsi que celle des soins intensifs en cardiologie de l`h\u00f4pital Laval de Qu\u00e9bec.<\/p>\n<p>Vos marques de sympathie peuvent se traduire par un don la Fondation des maladies du c\u0153ur et de l\u2019AVC <a href=\"http:\/\/www.coeuretavc.ca\">www.coeuretavc.ca<\/a><\/p>\n<p>La famille a confi\u00e9 les arrangements aux services professionnels de la Maison Mallet &amp; fils du 585 Boul. Laure \u00e0 Sept-\u00celes, maintenant reconnue Distinction et membre de la Corporation des Thanatologues du Qu\u00e9bec.<\/p>\n<p>Vous pouvez consulter cet avis de d\u00e9c\u00e8s sur le\u00a0: <a href=\"https:\/\/nouveau.maisonmallet.com\/back05_01\">www.maisonmallet.com<\/a><\/p>\n<p>Ceux et celles qui le d\u00e9sirent, peuvent y envoyer des messages de sympathie.<\/p>\n<p>&nbsp;<\/p>\n<hr \/>\n<p>Envoyer vos condol\u00e9ances<\/p>\n<p>[contact-form to=\u00a0\u00bbsherley@cgocable.ca\u00a0\u00bb subject=\u00a0\u00bbCondol\u00e9ances Harold Hogan\u00a0\u00bb][contact-field label=\u00a0\u00bbVotre nom\u00a0\u00bb type=\u00a0\u00bbname\u00a0\u00bb required=\u00a0\u00bb1&Prime;][contact-field label=\u00a0\u00bbVotre courriel\u00a0\u00bb type=\u00a0\u00bbemail\u00a0\u00bb required=\u00a0\u00bb1&Prime;][contact-field label=\u00a0\u00bbCondol\u00e9ances\u00a0\u00bb type=\u00a0\u00bbtextarea\u00a0\u00bb][\/contact-form]<\/p>\n","protected":false},"featured_media":32734,"template":"","event_cat":[6],"class_list":["post-32704","event","type-event","status-publish","has-post-thumbnail","hentry","event_cat-maison-mallet-et-fils-inc"],"_links":{"self":[{"href":"https:\/\/nouveau.maisonmallet.com\/back05_01\/index.php?rest_route=\/wp\/v2\/event\/32704","targetHints":{"allow":["GET"]}}],"collection":[{"href":"https:\/\/nouveau.maisonmallet.com\/back05_01\/index.php?rest_route=\/wp\/v2\/event"}],"about":[{"href":"https:\/\/nouveau.maisonmallet.com\/back05_01\/index.php?rest_route=\/wp\/v2\/types\/event"}],"wp:featuredmedia":[{"embeddable":true,"href":"https:\/\/nouveau.maisonmallet.com\/back05_01\/index.php?rest_route=\/wp\/v2\/media\/32734"}],"wp:attachment":[{"href":"https:\/\/nouveau.maisonmallet.com\/back05_01\/index.php?rest_route=%2Fwp%2Fv2%2Fmedia&parent=32704"}],"wp:term":[{"taxonomy":"event_cat","embeddable":true,"href":"https:\/\/nouveau.maisonmallet.com\/back05_01\/index.php?rest_route=%2Fwp%2Fv2%2Fevent_cat&post=32704"}],"curies":[{"name":"wp","href":"https:\/\/api.w.org\/{rel}","templated":true}]}}

<p>1952 – 2022</p>
<p>HOGAN, Harold</p>
<p>&nbsp;</p>
<p>À Québec, le 8 juin 2022, est décédé à l’âge de 70 ans, monsieur Harold Hogan fils de feu Jean Hogan et de feu Marthe Boucher domicilié à Sept-Îles.</p>
<p>La cérémonie commémorative de monsieur Harold Hogan aura lieu le dimanche 31 juillet 2022 à 20 h 30 à la chapelle du Complexe Thanatologique Mallet &amp; fils du 585, Boul. Laure à Sept-Îles.</p>
<p>Selon ses volontés, il a été confié au crématorium de la Maison Mallet &amp; fils pour crémation.</p>
<p>La famille reçoit parents et amis le dimanche 31 juillet 2022 jour de la cérémonie de 13 h à 16 h et de 19 h à 22 h au Complexe Thanatologique Mallet &amp; fils du 585 Boul. Laure à Sept-Îles.</p>
<p>Il laisse dans le deuil ses filles : Vanessa-Fay et Valérie-Lee, son petit-fils Shad Alexander ainsi que son frère jumeau Donald (Constance Valcourt), sa sœur Sherley (Yvon Lelièvre), sa nièce Mélissa, son neveu Anthony (Lysandre Jolicoeur), ses oncles, ses tantes, ses cousins, ses cousines et ses nombreux ami(e)s du monde maritime.</p>
<p>La famille tient à remercier le docteur Forget et l`équipe qui a accueillie aux soins intensifs de l`hôpital de Sept-Îles ainsi que celle des soins intensifs en cardiologie de l`hôpital Laval de Québec.</p>
<p>Vos marques de sympathie peuvent se traduire par un don la Fondation des maladies du cœur et de l’AVC <a href="http://www.coeuretavc.ca">www.coeuretavc.ca</a></p>
<p>La famille a confié les arrangements aux services professionnels de la Maison Mallet &amp; fils du 585 Boul. Laure à Sept-Îles, maintenant reconnue Distinction et membre de la Corporation des Thanatologues du Québec.</p>
<p>Vous pouvez consulter cet avis de décès sur le : <a href="https://nouveau.maisonmallet.com/back05_01">www.maisonmallet.com</a></p>
<p>Ceux et celles qui le désirent, peuvent y envoyer des messages de sympathie.</p>
<p>&nbsp;</p>
<hr />
<p>Envoyer vos condoléances</p>
<p>[contact-form to= »sherley@cgocable.ca » subject= »Condoléances Harold Hogan »][contact-field label= »Votre nom » type= »name » required= »1&Prime;][contact-field label= »Votre courriel » type= »email » required= »1&Prime;][contact-field label= »Condoléances » type= »textarea »][/contact-form]</p>
