{"id":32735,"date":"2022-07-26T06:29:45","date_gmt":"2022-07-26T10:29:45","guid":{"rendered":"https:\/\/nouveau.maisonmallet.com\/?post_type=event&#038;p=32735"},"modified":"2022-07-27T06:44:37","modified_gmt":"2022-07-27T10:44:37","slug":"brochu-roger","status":"publish","type":"event","link":"https:\/\/nouveau.maisonmallet.com\/back05_01\/?event=brochu-roger","title":{"rendered":"BROCHU, Roger"},"content":{"rendered":"<p>1959 &#8211; 2022<\/p>\n<p>BROCHU, Roger<\/p>\n<p>&nbsp;<\/p>\n<p>\u00c0 Sept-\u00celes, le 20 juillet 2022, est d\u00e9c\u00e9d\u00e9 \u00e0 l\u2019\u00e2ge de 63 ans, monsieur Roger Brochu \u00e9poux de madame Annie Lessard et domicili\u00e9 \u00e0 Moisie.<\/p>\n<p>Les fun\u00e9railles de monsieur Roger Brochu auront lieu le mardi 2 aout 2022 \u00e0 14 h en l\u2019\u00e9glise Marie-Immacul\u00e9e situ\u00e9e au 180, rue Papineau \u00e0 Sept-\u00celes.<\/p>\n<p>Selon ses volont\u00e9s, il a \u00e9t\u00e9 confi\u00e9 au cr\u00e9matorium de la maison Mallet &amp; fils pour cr\u00e9mation.<\/p>\n<p>La famille re\u00e7oit parents et amis le lundi 1<sup>er<\/sup> aout 2022 de 13 h \u00e0 16 h et de 19 h \u00e0 22 h. Le mardi 2 aout 2022 jour des fun\u00e9railles \u00e0 compter de 12 h 30 au Complexe Thanatologique Mallet &amp; fils du 585 Boul. Laure \u00e0 Sept-\u00celes.<\/p>\n<p>Il laisse dans le deuil outre son \u00e9pouse madame Annie Lessard, ses fils\u00a0: Jack, Philippe, Michel et Benoit, sa fille Anny-Pier, ses petites-filles\u00a0: Fannie, Zo\u00e9, Judy-Ann, \u00c9va, Aby-Ga\u00eblle et Morgan, ses petits-fils\u00a0: Pierre-Luc et Gohan ainsi que son fr\u00e8re Guy, ses s\u0153urs\u00a0: Jeanne et Rose, son beau-fr\u00e8re Fr\u00e9d\u00e9ric, ses belles-s\u0153urs\u00a0: Edith et Marie-Jos\u00e9e, ses neveux, ses ni\u00e8ces, ses oncles, ses tantes, ses cousins, ses cousines et de nombreux ami(e)s.<\/p>\n<p>La famille a confi\u00e9 la direction des fun\u00e9railles aux services professionnels de la Maison Mallet &amp; fils du 585 boul. Laure \u00e0 Sept-\u00celes, maintenant reconnue Distinction et membre de la Corporation des Thanatologues du Qu\u00e9bec.<\/p>\n<p>Vous pouvez consulter cet avis de d\u00e9c\u00e8s sur le <a href=\"https:\/\/nouveau.maisonmallet.com\/back05_01\">www.maisonmallet.com<\/a><\/p>\n<p>Ceux et celles qui le d\u00e9sirent, peuvent y envoyer des messages de sympathie.<\/p>\n<p>&nbsp;<\/p>\n<hr \/>\n<p>Envoyer vos condol\u00e9ances<\/p>\n<p>[contact-form to=\u00a0\u00bbannielessard1515@gmail.com\u00a0\u00bb subject=\u00a0\u00bbCondol\u00e9ances Roger Brochu\u00a0\u00bb][contact-field label=\u00a0\u00bbVotre nom\u00a0\u00bb type=\u00a0\u00bbname\u00a0\u00bb required=\u00a0\u00bb1&Prime;][contact-field label=\u00a0\u00bbVotre courriel\u00a0\u00bb type=\u00a0\u00bbemail\u00a0\u00bb required=\u00a0\u00bb1&Prime;][contact-field label=\u00a0\u00bbCondol\u00e9ances\u00a0\u00bb type=\u00a0\u00bbtextarea\u00a0\u00bb][\/contact-form]<\/p>\n","protected":false},"featured_media":32790,"template":"","event_cat":[6],"class_list":["post-32735","event","type-event","status-publish","has-post-thumbnail","hentry","event_cat-maison-mallet-et-fils-inc"],"_links":{"self":[{"href":"https:\/\/nouveau.maisonmallet.com\/back05_01\/index.php?rest_route=\/wp\/v2\/event\/32735","targetHints":{"allow":["GET"]}}],"collection":[{"href":"https:\/\/nouveau.maisonmallet.com\/back05_01\/index.php?rest_route=\/wp\/v2\/event"}],"about":[{"href":"https:\/\/nouveau.maisonmallet.com\/back05_01\/index.php?rest_route=\/wp\/v2\/types\/event"}],"wp:featuredmedia":[{"embeddable":true,"href":"https:\/\/nouveau.maisonmallet.com\/back05_01\/index.php?rest_route=\/wp\/v2\/media\/32790"}],"wp:attachment":[{"href":"https:\/\/nouveau.maisonmallet.com\/back05_01\/index.php?rest_route=%2Fwp%2Fv2%2Fmedia&parent=32735"}],"wp:term":[{"taxonomy":"event_cat","embeddable":true,"href":"https:\/\/nouveau.maisonmallet.com\/back05_01\/index.php?rest_route=%2Fwp%2Fv2%2Fevent_cat&post=32735"}],"curies":[{"name":"wp","href":"https:\/\/api.w.org\/{rel}","templated":true}]}}

<p>1959 &#8211; 2022</p>
<p>BROCHU, Roger</p>
<p>&nbsp;</p>
<p>À Sept-Îles, le 20 juillet 2022, est décédé à l’âge de 63 ans, monsieur Roger Brochu époux de madame Annie Lessard et domicilié à Moisie.</p>
<p>Les funérailles de monsieur Roger Brochu auront lieu le mardi 2 aout 2022 à 14 h en l’église Marie-Immaculée située au 180, rue Papineau à Sept-Îles.</p>
<p>Selon ses volontés, il a été confié au crématorium de la maison Mallet &amp; fils pour crémation.</p>
<p>La famille reçoit parents et amis le lundi 1<sup>er</sup> aout 2022 de 13 h à 16 h et de 19 h à 22 h. Le mardi 2 aout 2022 jour des funérailles à compter de 12 h 30 au Complexe Thanatologique Mallet &amp; fils du 585 Boul. Laure à Sept-Îles.</p>
<p>Il laisse dans le deuil outre son épouse madame Annie Lessard, ses fils : Jack, Philippe, Michel et Benoit, sa fille Anny-Pier, ses petites-filles : Fannie, Zoé, Judy-Ann, Éva, Aby-Gaëlle et Morgan, ses petits-fils : Pierre-Luc et Gohan ainsi que son frère Guy, ses sœurs : Jeanne et Rose, son beau-frère Frédéric, ses belles-sœurs : Edith et Marie-Josée, ses neveux, ses nièces, ses oncles, ses tantes, ses cousins, ses cousines et de nombreux ami(e)s.</p>
<p>La famille a confié la direction des funérailles aux services professionnels de la Maison Mallet &amp; fils du 585 boul. Laure à Sept-Îles, maintenant reconnue Distinction et membre de la Corporation des Thanatologues du Québec.</p>
<p>Vous pouvez consulter cet avis de décès sur le <a href="https://nouveau.maisonmallet.com/back05_01">www.maisonmallet.com</a></p>
<p>Ceux et celles qui le désirent, peuvent y envoyer des messages de sympathie.</p>
<p>&nbsp;</p>
<hr />
<p>Envoyer vos condoléances</p>
<p>[contact-form to= »annielessard1515@gmail.com » subject= »Condoléances Roger Brochu »][contact-field label= »Votre nom » type= »name » required= »1&Prime;][contact-field label= »Votre courriel » type= »email » required= »1&Prime;][contact-field label= »Condoléances » type= »textarea »][/contact-form]</p>
