{"id":32788,"date":"2022-07-26T17:56:22","date_gmt":"2022-07-26T21:56:22","guid":{"rendered":"https:\/\/nouveau.maisonmallet.com\/?post_type=event&#038;p=32788"},"modified":"2022-07-27T18:08:00","modified_gmt":"2022-07-27T22:08:00","slug":"bellefleur-jacques-alain","status":"publish","type":"event","link":"https:\/\/nouveau.maisonmallet.com\/back05_01\/?event=bellefleur-jacques-alain","title":{"rendered":"BELLEFLEUR, Jacques Alain"},"content":{"rendered":"<p>1975 \u2013 2022<\/p>\n<p>BELLEFLEUR, Jacques Alain<\/p>\n<p>&nbsp;<\/p>\n<p>\u00c0 Havre-Saint-Pierre, 26 juillet 2022, est d\u00e9c\u00e9d\u00e9 \u00e0 l\u2019\u00e2ge de 47 ans, monsieur Jacques Alain Bellefleur fils de\u00a0 monsieur Gilles Jomphe et de madame Julianna Bellefleur domicili\u00e9 \u00e0 Pointe-Parent.<\/p>\n<p>Les fun\u00e9railles de monsieur Jacques Alain Bellefleur auront lieu le samedi 30 juillet 2022 \u00e0 10 h en l\u2019\u00e9glise Notre-Dame-des-Indiens de Pointe-Parent et de l\u00e0 au cimeti\u00e8re de l\u2019endroit.<\/p>\n<p>La famille re\u00e7oit parents et amis le jeudi 28 juillet 2022 \u00e0 compter de 16 h au 102, rue Tettaut \u00e0 Pointe-Parent.<\/p>\n<p>Il laisse dans le deuil ses s\u0153urs\u00a0: Fanny Jomphe et Cindy Jomphe ainsi que ses neveux, ses ni\u00e8ces, ses oncles, ses tantes, ses cousins, ses cousines et de nombreux amis.<\/p>\n<p>Il \u00e9tait le fils adoptif de feu Marie Louise Bellefleur.<\/p>\n<p>La famille a confi\u00e9 la direction des fun\u00e9railles aux services professionnels de la Maison L.J.G. Mallet du 1429, rue du Canot \u00e0 Havre-Saint-Pierre, maintenant reconnue Distinction et membre de la Corporation des Thanatologues du Qu\u00e9bec.<\/p>\n<p>Vous pouvez consulter cet avis de d\u00e9c\u00e8s sur le\u00a0<a href=\"https:\/\/nouveau.maisonmallet.com\/back05_01\/\">www.maisonmallet.com<\/a><\/p>\n<p>Ceux et celles qui le d\u00e9sirent, peuvent y envoyer des messages de sympathie.<\/p>\n<p>&nbsp;<\/p>\n<hr \/>\n<p>Envoyer vos condol\u00e9ances<\/p>\n<p>[contact-form to=\u00a0\u00bbp-gregoirek12@hotmail.com\u00a0\u00bb subject=\u00a0\u00bbCondol\u00e9ances Jacques Alain Bellefleur\u00a0\u00bb][contact-field label=\u00a0\u00bbVotre nom\u00a0\u00bb type=\u00a0\u00bbname\u00a0\u00bb required=\u00a0\u00bb1&Prime;][contact-field label=\u00a0\u00bbVotre courriel\u00a0\u00bb type=\u00a0\u00bbemail\u00a0\u00bb required=\u00a0\u00bb1&Prime;][contact-field label=\u00a0\u00bbCondol\u00e9ances\u00a0\u00bb type=\u00a0\u00bbtextarea\u00a0\u00bb][\/contact-form]<\/p>\n","protected":false},"featured_media":32830,"template":"","event_cat":[7],"class_list":["post-32788","event","type-event","status-publish","has-post-thumbnail","hentry","event_cat-maison-l-j-g-mallet-inc"],"_links":{"self":[{"href":"https:\/\/nouveau.maisonmallet.com\/back05_01\/index.php?rest_route=\/wp\/v2\/event\/32788","targetHints":{"allow":["GET"]}}],"collection":[{"href":"https:\/\/nouveau.maisonmallet.com\/back05_01\/index.php?rest_route=\/wp\/v2\/event"}],"about":[{"href":"https:\/\/nouveau.maisonmallet.com\/back05_01\/index.php?rest_route=\/wp\/v2\/types\/event"}],"wp:featuredmedia":[{"embeddable":true,"href":"https:\/\/nouveau.maisonmallet.com\/back05_01\/index.php?rest_route=\/wp\/v2\/media\/32830"}],"wp:attachment":[{"href":"https:\/\/nouveau.maisonmallet.com\/back05_01\/index.php?rest_route=%2Fwp%2Fv2%2Fmedia&parent=32788"}],"wp:term":[{"taxonomy":"event_cat","embeddable":true,"href":"https:\/\/nouveau.maisonmallet.com\/back05_01\/index.php?rest_route=%2Fwp%2Fv2%2Fevent_cat&post=32788"}],"curies":[{"name":"wp","href":"https:\/\/api.w.org\/{rel}","templated":true}]}}

<p>1975 – 2022</p>
<p>BELLEFLEUR, Jacques Alain</p>
<p>&nbsp;</p>
<p>À Havre-Saint-Pierre, 26 juillet 2022, est décédé à l’âge de 47 ans, monsieur Jacques Alain Bellefleur fils de  monsieur Gilles Jomphe et de madame Julianna Bellefleur domicilié à Pointe-Parent.</p>
<p>Les funérailles de monsieur Jacques Alain Bellefleur auront lieu le samedi 30 juillet 2022 à 10 h en l’église Notre-Dame-des-Indiens de Pointe-Parent et de là au cimetière de l’endroit.</p>
<p>La famille reçoit parents et amis le jeudi 28 juillet 2022 à compter de 16 h au 102, rue Tettaut à Pointe-Parent.</p>
<p>Il laisse dans le deuil ses sœurs : Fanny Jomphe et Cindy Jomphe ainsi que ses neveux, ses nièces, ses oncles, ses tantes, ses cousins, ses cousines et de nombreux amis.</p>
<p>Il était le fils adoptif de feu Marie Louise Bellefleur.</p>
<p>La famille a confié la direction des funérailles aux services professionnels de la Maison L.J.G. Mallet du 1429, rue du Canot à Havre-Saint-Pierre, maintenant reconnue Distinction et membre de la Corporation des Thanatologues du Québec.</p>
<p>Vous pouvez consulter cet avis de décès sur le <a href="https://nouveau.maisonmallet.com/back05_01/">www.maisonmallet.com</a></p>
<p>Ceux et celles qui le désirent, peuvent y envoyer des messages de sympathie.</p>
<p>&nbsp;</p>
<hr />
<p>Envoyer vos condoléances</p>
<p>[contact-form to= »p-gregoirek12@hotmail.com » subject= »Condoléances Jacques Alain Bellefleur »][contact-field label= »Votre nom » type= »name » required= »1&Prime;][contact-field label= »Votre courriel » type= »email » required= »1&Prime;][contact-field label= »Condoléances » type= »textarea »][/contact-form]</p>
