{"id":32884,"date":"2022-07-28T20:44:35","date_gmt":"2022-07-29T00:44:35","guid":{"rendered":"https:\/\/nouveau.maisonmallet.com\/?post_type=event&#038;p=32884"},"modified":"2022-07-30T10:05:34","modified_gmt":"2022-07-30T14:05:34","slug":"turbis-bernadette-misson","status":"publish","type":"event","link":"https:\/\/nouveau.maisonmallet.com\/back05_01\/?event=turbis-bernadette-misson","title":{"rendered":"TURBIS, Bernadette (Misson)"},"content":{"rendered":"<p>1937 \u2013 2022<\/p>\n<p>TURBIS, Bernadette (Misson)<\/p>\n<p>&nbsp;<\/p>\n<p>\u00c0 Havre-Saint-Pierre, le 26 juillet 2022, est d\u00e9c\u00e9d\u00e9e \u00e0 l\u2019\u00e2ge de 85 ans madame Bernadette Turbis \u00e9pouse de feu Lionel Misson et domicili\u00e9e \u00e0 Havre-Saint-Pierre.<\/p>\n<p>Les fun\u00e9railles de madame Bernadette Turbis auront lieu le samedi 13 ao\u00fbt 2022 \u00e0 15 h en l\u2019\u00e9glise Saint-Pierre de Havre-Saint-Pierre et de l\u00e0 au cimeti\u00e8re de l\u2019endroit.<\/p>\n<p>Selon ses volont\u00e9s, elle a \u00e9t\u00e9 confi\u00e9e au cr\u00e9matorium de la Maison L.J.G. Mallet pour cr\u00e9mation.<\/p>\n<p>La famille re\u00e7oit parents et amis le vendredi 12 ao\u00fbt 2022 de 19 h \u00e0 22 h. Le samedi 13 ao\u00fbt 2022 jour de fun\u00e9railles \u00e0 compter de 14 h\u00a0 au salon de la Maison L.J.G. Mallet du 1429, rue du Canot \u00e0 Havre-Saint-Pierre.<\/p>\n<p>Elle laisse dans le deuil ses filles\u00a0: Jocelyne (Denis Loiselle) et Sylvie (R\u00e9jean Pr\u00e9fontaine), ses fils\u00a0: Jean Claude (Suzie Vigneault), Ren\u00e9 (Sylvie Valli\u00e8res) et Alain (Annie Richard), ses petits-enfants, ses arri\u00e8re-petits-enfants ainsi que ses fr\u00e8res, ses s\u0153urs, ses beaux-fr\u00e8res, ses belles-s\u0153urs, ses neveux, ses ni\u00e8ces, et de nombreux ami(e)s.<\/p>\n<p>Elle \u00e9tait la m\u00e8re de feu G\u00e9rard.<\/p>\n<p>Vos marques de sympathie peuvent se traduire par un don \u00e0 la fondation des maladies du c\u0153ur du Qu\u00e9bec.<\/p>\n<p>Merci \u00e0 tout le personnel pour les soins prodigu\u00e9s \u00e0 notre m\u00e8re tout au long de ses longues ann\u00e9es.<\/p>\n<p>La famille a confi\u00e9 la direction des fun\u00e9railles aux services professionnels de la Maison L.J.G. Mallet du 1429, rue du Canot \u00e0 Havre-Saint-Pierre, maintenant reconnue Distinction et membre de la Corporation des Thanatologues du Qu\u00e9bec.<\/p>\n<p>Vous pouvez consulter cet avis de d\u00e9c\u00e8s sur le <a href=\"https:\/\/nouveau.maisonmallet.com\/back05_01\">www.maisonmallet.com<\/a><\/p>\n<p>Ceux et celles qui le d\u00e9sirent, peuvent y envoyer des messages de sympathie.<\/p>\n<p>&nbsp;<\/p>\n<hr \/>\n<p>Envoyer vos condol\u00e9ances<\/p>\n<p>[contact-form to=\u00a0\u00bbjeanclaudemison@icloud.com\u00a0\u00bb subject=\u00a0\u00bbCondol\u00e9ances Bernadette Turbis\u00a0\u00bb][contact-field label=\u00a0\u00bbVotre nom\u00a0\u00bb type=\u00a0\u00bbname\u00a0\u00bb required=\u00a0\u00bb1&Prime;][contact-field label=\u00a0\u00bbVotre courriel\u00a0\u00bb type=\u00a0\u00bbemail\u00a0\u00bb required=\u00a0\u00bb1&Prime;][contact-field label=\u00a0\u00bbCondol\u00e9ances\u00a0\u00bb type=\u00a0\u00bbtextarea\u00a0\u00bb][\/contact-form]<\/p>\n","protected":false},"featured_media":32913,"template":"","event_cat":[7],"class_list":["post-32884","event","type-event","status-publish","has-post-thumbnail","hentry","event_cat-maison-l-j-g-mallet-inc"],"_links":{"self":[{"href":"https:\/\/nouveau.maisonmallet.com\/back05_01\/index.php?rest_route=\/wp\/v2\/event\/32884","targetHints":{"allow":["GET"]}}],"collection":[{"href":"https:\/\/nouveau.maisonmallet.com\/back05_01\/index.php?rest_route=\/wp\/v2\/event"}],"about":[{"href":"https:\/\/nouveau.maisonmallet.com\/back05_01\/index.php?rest_route=\/wp\/v2\/types\/event"}],"wp:featuredmedia":[{"embeddable":true,"href":"https:\/\/nouveau.maisonmallet.com\/back05_01\/index.php?rest_route=\/wp\/v2\/media\/32913"}],"wp:attachment":[{"href":"https:\/\/nouveau.maisonmallet.com\/back05_01\/index.php?rest_route=%2Fwp%2Fv2%2Fmedia&parent=32884"}],"wp:term":[{"taxonomy":"event_cat","embeddable":true,"href":"https:\/\/nouveau.maisonmallet.com\/back05_01\/index.php?rest_route=%2Fwp%2Fv2%2Fevent_cat&post=32884"}],"curies":[{"name":"wp","href":"https:\/\/api.w.org\/{rel}","templated":true}]}}

<p>1937 – 2022</p>
<p>TURBIS, Bernadette (Misson)</p>
<p>&nbsp;</p>
<p>À Havre-Saint-Pierre, le 26 juillet 2022, est décédée à l’âge de 85 ans madame Bernadette Turbis épouse de feu Lionel Misson et domiciliée à Havre-Saint-Pierre.</p>
<p>Les funérailles de madame Bernadette Turbis auront lieu le samedi 13 août 2022 à 15 h en l’église Saint-Pierre de Havre-Saint-Pierre et de là au cimetière de l’endroit.</p>
<p>Selon ses volontés, elle a été confiée au crématorium de la Maison L.J.G. Mallet pour crémation.</p>
<p>La famille reçoit parents et amis le vendredi 12 août 2022 de 19 h à 22 h. Le samedi 13 août 2022 jour de funérailles à compter de 14 h  au salon de la Maison L.J.G. Mallet du 1429, rue du Canot à Havre-Saint-Pierre.</p>
<p>Elle laisse dans le deuil ses filles : Jocelyne (Denis Loiselle) et Sylvie (Réjean Préfontaine), ses fils : Jean Claude (Suzie Vigneault), René (Sylvie Vallières) et Alain (Annie Richard), ses petits-enfants, ses arrière-petits-enfants ainsi que ses frères, ses sœurs, ses beaux-frères, ses belles-sœurs, ses neveux, ses nièces, et de nombreux ami(e)s.</p>
<p>Elle était la mère de feu Gérard.</p>
<p>Vos marques de sympathie peuvent se traduire par un don à la fondation des maladies du cœur du Québec.</p>
<p>Merci à tout le personnel pour les soins prodigués à notre mère tout au long de ses longues années.</p>
<p>La famille a confié la direction des funérailles aux services professionnels de la Maison L.J.G. Mallet du 1429, rue du Canot à Havre-Saint-Pierre, maintenant reconnue Distinction et membre de la Corporation des Thanatologues du Québec.</p>
<p>Vous pouvez consulter cet avis de décès sur le <a href="https://nouveau.maisonmallet.com/back05_01">www.maisonmallet.com</a></p>
<p>Ceux et celles qui le désirent, peuvent y envoyer des messages de sympathie.</p>
<p>&nbsp;</p>
<hr />
<p>Envoyer vos condoléances</p>
<p>[contact-form to= »jeanclaudemison@icloud.com » subject= »Condoléances Bernadette Turbis »][contact-field label= »Votre nom » type= »name » required= »1&Prime;][contact-field label= »Votre courriel » type= »email » required= »1&Prime;][contact-field label= »Condoléances » type= »textarea »][/contact-form]</p>
