{"id":33046,"date":"2022-08-03T17:40:21","date_gmt":"2022-08-03T21:40:21","guid":{"rendered":"https:\/\/nouveau.maisonmallet.com\/?post_type=event&#038;p=33046"},"modified":"2022-08-04T17:45:08","modified_gmt":"2022-08-04T21:45:08","slug":"alain-claudette-cote","status":"publish","type":"event","link":"https:\/\/nouveau.maisonmallet.com\/back05_01\/?event=alain-claudette-cote","title":{"rendered":"ALAIN, Claudette (C\u00f4t\u00e9)"},"content":{"rendered":"<p>1937 \u2013 2022<\/p>\n<p>ALAIN, Claudette (C\u00f4t\u00e9)<\/p>\n<p>&nbsp;<\/p>\n<p>\u00c0 Port-Cartier, le 31 juillet 2022, est d\u00e9c\u00e9d\u00e9e \u00e0 l\u2019\u00e2ge de 85 ans, madame Claudette Alain \u00e9pouse de monsieur Jean Guy C\u00f4t\u00e9 et domicili\u00e9e \u00e0 Port-Cartier.<\/p>\n<p>Les fun\u00e9railles de madame Claudette Alain auront lieu le vendredi 5 aout 2022 \u00e0 14 h en l\u2019\u00e9glise Sacr\u00e9-C\u0153ur situ\u00e9e au 38, rue Parent \u00e0 Port-Cartier et de l\u00e0 au cimeti\u00e8re de l\u2019endroit.<\/p>\n<p>Selon ses volont\u00e9s, elle a \u00e9t\u00e9 confi\u00e9e au cr\u00e9matorium de la Maison Mallet &amp; fils pour cr\u00e9mation.<\/p>\n<p>La famille re\u00e7oit parents et amis le vendredi 5 aout 2022 jour des fun\u00e9railles \u00e0 compter de 13 h \u00e0 l\u2019\u00e9glise Sacr\u00e9-C\u0153ur de Port-Cartier.<\/p>\n<p>Elle laisse dans le deuil outre son \u00e9poux monsieur Jean Guy C\u00f4t\u00e9, son fils Jean Claude (Carole Chouinard), sa fille Val\u00e9rie (Martin Rheault), ses petites-filles\u00a0: Nadine, Myl\u00e8ne (Alain Breton) et Joliane, son petit-fils Jean Philip, ses arri\u00e8re-petits-fils\u00a0: Jacob et Antoine, son arri\u00e8re-petite-fille \u00c8ve ainsi que ses fr\u00e8res, ses s\u0153urs, ses beaux-fr\u00e8res, ses belles-s\u0153urs, ses neveux, ses ni\u00e8ces ses cousins, ses cousines et de nombreux ami(e)s.<\/p>\n<p>Elle \u00e9tait la m\u00e8re de feu Guylaine (Claude Maloney) et la grand-m\u00e8re de feu Gabriel.<\/p>\n<p>La famille a confi\u00e9 les arrangements aux services professionnels de la maison Mallet &amp; fils du 57, route 138 \u00e0 Port-Cartier, maintenant reconnue Distinction et membre de la Corporation des Thanatologues du Qu\u00e9bec.<\/p>\n<p>Vous pouvez consulter cet avis de d\u00e9c\u00e8s, sur le <a href=\"https:\/\/nouveau.maisonmallet.com\/back05_01\">www.maisonmallet.com<\/a><\/p>\n<p>Ceux et celles qui le d\u00e9sirent, peuvent y envoyer des messages de sympathie.<\/p>\n<p>&nbsp;<\/p>\n<hr \/>\n<p>Envoyer vos condol\u00e9ances<\/p>\n<p>[contact-form to=\u00a0\u00bbmimicote04@hotmail.com\u00a0\u00bb subject=\u00a0\u00bbCondol\u00e9ances Claudette Alain\u00a0\u00bb][contact-field label=\u00a0\u00bbVotre nom\u00a0\u00bb type=\u00a0\u00bbname\u00a0\u00bb required=\u00a0\u00bb1&Prime;][contact-field label=\u00a0\u00bbVotre courriel\u00a0\u00bb type=\u00a0\u00bbemail\u00a0\u00bb required=\u00a0\u00bb1&Prime;][contact-field label=\u00a0\u00bbCondol\u00e9ances\u00a0\u00bb type=\u00a0\u00bbtextarea\u00a0\u00bb][\/contact-form]<\/p>\n","protected":false},"featured_media":33063,"template":"","event_cat":[6],"class_list":["post-33046","event","type-event","status-publish","has-post-thumbnail","hentry","event_cat-maison-mallet-et-fils-inc"],"_links":{"self":[{"href":"https:\/\/nouveau.maisonmallet.com\/back05_01\/index.php?rest_route=\/wp\/v2\/event\/33046","targetHints":{"allow":["GET"]}}],"collection":[{"href":"https:\/\/nouveau.maisonmallet.com\/back05_01\/index.php?rest_route=\/wp\/v2\/event"}],"about":[{"href":"https:\/\/nouveau.maisonmallet.com\/back05_01\/index.php?rest_route=\/wp\/v2\/types\/event"}],"wp:featuredmedia":[{"embeddable":true,"href":"https:\/\/nouveau.maisonmallet.com\/back05_01\/index.php?rest_route=\/wp\/v2\/media\/33063"}],"wp:attachment":[{"href":"https:\/\/nouveau.maisonmallet.com\/back05_01\/index.php?rest_route=%2Fwp%2Fv2%2Fmedia&parent=33046"}],"wp:term":[{"taxonomy":"event_cat","embeddable":true,"href":"https:\/\/nouveau.maisonmallet.com\/back05_01\/index.php?rest_route=%2Fwp%2Fv2%2Fevent_cat&post=33046"}],"curies":[{"name":"wp","href":"https:\/\/api.w.org\/{rel}","templated":true}]}}

ALAIN, Claudette (Côté)

<p>1937 – 2022</p>
<p>ALAIN, Claudette (Côté)</p>
<p>&nbsp;</p>
<p>À Port-Cartier, le 31 juillet 2022, est décédée à l’âge de 85 ans, madame Claudette Alain épouse de monsieur Jean Guy Côté et domiciliée à Port-Cartier.</p>
<p>Les funérailles de madame Claudette Alain auront lieu le vendredi 5 aout 2022 à 14 h en l’église Sacré-Cœur située au 38, rue Parent à Port-Cartier et de là au cimetière de l’endroit.</p>
<p>Selon ses volontés, elle a été confiée au crématorium de la Maison Mallet &amp; fils pour crémation.</p>
<p>La famille reçoit parents et amis le vendredi 5 aout 2022 jour des funérailles à compter de 13 h à l’église Sacré-Cœur de Port-Cartier.</p>
<p>Elle laisse dans le deuil outre son époux monsieur Jean Guy Côté, son fils Jean Claude (Carole Chouinard), sa fille Valérie (Martin Rheault), ses petites-filles : Nadine, Mylène (Alain Breton) et Joliane, son petit-fils Jean Philip, ses arrière-petits-fils : Jacob et Antoine, son arrière-petite-fille Ève ainsi que ses frères, ses sœurs, ses beaux-frères, ses belles-sœurs, ses neveux, ses nièces ses cousins, ses cousines et de nombreux ami(e)s.</p>
<p>Elle était la mère de feu Guylaine (Claude Maloney) et la grand-mère de feu Gabriel.</p>
<p>La famille a confié les arrangements aux services professionnels de la maison Mallet &amp; fils du 57, route 138 à Port-Cartier, maintenant reconnue Distinction et membre de la Corporation des Thanatologues du Québec.</p>
<p>Vous pouvez consulter cet avis de décès, sur le <a href="https://nouveau.maisonmallet.com/back05_01">www.maisonmallet.com</a></p>
<p>Ceux et celles qui le désirent, peuvent y envoyer des messages de sympathie.</p>
<p>&nbsp;</p>
<hr />
<p>Envoyer vos condoléances</p>
<p>[contact-form to= »mimicote04@hotmail.com » subject= »Condoléances Claudette Alain »][contact-field label= »Votre nom » type= »name » required= »1&Prime;][contact-field label= »Votre courriel » type= »email » required= »1&Prime;][contact-field label= »Condoléances » type= »textarea »][/contact-form]</p>
