{"id":33109,"date":"2022-08-08T11:14:31","date_gmt":"2022-08-08T15:14:31","guid":{"rendered":"https:\/\/nouveau.maisonmallet.com\/?post_type=event&#038;p=33109"},"modified":"2022-08-09T11:23:03","modified_gmt":"2022-08-09T15:23:03","slug":"fontaine-marguerite-pinette","status":"publish","type":"event","link":"https:\/\/nouveau.maisonmallet.com\/back05_01\/?event=fontaine-marguerite-pinette","title":{"rendered":"FONTAINE, Marguerite (Pinette)"},"content":{"rendered":"<p>1940 &#8211; 2022<\/p>\n<p>FONTAINE, Marguerite (Pinette)<\/p>\n<p>&nbsp;<\/p>\n<p>\u00c0 Maliotenam, le 6 ao\u00fbt 2022, est d\u00e9c\u00e9d\u00e9e l\u2019\u00e2ge de 81 ans, madame Marguerite Fontaine \u00e9pouse de Adrien Pinette et domicili\u00e9e \u00e0 Maliotenam.<\/p>\n<p>Les fun\u00e9railles de madame Marguerite Fontaine Pinette auront lieu le mercredi 10 ao\u00fbt 2022 \u00e0 14 h en l\u2019\u00c9glise Notre-Dame du Cap situ\u00e9e au 139, rue de l\u2019\u00c9glise \u00e0 Maliotenam et de l\u00e0 au cimeti\u00e8re de Maliotenam.<\/p>\n<p>La famille re\u00e7oit parents et amis le mardi 9 ao\u00fbt 2022 \u00e0 compter de 11 h au 124, rue de l`\u00c9glise \u00e0 Maliotenam.<\/p>\n<p>Elle laisse dans le deuil outre son \u00e9poux monsieur Adrien Pinette, ses enfants\u00a0: Marie-Line (Edmond Gagn\u00e9), Sylvio (Camilienne Pinette), Guylaine, Ald\u00e8ge, Sonia (Junior St-Onge), Lisanne (Mo\u00efse Michel) et Dalida (Carlo McKenzie), ses petits-enfants, ses arri\u00e8re-petits-enfants, son arri\u00e8re-arri\u00e8re-petit-fils ainsi que ses fr\u00e8res, sa s\u0153ur, ses beaux-fr\u00e8res, ses belles-s\u0153urs, ses neveux, ses ni\u00e8ces, ses cousins, ses cousines et de nombreux ami(e)s.<\/p>\n<p>La famille a confi\u00e9 la direction des fun\u00e9railles aux services professionnels de la Maison Mallet &amp; fils du 585, boul. Laure \u00e0 Sept-\u00celes, maintenant reconnue Distinction et membre de la Corporation des Thanatologues du Qu\u00e9bec.<\/p>\n<p>Vous pouvez consulter cet avis de d\u00e9c\u00e8s, sur le <a href=\"https:\/\/nouveau.maisonmallet.com\/back05_01\">www.maisonmallet.com<\/a><\/p>\n<p>Ceux et celles qui le d\u00e9sirent, peuvent y envoyer des messages de sympathie.<\/p>\n<p>&nbsp;<\/p>\n<hr \/>\n<p>Envoyer vos condol\u00e9ances<\/p>\n<p>[contact-form to=\u00a0\u00bbdalida_pinette@telus.net\u00a0\u00bb subject=\u00a0\u00bbCondol\u00e9ances Marguerite Fontaine\u00a0\u00bb][contact-field label=\u00a0\u00bbVotre nom\u00a0\u00bb type=\u00a0\u00bbname\u00a0\u00bb required=\u00a0\u00bb1&Prime;][contact-field label=\u00a0\u00bbVotre courriel\u00a0\u00bb type=\u00a0\u00bbemail\u00a0\u00bb required=\u00a0\u00bb1&Prime;][contact-field label=\u00a0\u00bbCondol\u00e9ances\u00a0\u00bb type=\u00a0\u00bbtextarea\u00a0\u00bb][\/contact-form]<\/p>\n","protected":false},"featured_media":33119,"template":"","event_cat":[6],"class_list":["post-33109","event","type-event","status-publish","has-post-thumbnail","hentry","event_cat-maison-mallet-et-fils-inc"],"_links":{"self":[{"href":"https:\/\/nouveau.maisonmallet.com\/back05_01\/index.php?rest_route=\/wp\/v2\/event\/33109","targetHints":{"allow":["GET"]}}],"collection":[{"href":"https:\/\/nouveau.maisonmallet.com\/back05_01\/index.php?rest_route=\/wp\/v2\/event"}],"about":[{"href":"https:\/\/nouveau.maisonmallet.com\/back05_01\/index.php?rest_route=\/wp\/v2\/types\/event"}],"wp:featuredmedia":[{"embeddable":true,"href":"https:\/\/nouveau.maisonmallet.com\/back05_01\/index.php?rest_route=\/wp\/v2\/media\/33119"}],"wp:attachment":[{"href":"https:\/\/nouveau.maisonmallet.com\/back05_01\/index.php?rest_route=%2Fwp%2Fv2%2Fmedia&parent=33109"}],"wp:term":[{"taxonomy":"event_cat","embeddable":true,"href":"https:\/\/nouveau.maisonmallet.com\/back05_01\/index.php?rest_route=%2Fwp%2Fv2%2Fevent_cat&post=33109"}],"curies":[{"name":"wp","href":"https:\/\/api.w.org\/{rel}","templated":true}]}}

<p>1940 &#8211; 2022</p>
<p>FONTAINE, Marguerite (Pinette)</p>
<p>&nbsp;</p>
<p>À Maliotenam, le 6 août 2022, est décédée l’âge de 81 ans, madame Marguerite Fontaine épouse de Adrien Pinette et domiciliée à Maliotenam.</p>
<p>Les funérailles de madame Marguerite Fontaine Pinette auront lieu le mercredi 10 août 2022 à 14 h en l’Église Notre-Dame du Cap située au 139, rue de l’Église à Maliotenam et de là au cimetière de Maliotenam.</p>
<p>La famille reçoit parents et amis le mardi 9 août 2022 à compter de 11 h au 124, rue de l`Église à Maliotenam.</p>
<p>Elle laisse dans le deuil outre son époux monsieur Adrien Pinette, ses enfants : Marie-Line (Edmond Gagné), Sylvio (Camilienne Pinette), Guylaine, Aldège, Sonia (Junior St-Onge), Lisanne (Moïse Michel) et Dalida (Carlo McKenzie), ses petits-enfants, ses arrière-petits-enfants, son arrière-arrière-petit-fils ainsi que ses frères, sa sœur, ses beaux-frères, ses belles-sœurs, ses neveux, ses nièces, ses cousins, ses cousines et de nombreux ami(e)s.</p>
<p>La famille a confié la direction des funérailles aux services professionnels de la Maison Mallet &amp; fils du 585, boul. Laure à Sept-Îles, maintenant reconnue Distinction et membre de la Corporation des Thanatologues du Québec.</p>
<p>Vous pouvez consulter cet avis de décès, sur le <a href="https://nouveau.maisonmallet.com/back05_01">www.maisonmallet.com</a></p>
<p>Ceux et celles qui le désirent, peuvent y envoyer des messages de sympathie.</p>
<p>&nbsp;</p>
<hr />
<p>Envoyer vos condoléances</p>
<p>[contact-form to= »dalida_pinette@telus.net » subject= »Condoléances Marguerite Fontaine »][contact-field label= »Votre nom » type= »name » required= »1&Prime;][contact-field label= »Votre courriel » type= »email » required= »1&Prime;][contact-field label= »Condoléances » type= »textarea »][/contact-form]</p>
