{"id":33117,"date":"2022-08-08T11:25:03","date_gmt":"2022-08-08T15:25:03","guid":{"rendered":"https:\/\/nouveau.maisonmallet.com\/?post_type=event&#038;p=33117"},"modified":"2022-08-09T11:29:30","modified_gmt":"2022-08-09T15:29:30","slug":"fontaine-donald","status":"publish","type":"event","link":"https:\/\/nouveau.maisonmallet.com\/back05_01\/?event=fontaine-donald","title":{"rendered":"FONTAINE, Donald"},"content":{"rendered":"<p>1948 &#8211; 2022<\/p>\n<p>FONTAINE, Donald<\/p>\n<p>&nbsp;<\/p>\n<p>\u00c0 Sept-\u00celes, le 7 ao\u00fbt 2022, est d\u00e9c\u00e9d\u00e9 \u00e0 l\u2019\u00e2ge de 74 ans, monsieur Donald Fontaine fils de feu Georges Fontaine et de feu Alberta Pinette domicili\u00e9 \u00e0 Maliotenam.<\/p>\n<p>Les fun\u00e9railles de monsieur Donald Fontaine auront lieu le mercredi 10 ao\u00fbt 2022 \u00e0 14 h en l\u2019\u00e9glise Notre-Dame du Cap situ\u00e9e au 139, rue de l\u2019\u00c9glise \u00e0 Maliotenam et de l\u00e0 au cimeti\u00e8re de l`endroit.<\/p>\n<p>La famille re\u00e7oit parents et amis le mardi 9 ao\u00fbt 2022 \u00e0 compter de 14 h \u00e0 l\u2019\u00c9glise Notre-Dame du Cap situ\u00e9e au 139, rue de l\u2019\u00c9glise \u00e0 Maliotenam et de l\u00e0 au cimeti\u00e8re de l`endroit.<\/p>\n<p>Il laisse dans le deuil ses enfants\u00a0: Mona (Fran\u00e7ois Fontaine), Billy (Alexandra Thirnish), Magalie (Ken Michel), Rapha\u00ebl (Isabelle Rock), Donna, Daisy, Krystle (Yoan Therrien) et Shaushiss, ses petits-enfants, ses arri\u00e8re-petits-enfants ainsi que ses fr\u00e8res, sa s\u0153ur, son beau-fr\u00e8re, sa belle-s\u0153ur, ses neveux, ses ni\u00e8ces, ses cousins, ses cousines et de nombreux ami(e)s.<\/p>\n<p>La famille a confi\u00e9 la direction des fun\u00e9railles aux services professionnels de la Maison Mallet &amp; fils du 585, boul. Laure \u00e0 Sept-\u00celes, maintenant reconnue Distinction et membre de la Corporation des Thanatologues du Qu\u00e9bec.<\/p>\n<p>Vous pouvez consulter cet avis de d\u00e9c\u00e8s, sur le <a href=\"https:\/\/nouveau.maisonmallet.com\/back05_01\">www.maisonmallet.com<\/a><\/p>\n<p>Ceux et celles qui le d\u00e9sirent, peuvent y envoyer des messages de sympathie.<\/p>\n<p>&nbsp;<\/p>\n<hr \/>\n<p>Envoyer vos condol\u00e9ances<\/p>\n<p>[contact-form to=\u00a0\u00bbdzy13@hotmail.com\u00a0\u00bb subject=\u00a0\u00bbCondol\u00e9ances Donat Fontaine\u00a0\u00bb][contact-field label=\u00a0\u00bbVotre nom\u00a0\u00bb type=\u00a0\u00bbname\u00a0\u00bb required=\u00a0\u00bb1&Prime;][contact-field label=\u00a0\u00bbVotre courriel\u00a0\u00bb type=\u00a0\u00bbemail\u00a0\u00bb required=\u00a0\u00bb1&Prime;][contact-field label=\u00a0\u00bbCondol\u00e9ances\u00a0\u00bb type=\u00a0\u00bbtextarea\u00a0\u00bb][\/contact-form]<\/p>\n","protected":false},"featured_media":33121,"template":"","event_cat":[6],"class_list":["post-33117","event","type-event","status-publish","has-post-thumbnail","hentry","event_cat-maison-mallet-et-fils-inc"],"_links":{"self":[{"href":"https:\/\/nouveau.maisonmallet.com\/back05_01\/index.php?rest_route=\/wp\/v2\/event\/33117","targetHints":{"allow":["GET"]}}],"collection":[{"href":"https:\/\/nouveau.maisonmallet.com\/back05_01\/index.php?rest_route=\/wp\/v2\/event"}],"about":[{"href":"https:\/\/nouveau.maisonmallet.com\/back05_01\/index.php?rest_route=\/wp\/v2\/types\/event"}],"wp:featuredmedia":[{"embeddable":true,"href":"https:\/\/nouveau.maisonmallet.com\/back05_01\/index.php?rest_route=\/wp\/v2\/media\/33121"}],"wp:attachment":[{"href":"https:\/\/nouveau.maisonmallet.com\/back05_01\/index.php?rest_route=%2Fwp%2Fv2%2Fmedia&parent=33117"}],"wp:term":[{"taxonomy":"event_cat","embeddable":true,"href":"https:\/\/nouveau.maisonmallet.com\/back05_01\/index.php?rest_route=%2Fwp%2Fv2%2Fevent_cat&post=33117"}],"curies":[{"name":"wp","href":"https:\/\/api.w.org\/{rel}","templated":true}]}}

<p>1948 &#8211; 2022</p>
<p>FONTAINE, Donald</p>
<p>&nbsp;</p>
<p>À Sept-Îles, le 7 août 2022, est décédé à l’âge de 74 ans, monsieur Donald Fontaine fils de feu Georges Fontaine et de feu Alberta Pinette domicilié à Maliotenam.</p>
<p>Les funérailles de monsieur Donald Fontaine auront lieu le mercredi 10 août 2022 à 14 h en l’église Notre-Dame du Cap située au 139, rue de l’Église à Maliotenam et de là au cimetière de l`endroit.</p>
<p>La famille reçoit parents et amis le mardi 9 août 2022 à compter de 14 h à l’Église Notre-Dame du Cap située au 139, rue de l’Église à Maliotenam et de là au cimetière de l`endroit.</p>
<p>Il laisse dans le deuil ses enfants : Mona (François Fontaine), Billy (Alexandra Thirnish), Magalie (Ken Michel), Raphaël (Isabelle Rock), Donna, Daisy, Krystle (Yoan Therrien) et Shaushiss, ses petits-enfants, ses arrière-petits-enfants ainsi que ses frères, sa sœur, son beau-frère, sa belle-sœur, ses neveux, ses nièces, ses cousins, ses cousines et de nombreux ami(e)s.</p>
<p>La famille a confié la direction des funérailles aux services professionnels de la Maison Mallet &amp; fils du 585, boul. Laure à Sept-Îles, maintenant reconnue Distinction et membre de la Corporation des Thanatologues du Québec.</p>
<p>Vous pouvez consulter cet avis de décès, sur le <a href="https://nouveau.maisonmallet.com/back05_01">www.maisonmallet.com</a></p>
<p>Ceux et celles qui le désirent, peuvent y envoyer des messages de sympathie.</p>
<p>&nbsp;</p>
<hr />
<p>Envoyer vos condoléances</p>
<p>[contact-form to= »dzy13@hotmail.com » subject= »Condoléances Donat Fontaine »][contact-field label= »Votre nom » type= »name » required= »1&Prime;][contact-field label= »Votre courriel » type= »email » required= »1&Prime;][contact-field label= »Condoléances » type= »textarea »][/contact-form]</p>
