{"id":33120,"date":"2022-08-08T11:31:06","date_gmt":"2022-08-08T15:31:06","guid":{"rendered":"https:\/\/nouveau.maisonmallet.com\/?post_type=event&#038;p=33120"},"modified":"2022-08-09T11:39:51","modified_gmt":"2022-08-09T15:39:51","slug":"prevereau-leonard-la-raguidou","status":"publish","type":"event","link":"https:\/\/nouveau.maisonmallet.com\/back05_01\/?event=prevereau-leonard-la-raguidou","title":{"rendered":"PR\u00c9VEREAU, L\u00e9onard (La Raguidou)"},"content":{"rendered":"<p>1950 &#8211; 2022<\/p>\n<p>PR\u00c9VEREAU, L\u00e9onard (La Raguidou)<\/p>\n<p>&nbsp;<\/p>\n<p>\u00c0 Havre-St-Pierre, le 6 ao\u00fbt 2022, est d\u00e9c\u00e9d\u00e9 \u00e0 l\u2019\u00e2ge de 72 ans, monsieur L\u00e9onard (La Raguidou) Pr\u00e9vereau \u00e9poux de madame Yvonnette Barriault et domicili\u00e9\u00a0 \u00e0 Havre-St-Pierre.<\/p>\n<p>Les fun\u00e9railles de monsieur L\u00e9onard (La Raguidou) Pr\u00e9vereau auront lieu le vendredi 12 ao\u00fbt 2022 \u00e0 14 h en l\u2019\u00e9glise St-Pierre de Havre-St-Pierre et de l\u00e0 au cimeti\u00e8re de l`endroit.<\/p>\n<p>La famille re\u00e7oit parents et amis le jeudi 11 ao\u00fbt 2022 de 19h \u00e0 22h. Le vendredi 12 ao\u00fbt 2022 \u00e0 compter de 13 h au salon de la maison L.J.G. Mallet du 1429, rue du Canot \u00e0 Havre-St-Pierre.<\/p>\n<p>Il laisse dans le deuil outre son \u00e9pouse madame Yvonnette Barriault, ses filles\u00a0: Katy (Maxime Robin-Boudreau) et Sonia (Billy Scherrer), son petit-fils Matthieu, sa petite-fille Amy ainsi que son fr\u00e8re Jean-Paul, ses beaux-fr\u00e8res, ses belles-s\u0153urs, ses neveux, ses ni\u00e8ces, ses oncles, ses tantes, ses cousins, ses cousines et de nombreux ami(e)s.<\/p>\n<p>La famille a confi\u00e9 la direction des fun\u00e9railles aux services professionnels de la maison L.J.G. Mallet du 1429, rue du Canot \u00e0 Havre-St-Pierre, maintenant reconnue Distinction et membre de la Corporation des Thanatologues du Qu\u00e9bec.<\/p>\n<p>Vous pouvez consulter cet avis de d\u00e9c\u00e8s, sur le <a href=\"https:\/\/nouveau.maisonmallet.com\/back05_01\">www.maisonmallet.com<\/a><\/p>\n<p>Ceux et celles qui le d\u00e9sirent, peuvent y envoyer des messages de sympathie.<\/p>\n<p>&nbsp;<\/p>\n<hr \/>\n<p>Envoyer vos condol\u00e9ances<\/p>\n<p>[contact-form to=\u00a0\u00bbkatyprevereau@gmail.com\u00a0\u00bb subject=\u00a0\u00bbCondol\u00e9ances L\u00e9onard Pr\u00e9vereau\u00a0\u00bb][contact-field label=\u00a0\u00bbVotre nom\u00a0\u00bb type=\u00a0\u00bbname\u00a0\u00bb required=\u00a0\u00bb1&Prime;][contact-field label=\u00a0\u00bbVotre courriel\u00a0\u00bb type=\u00a0\u00bbemail\u00a0\u00bb required=\u00a0\u00bb1&Prime;][contact-field label=\u00a0\u00bbCondol\u00e9ances\u00a0\u00bb type=\u00a0\u00bbtextarea\u00a0\u00bb][\/contact-form]<\/p>\n","protected":false},"featured_media":33123,"template":"","event_cat":[7],"class_list":["post-33120","event","type-event","status-publish","has-post-thumbnail","hentry","event_cat-maison-l-j-g-mallet-inc"],"_links":{"self":[{"href":"https:\/\/nouveau.maisonmallet.com\/back05_01\/index.php?rest_route=\/wp\/v2\/event\/33120","targetHints":{"allow":["GET"]}}],"collection":[{"href":"https:\/\/nouveau.maisonmallet.com\/back05_01\/index.php?rest_route=\/wp\/v2\/event"}],"about":[{"href":"https:\/\/nouveau.maisonmallet.com\/back05_01\/index.php?rest_route=\/wp\/v2\/types\/event"}],"wp:featuredmedia":[{"embeddable":true,"href":"https:\/\/nouveau.maisonmallet.com\/back05_01\/index.php?rest_route=\/wp\/v2\/media\/33123"}],"wp:attachment":[{"href":"https:\/\/nouveau.maisonmallet.com\/back05_01\/index.php?rest_route=%2Fwp%2Fv2%2Fmedia&parent=33120"}],"wp:term":[{"taxonomy":"event_cat","embeddable":true,"href":"https:\/\/nouveau.maisonmallet.com\/back05_01\/index.php?rest_route=%2Fwp%2Fv2%2Fevent_cat&post=33120"}],"curies":[{"name":"wp","href":"https:\/\/api.w.org\/{rel}","templated":true}]}}

PRÉVEREAU, Léonard (La Raguidou)

<p>1950 &#8211; 2022</p>
<p>PRÉVEREAU, Léonard (La Raguidou)</p>
<p>&nbsp;</p>
<p>À Havre-St-Pierre, le 6 août 2022, est décédé à l’âge de 72 ans, monsieur Léonard (La Raguidou) Prévereau époux de madame Yvonnette Barriault et domicilié  à Havre-St-Pierre.</p>
<p>Les funérailles de monsieur Léonard (La Raguidou) Prévereau auront lieu le vendredi 12 août 2022 à 14 h en l’église St-Pierre de Havre-St-Pierre et de là au cimetière de l`endroit.</p>
<p>La famille reçoit parents et amis le jeudi 11 août 2022 de 19h à 22h. Le vendredi 12 août 2022 à compter de 13 h au salon de la maison L.J.G. Mallet du 1429, rue du Canot à Havre-St-Pierre.</p>
<p>Il laisse dans le deuil outre son épouse madame Yvonnette Barriault, ses filles : Katy (Maxime Robin-Boudreau) et Sonia (Billy Scherrer), son petit-fils Matthieu, sa petite-fille Amy ainsi que son frère Jean-Paul, ses beaux-frères, ses belles-sœurs, ses neveux, ses nièces, ses oncles, ses tantes, ses cousins, ses cousines et de nombreux ami(e)s.</p>
<p>La famille a confié la direction des funérailles aux services professionnels de la maison L.J.G. Mallet du 1429, rue du Canot à Havre-St-Pierre, maintenant reconnue Distinction et membre de la Corporation des Thanatologues du Québec.</p>
<p>Vous pouvez consulter cet avis de décès, sur le <a href="https://nouveau.maisonmallet.com/back05_01">www.maisonmallet.com</a></p>
<p>Ceux et celles qui le désirent, peuvent y envoyer des messages de sympathie.</p>
<p>&nbsp;</p>
<hr />
<p>Envoyer vos condoléances</p>
<p>[contact-form to= »katyprevereau@gmail.com » subject= »Condoléances Léonard Prévereau »][contact-field label= »Votre nom » type= »name » required= »1&Prime;][contact-field label= »Votre courriel » type= »email » required= »1&Prime;][contact-field label= »Condoléances » type= »textarea »][/contact-form]</p>
