{"id":33320,"date":"2022-08-21T21:29:38","date_gmt":"2022-08-22T01:29:38","guid":{"rendered":"https:\/\/nouveau.maisonmallet.com\/?post_type=event&#038;p=33320"},"modified":"2022-08-22T21:38:34","modified_gmt":"2022-08-23T01:38:34","slug":"devost-delvina-tanguay","status":"publish","type":"event","link":"https:\/\/nouveau.maisonmallet.com\/back05_01\/?event=devost-delvina-tanguay","title":{"rendered":"DEVOST, Delvina (Tanguay)"},"content":{"rendered":"<p>1929 \u2013 2022<\/p>\n<p>DEVOST, Delvina (Tanguay)<\/p>\n<p>&nbsp;<\/p>\n<p>\u00c0 Havre-Saint-Pierre, le 4 juillet 2022, est d\u00e9c\u00e9d\u00e9e \u00e0 l\u2019\u00e2ge de 92 ans, madame Delvina Devost \u00e9pouse de feu Raymond Tanguay et domicili\u00e9e \u00e0 Havre-Saint-Pierre<\/p>\n<p>Les fun\u00e9railles de madame Delvina Devost auront lieu le vendredi 2 septembre 2022 \u00e0 14 h en l\u2019\u00c9glise Saint-Fran\u00e7ois R\u00e9gis de Baie-Johan-Beetz.<\/p>\n<p>Selon ses volont\u00e9s, elle a \u00e9t\u00e9 confi\u00e9e au cr\u00e9matorium de la Maison L.J.G. Mallet pour cr\u00e9mation.<\/p>\n<p>La famille re\u00e7oit parents et amis le jeudi 1<sup>er<\/sup> septembre 2022 de 19 h \u00e0 22 h. Le vendredi 2 septembre 2022 jour des fun\u00e9railles\u00a0\u00e0 compter de 13 h\u00a0\u00e0 l\u2019\u00c9glise de Baie-Johan-Beetz.<\/p>\n<p>Elle laisse dans le deuil ses enfants\u00a0: Sylvie (Jacques Drapeau), Gis\u00e8le (Gerard Gallant), Luc (Mireille Tanguay), Bernadette (Serge Proulx), Marcelle (Mario Gaudet), Cl\u00e9ment (Pierrette Tanguay), Claude (Annie Desbiens), Noella (Jeannot Desmeules), Chantale (Carl Tanguay) et Agathe, ses vingt-deux petits-enfants, ses vingt-deux arri\u00e8re-petits-enfants ainsi que son fr\u00e8re Guy, ses neveux, ses ni\u00e8ces et de nombreux amis.<\/p>\n<p>La famille a confi\u00e9 la direction des fun\u00e9railles aux services professionnels de la Maison L.J.G. Mallet du 1429, rue du Canot \u00e0 Havre-Saint-Pierre, maintenant reconnue Distinction et membre de la Corporation des Thanatologues du Qu\u00e9bec.<\/p>\n<p>Vous pouvez consulter cet avis de d\u00e9c\u00e8s, sur le\u00a0<a href=\"https:\/\/nouveau.maisonmallet.com\/back05_01\/\">www.maisonmallet.com<\/a><\/p>\n<p>Ceux et celles qui le d\u00e9sirent, peuvent y envoyer des messages de sympathie.<\/p>\n<p>&nbsp;<\/p>\n<hr \/>\n<p>Envoyer vos condol\u00e9ances<\/p>\n<p>[contact-form to=\u00a0\u00bbsyljacq94@hotmail.com\u00a0\u00bb subject=\u00a0\u00bbCondol\u00e9ances Delvina Devost\u00a0\u00bb][contact-field label=\u00a0\u00bbVotre nom\u00a0\u00bb type=\u00a0\u00bbname\u00a0\u00bb required=\u00a0\u00bb1&Prime;][contact-field label=\u00a0\u00bbVotre courriel\u00a0\u00bb type=\u00a0\u00bbemail\u00a0\u00bb required=\u00a0\u00bb1&Prime;][contact-field label=\u00a0\u00bbCondol\u00e9ances\u00a0\u00bb type=\u00a0\u00bbtextarea\u00a0\u00bb][\/contact-form]<\/p>\n","protected":false},"featured_media":33324,"template":"","event_cat":[7],"class_list":["post-33320","event","type-event","status-publish","has-post-thumbnail","hentry","event_cat-maison-l-j-g-mallet-inc"],"_links":{"self":[{"href":"https:\/\/nouveau.maisonmallet.com\/back05_01\/index.php?rest_route=\/wp\/v2\/event\/33320","targetHints":{"allow":["GET"]}}],"collection":[{"href":"https:\/\/nouveau.maisonmallet.com\/back05_01\/index.php?rest_route=\/wp\/v2\/event"}],"about":[{"href":"https:\/\/nouveau.maisonmallet.com\/back05_01\/index.php?rest_route=\/wp\/v2\/types\/event"}],"wp:featuredmedia":[{"embeddable":true,"href":"https:\/\/nouveau.maisonmallet.com\/back05_01\/index.php?rest_route=\/wp\/v2\/media\/33324"}],"wp:attachment":[{"href":"https:\/\/nouveau.maisonmallet.com\/back05_01\/index.php?rest_route=%2Fwp%2Fv2%2Fmedia&parent=33320"}],"wp:term":[{"taxonomy":"event_cat","embeddable":true,"href":"https:\/\/nouveau.maisonmallet.com\/back05_01\/index.php?rest_route=%2Fwp%2Fv2%2Fevent_cat&post=33320"}],"curies":[{"name":"wp","href":"https:\/\/api.w.org\/{rel}","templated":true}]}}

<p>1929 – 2022</p>
<p>DEVOST, Delvina (Tanguay)</p>
<p>&nbsp;</p>
<p>À Havre-Saint-Pierre, le 4 juillet 2022, est décédée à l’âge de 92 ans, madame Delvina Devost épouse de feu Raymond Tanguay et domiciliée à Havre-Saint-Pierre</p>
<p>Les funérailles de madame Delvina Devost auront lieu le vendredi 2 septembre 2022 à 14 h en l’Église Saint-François Régis de Baie-Johan-Beetz.</p>
<p>Selon ses volontés, elle a été confiée au crématorium de la Maison L.J.G. Mallet pour crémation.</p>
<p>La famille reçoit parents et amis le jeudi 1<sup>er</sup> septembre 2022 de 19 h à 22 h. Le vendredi 2 septembre 2022 jour des funérailles à compter de 13 h à l’Église de Baie-Johan-Beetz.</p>
<p>Elle laisse dans le deuil ses enfants : Sylvie (Jacques Drapeau), Gisèle (Gerard Gallant), Luc (Mireille Tanguay), Bernadette (Serge Proulx), Marcelle (Mario Gaudet), Clément (Pierrette Tanguay), Claude (Annie Desbiens), Noella (Jeannot Desmeules), Chantale (Carl Tanguay) et Agathe, ses vingt-deux petits-enfants, ses vingt-deux arrière-petits-enfants ainsi que son frère Guy, ses neveux, ses nièces et de nombreux amis.</p>
<p>La famille a confié la direction des funérailles aux services professionnels de la Maison L.J.G. Mallet du 1429, rue du Canot à Havre-Saint-Pierre, maintenant reconnue Distinction et membre de la Corporation des Thanatologues du Québec.</p>
<p>Vous pouvez consulter cet avis de décès, sur le <a href="https://nouveau.maisonmallet.com/back05_01/">www.maisonmallet.com</a></p>
<p>Ceux et celles qui le désirent, peuvent y envoyer des messages de sympathie.</p>
<p>&nbsp;</p>
<hr />
<p>Envoyer vos condoléances</p>
<p>[contact-form to= »syljacq94@hotmail.com » subject= »Condoléances Delvina Devost »][contact-field label= »Votre nom » type= »name » required= »1&Prime;][contact-field label= »Votre courriel » type= »email » required= »1&Prime;][contact-field label= »Condoléances » type= »textarea »][/contact-form]</p>
