{"id":3350,"date":"2019-06-13T09:47:12","date_gmt":"2019-06-13T13:47:12","guid":{"rendered":"https:\/\/nouveau.maisonmallet.com\/?post_type=event&#038;p=3350"},"modified":"2019-06-17T17:19:36","modified_gmt":"2019-06-17T21:19:36","slug":"jean-marcelle-25111928","status":"publish","type":"event","link":"https:\/\/nouveau.maisonmallet.com\/back05_01\/?event=jean-marcelle-25111928","title":{"rendered":"JEAN, Marcelle (Audit)"},"content":{"rendered":"<p>1928 \u2013 2019<\/p>\n<p>JEAN, Marcelle (Audit)<\/p>\n<p>&nbsp;<\/p>\n<p>\u00c0 Sept-\u00celes (Maison \u00c9lyme des sables), le 13 juin 2019, est d\u00e9c\u00e9d\u00e9e \u00e0 l\u2019\u00e2ge de 90 ans, madame Marcelle Jean \u00e9pouse de feu \u00c9milio Audit et domicili\u00e9e \u00e0 Sept-\u00celes.<\/p>\n<p>Les fun\u00e9railles de madame Marcelle Jean auront lieu le samedi 13 juillet 2019 \u00e0 14 h en l\u2019\u00e9glise Saint-Paul de Pointe-aux-Anglais.<\/p>\n<p>Selon ses volont\u00e9s, elle a \u00e9t\u00e9 confi\u00e9e au cr\u00e9matorium de la Maison Mallet &amp; fils pour cr\u00e9mation.<\/p>\n<p>La famille re\u00e7oit parents et amis le samedi 13 juillet 2019 jour des fun\u00e9railles \u00e0 compter de 13 h en l&rsquo;\u00e9glise St-Paul de Pointe-aux-Anglais.<\/p>\n<p>Elle laisse dans le deuil ses enfants\u00a0: Suzanne (Benny Chambers), Yoland (Le Yo) (Monique Langlois), Marl\u00e8ne (Jos\u00e9 Allaire) et Martin (Aline Deroy), ses petits-enfants : Fr\u00e9d\u00e9ric (Marie-Claude Dub\u00e9), Nicolas (Kim Vibert), Gabriel, Ricky, Philippe (Naomi Fr\u00e9mont) et Camille, ses arri\u00e8re-petits-enfants : Neil et Sophia ainsi que ses s\u0153urs, ses beaux-fr\u00e8res, ses belles-s\u0153urs, ses neveux, ses ni\u00e8ces, ses cousins, ses cousines et de nombreux ami(e)s.<\/p>\n<p>Vos marques de sympathie peuvent se traduire par un don \u00e0 l\u2019\u00c9lyme des sables <a href=\"http:\/\/www.elymedessables.com\/\">www.elymedessables.com<\/a><\/p>\n<p>La famille tient \u00e0 remercier tout particuli\u00e8rement le personnel de l\u2019\u00c9lyme des sables, celui de l\u2019H\u00f4pital de Sept-\u00celes, ainsi que D<sup>re<\/sup> Julie L\u00e9ger et madame Rose-Anne Lemieux pour leurs soins exceptionnels.<\/p>\n<p>La direction des fun\u00e9railles a \u00e9t\u00e9 confi\u00e9e aux services professionnels de la Maison Mallet &amp; fils du 57, route 138 \u00e0 Port-Cartier, maintenant reconnue Distinction et membre de la Corporation des Thanatologues du Qu\u00e9bec.<\/p>\n<p>Vous pouvez consulter cet avis de d\u00e9c\u00e8s, sur le <a href=\"https:\/\/nouveau.maisonmallet.com\/back05_01\/\">www.maisonmallet.com<\/a><\/p>\n<p>Ceux et celles qui le d\u00e9sirent, peuvent y envoyer des messages de sympathie.<\/p>\n<p>&nbsp;<\/p>\n<p>&nbsp;<\/p>\n<hr \/>\n<p>Envoyer vos condol\u00e9ances<\/p>\n<p>[contact-form to=\u00a0\u00bbs.chambers@globetrotter.net\u00a0\u00bb subject=\u00a0\u00bbCondol\u00e9ances Marcelle Jean\u00a0\u00bb][contact-field label=\u00a0\u00bbVotre nom\u00a0\u00bb type=\u00a0\u00bbname\u00a0\u00bb required=\u00a0\u00bb1&Prime;][contact-field label=\u00a0\u00bbVotre courriel\u00a0\u00bb type=\u00a0\u00bbemail\u00a0\u00bb required=\u00a0\u00bb1&Prime;][contact-field label=\u00a0\u00bbCondol\u00e9ances\u00a0\u00bb type=\u00a0\u00bbtextarea\u00a0\u00bb][\/contact-form]<\/p>\n","protected":false},"featured_media":3400,"template":"","event_cat":[6],"class_list":["post-3350","event","type-event","status-publish","has-post-thumbnail","hentry","event_cat-maison-mallet-et-fils-inc"],"_links":{"self":[{"href":"https:\/\/nouveau.maisonmallet.com\/back05_01\/index.php?rest_route=\/wp\/v2\/event\/3350","targetHints":{"allow":["GET"]}}],"collection":[{"href":"https:\/\/nouveau.maisonmallet.com\/back05_01\/index.php?rest_route=\/wp\/v2\/event"}],"about":[{"href":"https:\/\/nouveau.maisonmallet.com\/back05_01\/index.php?rest_route=\/wp\/v2\/types\/event"}],"wp:featuredmedia":[{"embeddable":true,"href":"https:\/\/nouveau.maisonmallet.com\/back05_01\/index.php?rest_route=\/wp\/v2\/media\/3400"}],"wp:attachment":[{"href":"https:\/\/nouveau.maisonmallet.com\/back05_01\/index.php?rest_route=%2Fwp%2Fv2%2Fmedia&parent=3350"}],"wp:term":[{"taxonomy":"event_cat","embeddable":true,"href":"https:\/\/nouveau.maisonmallet.com\/back05_01\/index.php?rest_route=%2Fwp%2Fv2%2Fevent_cat&post=3350"}],"curies":[{"name":"wp","href":"https:\/\/api.w.org\/{rel}","templated":true}]}}

<p>1928 – 2019</p>
<p>JEAN, Marcelle (Audit)</p>
<p>&nbsp;</p>
<p>À Sept-Îles (Maison Élyme des sables), le 13 juin 2019, est décédée à l’âge de 90 ans, madame Marcelle Jean épouse de feu Émilio Audit et domiciliée à Sept-Îles.</p>
<p>Les funérailles de madame Marcelle Jean auront lieu le samedi 13 juillet 2019 à 14 h en l’église Saint-Paul de Pointe-aux-Anglais.</p>
<p>Selon ses volontés, elle a été confiée au crématorium de la Maison Mallet &amp; fils pour crémation.</p>
<p>La famille reçoit parents et amis le samedi 13 juillet 2019 jour des funérailles à compter de 13 h en l&rsquo;église St-Paul de Pointe-aux-Anglais.</p>
<p>Elle laisse dans le deuil ses enfants : Suzanne (Benny Chambers), Yoland (Le Yo) (Monique Langlois), Marlène (José Allaire) et Martin (Aline Deroy), ses petits-enfants : Frédéric (Marie-Claude Dubé), Nicolas (Kim Vibert), Gabriel, Ricky, Philippe (Naomi Frémont) et Camille, ses arrière-petits-enfants : Neil et Sophia ainsi que ses sœurs, ses beaux-frères, ses belles-sœurs, ses neveux, ses nièces, ses cousins, ses cousines et de nombreux ami(e)s.</p>
<p>Vos marques de sympathie peuvent se traduire par un don à l’Élyme des sables <a href="http://www.elymedessables.com/">www.elymedessables.com</a></p>
<p>La famille tient à remercier tout particulièrement le personnel de l’Élyme des sables, celui de l’Hôpital de Sept-Îles, ainsi que D<sup>re</sup> Julie Léger et madame Rose-Anne Lemieux pour leurs soins exceptionnels.</p>
<p>La direction des funérailles a été confiée aux services professionnels de la Maison Mallet &amp; fils du 57, route 138 à Port-Cartier, maintenant reconnue Distinction et membre de la Corporation des Thanatologues du Québec.</p>
<p>Vous pouvez consulter cet avis de décès, sur le <a href="https://nouveau.maisonmallet.com/back05_01/">www.maisonmallet.com</a></p>
<p>Ceux et celles qui le désirent, peuvent y envoyer des messages de sympathie.</p>
<p>&nbsp;</p>
<p>&nbsp;</p>
<hr />
<p>Envoyer vos condoléances</p>
<p>[contact-form to= »s.chambers@globetrotter.net » subject= »Condoléances Marcelle Jean »][contact-field label= »Votre nom » type= »name » required= »1&Prime;][contact-field label= »Votre courriel » type= »email » required= »1&Prime;][contact-field label= »Condoléances » type= »textarea »][/contact-form]</p>
