{"id":33565,"date":"2022-08-30T22:12:35","date_gmt":"2022-08-31T02:12:35","guid":{"rendered":"https:\/\/nouveau.maisonmallet.com\/?post_type=event&#038;p=33565"},"modified":"2022-09-01T09:37:38","modified_gmt":"2022-09-01T13:37:38","slug":"therriault-luc-ti-luc","status":"publish","type":"event","link":"https:\/\/nouveau.maisonmallet.com\/back05_01\/?event=therriault-luc-ti-luc","title":{"rendered":"THERRIAULT, Luc (Ti-Luc)"},"content":{"rendered":"<p>1966 \u2013 2022<\/p>\n<p>THERRIAULT, Luc (Ti-Luc)<\/p>\n<p>&nbsp;<\/p>\n<p>\u00c0 Gallix, le 29 ao\u00fbt 2022, est d\u00e9c\u00e9d\u00e9 \u00e0 l\u2019\u00e2ge de 56 ans, Luc (Ti-Luc) Therriault \u00e9poux de Nathalie Vigneault et domicili\u00e9 \u00e0 Gallix.<\/p>\n<p>Les fun\u00e9railles de Luc (Ti-Luc) Therriault auront lieu le samedi 3 septembre 2022 \u00e0 14 h en l\u2019\u00e9glise Ste-Marguerite de Gallix et de l\u00e0 au cimeti\u00e8re de l\u2019endroit.<\/p>\n<p>Selon ses volont\u00e9s, il a \u00e9t\u00e9 confi\u00e9 au cr\u00e9matorium de la Maison Mallet &amp; fils pour cr\u00e9mation.<\/p>\n<p>La famille re\u00e7oit parents et amis le vendredi 2 septembre 2022 de 19 h \u00e0 22 h. Le samedi 3 septembre 2022 jour des fun\u00e9railles \u00e0 compter de 12 h 30 au salon de l\u2019\u00e9glise Ste-Marguerite de Gallix.<\/p>\n<p>Il laisse dans le deuil outre son \u00e9pouse Nathalie Vigneault, son fils Nathan, ses s\u0153urs\u00a0: Linda (Marc Samson), Lise (Yves Boudreault) et Nathalie, ses fr\u00e8res\u00a0: Serge (Maryse Babeux) et Denis (Martine Gaudreault) ainsi que son beau-p\u00e8re monsieur Jean-Guy Vigneault, sa belle-m\u00e8re madame Micheline Gauthier, sa belle-s\u0153ur Guylaine (Serge Santerre), son beau-fr\u00e8re Jean (Chantal Diotte), ses neveux, ses ni\u00e8ces, sa tante G\u00e9raldine Jones, ses cousins, ses cousines, Suzanne (Pierre Bilodeau) et de nombreux ami(e)s.<\/p>\n<p>Il \u00e9tait le fr\u00e8re de feu Serge (1<sup>er<\/sup> ) et feu Anne<\/p>\n<p>Un gros merci au Dre. Claire Gaudreault pour son d\u00e9vouement et sa disponibilit\u00e9 durant tous ce mois si difficile.<\/p>\n<p>Vos marques de sympathie peuvent se traduire par un don \u00e0 La Fondation Mira.<\/p>\n<p>La famille a confi\u00e9 les arrangements fun\u00e9raires aux services professionnels de la Maison Mallet &amp; fils du 585, boul. Laure \u00e0 Sept-\u00celes, membre de la Corporation des thanatologues du Qu\u00e9bec.<\/p>\n<p>Vous pouvez consulter cet avis de d\u00e9c\u00e8s sur le site \u00a0<a href=\"https:\/\/nouveau.maisonmallet.com\/back05_01\">www.maisonmallet.com<\/a><\/p>\n<p>Ceux et celles qui le d\u00e9sirent, peuvent y envoyer des messages de sympathie.<\/p>\n<p>&nbsp;<\/p>\n<hr \/>\n<p>Envoyer vos condol\u00e9ances<\/p>\n<p>[contact-form to=\u00a0\u00bbnvigno@telus.net\u00a0\u00bb subject=\u00a0\u00bbCondol\u00e9ances Luc Therriault\u00a0\u00bb][contact-field label=\u00a0\u00bbVotre nom\u00a0\u00bb type=\u00a0\u00bbname\u00a0\u00bb required=\u00a0\u00bb1&Prime;][contact-field label=\u00a0\u00bbVotre courriel\u00a0\u00bb type=\u00a0\u00bbemail\u00a0\u00bb required=\u00a0\u00bb1&Prime;][contact-field label=\u00a0\u00bbCondol\u00e9ances\u00a0\u00bb type=\u00a0\u00bbtextarea\u00a0\u00bb][\/contact-form]<\/p>\n","protected":false},"featured_media":33623,"template":"","event_cat":[6],"class_list":["post-33565","event","type-event","status-publish","has-post-thumbnail","hentry","event_cat-maison-mallet-et-fils-inc"],"_links":{"self":[{"href":"https:\/\/nouveau.maisonmallet.com\/back05_01\/index.php?rest_route=\/wp\/v2\/event\/33565","targetHints":{"allow":["GET"]}}],"collection":[{"href":"https:\/\/nouveau.maisonmallet.com\/back05_01\/index.php?rest_route=\/wp\/v2\/event"}],"about":[{"href":"https:\/\/nouveau.maisonmallet.com\/back05_01\/index.php?rest_route=\/wp\/v2\/types\/event"}],"wp:featuredmedia":[{"embeddable":true,"href":"https:\/\/nouveau.maisonmallet.com\/back05_01\/index.php?rest_route=\/wp\/v2\/media\/33623"}],"wp:attachment":[{"href":"https:\/\/nouveau.maisonmallet.com\/back05_01\/index.php?rest_route=%2Fwp%2Fv2%2Fmedia&parent=33565"}],"wp:term":[{"taxonomy":"event_cat","embeddable":true,"href":"https:\/\/nouveau.maisonmallet.com\/back05_01\/index.php?rest_route=%2Fwp%2Fv2%2Fevent_cat&post=33565"}],"curies":[{"name":"wp","href":"https:\/\/api.w.org\/{rel}","templated":true}]}}

<p>1966 – 2022</p>
<p>THERRIAULT, Luc (Ti-Luc)</p>
<p>&nbsp;</p>
<p>À Gallix, le 29 août 2022, est décédé à l’âge de 56 ans, Luc (Ti-Luc) Therriault époux de Nathalie Vigneault et domicilié à Gallix.</p>
<p>Les funérailles de Luc (Ti-Luc) Therriault auront lieu le samedi 3 septembre 2022 à 14 h en l’église Ste-Marguerite de Gallix et de là au cimetière de l’endroit.</p>
<p>Selon ses volontés, il a été confié au crématorium de la Maison Mallet &amp; fils pour crémation.</p>
<p>La famille reçoit parents et amis le vendredi 2 septembre 2022 de 19 h à 22 h. Le samedi 3 septembre 2022 jour des funérailles à compter de 12 h 30 au salon de l’église Ste-Marguerite de Gallix.</p>
<p>Il laisse dans le deuil outre son épouse Nathalie Vigneault, son fils Nathan, ses sœurs : Linda (Marc Samson), Lise (Yves Boudreault) et Nathalie, ses frères : Serge (Maryse Babeux) et Denis (Martine Gaudreault) ainsi que son beau-père monsieur Jean-Guy Vigneault, sa belle-mère madame Micheline Gauthier, sa belle-sœur Guylaine (Serge Santerre), son beau-frère Jean (Chantal Diotte), ses neveux, ses nièces, sa tante Géraldine Jones, ses cousins, ses cousines, Suzanne (Pierre Bilodeau) et de nombreux ami(e)s.</p>
<p>Il était le frère de feu Serge (1<sup>er</sup> ) et feu Anne</p>
<p>Un gros merci au Dre. Claire Gaudreault pour son dévouement et sa disponibilité durant tous ce mois si difficile.</p>
<p>Vos marques de sympathie peuvent se traduire par un don à La Fondation Mira.</p>
<p>La famille a confié les arrangements funéraires aux services professionnels de la Maison Mallet &amp; fils du 585, boul. Laure à Sept-Îles, membre de la Corporation des thanatologues du Québec.</p>
<p>Vous pouvez consulter cet avis de décès sur le site  <a href="https://nouveau.maisonmallet.com/back05_01">www.maisonmallet.com</a></p>
<p>Ceux et celles qui le désirent, peuvent y envoyer des messages de sympathie.</p>
<p>&nbsp;</p>
<hr />
<p>Envoyer vos condoléances</p>
<p>[contact-form to= »nvigno@telus.net » subject= »Condoléances Luc Therriault »][contact-field label= »Votre nom » type= »name » required= »1&Prime;][contact-field label= »Votre courriel » type= »email » required= »1&Prime;][contact-field label= »Condoléances » type= »textarea »][/contact-form]</p>
