{"id":33666,"date":"2022-09-02T16:19:53","date_gmt":"2022-09-02T20:19:53","guid":{"rendered":"https:\/\/nouveau.maisonmallet.com\/?post_type=event&#038;p=33666"},"modified":"2022-09-04T12:05:33","modified_gmt":"2022-09-04T16:05:33","slug":"vigneault-leopold","status":"publish","type":"event","link":"https:\/\/nouveau.maisonmallet.com\/back05_01\/?event=vigneault-leopold","title":{"rendered":"VIGNEAULT, L\u00e9opold"},"content":{"rendered":"<p>1941 &#8211; 2022<\/p>\n<p>VIGNEAULT, L\u00e9opold<\/p>\n<p>&nbsp;<\/p>\n<p>\u00c0 Qu\u00e9bec, le 30 ao\u00fbt 2022, est d\u00e9c\u00e9d\u00e9 \u00e0 l\u2019\u00e2ge de 81 ans, monsieur L\u00e9opold Vigneault \u00e9poux de madame Denyse Richard et domicili\u00e9 \u00e0 Sept-\u00celes.<\/p>\n<p>Les fun\u00e9railles de monsieur L\u00e9opold Vigneault auront lieu le jeudi 8 septembre 2022 \u00e0 16 h en l\u2019\u00e9glise St-Pierre de Havre-St-Pierre et de l\u00e0 au cimeti\u00e8re de l\u2019endroit.<\/p>\n<p>Selon ses volont\u00e9s, il a \u00e9t\u00e9 confi\u00e9 au cr\u00e9matorium de la maison L.J.G. Mallet pour cr\u00e9mation.<\/p>\n<p>La famille re\u00e7oit parents et amis le jeudi 8 septembre 2022 jour des fun\u00e9railles \u00e0 compter de 15 h \u00e0 l\u2019\u00e9glise St-Pierre de Havre-Saint-Pierre.<\/p>\n<p>Il laisse dans le deuil outre son \u00e9pouse madame Denyse Richard, son fils Steeve (Marc Lebrun), sa fille Nancy (Danny Chiasson), ses petits-enfants\u00a0: Jimmy et J\u00e9r\u00e9my, son arri\u00e8re-petite-fille Rosie ainsi que ses beaux-fr\u00e8res, ses belles-s\u0153urs, ses neveux, ses ni\u00e8ces, ses cousins, ses cousines et de nombreux ami(e)s.<\/p>\n<p>La famille tient \u00e0 remercier sinc\u00e8rement l&rsquo;\u00e9quipe soignante de l\u2019unit\u00e9 des soins intensifs de l&rsquo;IUCPQ pour leur accueil chaleureux et leurs soins professionnels \u00e0 dimension humaine. Merci sp\u00e9cial au Dr \u00c9ric Dumont.<\/p>\n<p>Vos marques de sympathie peuvent se traduire par un don la Fondation des maladies du c\u0153ur et de l\u2019AVC <a href=\"http:\/\/www.coeuretavc.ca\">www.coeuretavc.ca<\/a><\/p>\n<p>La famille a confi\u00e9 la direction des fun\u00e9railles aux services professionnels de la Maison L.J.G. Mallet du 1429, rue du Canot \u00e0 Havre-St-Pierre, membre de la Corporation des thanatologues du Qu\u00e9bec.<\/p>\n<p>Vous pouvez consulter cet avis de d\u00e9c\u00e8s, sur le <a href=\"https:\/\/nouveau.maisonmallet.com\/back05_01\">www.maisonmallet.com<\/a><\/p>\n<p>Ceux et celles qui le d\u00e9sirent, peuvent y envoyer des messages de sympathie.<\/p>\n<p>&nbsp;<\/p>\n<hr \/>\n<p>Envoyer vos condol\u00e9ances<\/p>\n<p>[contact-form to=\u00a0\u00bbnancy.vigneault40@gmail.com\u00a0\u00bb subject=\u00a0\u00bbCondol\u00e9ances L\u00e9opold Vigneault\u00a0\u00bb][contact-field label=\u00a0\u00bbVotre nom\u00a0\u00bb type=\u00a0\u00bbname\u00a0\u00bb required=\u00a0\u00bb1&Prime;][contact-field label=\u00a0\u00bbVotre courriel\u00a0\u00bb type=\u00a0\u00bbemail\u00a0\u00bb required=\u00a0\u00bb1&Prime;][contact-field label=\u00a0\u00bbCondol\u00e9ances\u00a0\u00bb type=\u00a0\u00bbtextarea\u00a0\u00bb][\/contact-form]<\/p>\n","protected":false},"featured_media":33784,"template":"","event_cat":[7],"class_list":["post-33666","event","type-event","status-publish","has-post-thumbnail","hentry","event_cat-maison-l-j-g-mallet-inc"],"_links":{"self":[{"href":"https:\/\/nouveau.maisonmallet.com\/back05_01\/index.php?rest_route=\/wp\/v2\/event\/33666","targetHints":{"allow":["GET"]}}],"collection":[{"href":"https:\/\/nouveau.maisonmallet.com\/back05_01\/index.php?rest_route=\/wp\/v2\/event"}],"about":[{"href":"https:\/\/nouveau.maisonmallet.com\/back05_01\/index.php?rest_route=\/wp\/v2\/types\/event"}],"wp:featuredmedia":[{"embeddable":true,"href":"https:\/\/nouveau.maisonmallet.com\/back05_01\/index.php?rest_route=\/wp\/v2\/media\/33784"}],"wp:attachment":[{"href":"https:\/\/nouveau.maisonmallet.com\/back05_01\/index.php?rest_route=%2Fwp%2Fv2%2Fmedia&parent=33666"}],"wp:term":[{"taxonomy":"event_cat","embeddable":true,"href":"https:\/\/nouveau.maisonmallet.com\/back05_01\/index.php?rest_route=%2Fwp%2Fv2%2Fevent_cat&post=33666"}],"curies":[{"name":"wp","href":"https:\/\/api.w.org\/{rel}","templated":true}]}}

VIGNEAULT, Léopold

<p>1941 &#8211; 2022</p>
<p>VIGNEAULT, Léopold</p>
<p>&nbsp;</p>
<p>À Québec, le 30 août 2022, est décédé à l’âge de 81 ans, monsieur Léopold Vigneault époux de madame Denyse Richard et domicilié à Sept-Îles.</p>
<p>Les funérailles de monsieur Léopold Vigneault auront lieu le jeudi 8 septembre 2022 à 16 h en l’église St-Pierre de Havre-St-Pierre et de là au cimetière de l’endroit.</p>
<p>Selon ses volontés, il a été confié au crématorium de la maison L.J.G. Mallet pour crémation.</p>
<p>La famille reçoit parents et amis le jeudi 8 septembre 2022 jour des funérailles à compter de 15 h à l’église St-Pierre de Havre-Saint-Pierre.</p>
<p>Il laisse dans le deuil outre son épouse madame Denyse Richard, son fils Steeve (Marc Lebrun), sa fille Nancy (Danny Chiasson), ses petits-enfants : Jimmy et Jérémy, son arrière-petite-fille Rosie ainsi que ses beaux-frères, ses belles-sœurs, ses neveux, ses nièces, ses cousins, ses cousines et de nombreux ami(e)s.</p>
<p>La famille tient à remercier sincèrement l&rsquo;équipe soignante de l’unité des soins intensifs de l&rsquo;IUCPQ pour leur accueil chaleureux et leurs soins professionnels à dimension humaine. Merci spécial au Dr Éric Dumont.</p>
<p>Vos marques de sympathie peuvent se traduire par un don la Fondation des maladies du cœur et de l’AVC <a href="http://www.coeuretavc.ca">www.coeuretavc.ca</a></p>
<p>La famille a confié la direction des funérailles aux services professionnels de la Maison L.J.G. Mallet du 1429, rue du Canot à Havre-St-Pierre, membre de la Corporation des thanatologues du Québec.</p>
<p>Vous pouvez consulter cet avis de décès, sur le <a href="https://nouveau.maisonmallet.com/back05_01">www.maisonmallet.com</a></p>
<p>Ceux et celles qui le désirent, peuvent y envoyer des messages de sympathie.</p>
<p>&nbsp;</p>
<hr />
<p>Envoyer vos condoléances</p>
<p>[contact-form to= »nancy.vigneault40@gmail.com » subject= »Condoléances Léopold Vigneault »][contact-field label= »Votre nom » type= »name » required= »1&Prime;][contact-field label= »Votre courriel » type= »email » required= »1&Prime;][contact-field label= »Condoléances » type= »textarea »][/contact-form]</p>
