{"id":33783,"date":"2022-09-03T16:15:38","date_gmt":"2022-09-03T20:15:38","guid":{"rendered":"https:\/\/nouveau.maisonmallet.com\/?post_type=event&#038;p=33783"},"modified":"2022-09-04T18:02:16","modified_gmt":"2022-09-04T22:02:16","slug":"therriault-lison-lise-marie","status":"publish","type":"event","link":"https:\/\/nouveau.maisonmallet.com\/back05_01\/?event=therriault-lison-lise-marie","title":{"rendered":"THERRIAULT, Lison (Lise Marie)"},"content":{"rendered":"<p>1956 &#8211; 2022<\/p>\n<p>THERRIAULT, Lison (Lise Marie)<\/p>\n<p>&nbsp;<\/p>\n<p>\u00c0 Sept-\u00celes (maison \u00c9lyme des Sables), le 31 ao\u00fbt 2022, est d\u00e9c\u00e9d\u00e9e \u00e0 l\u2019\u00e2ge de 66 ans, madame Lison Therriault conjointe de Ludger Landry et domicili\u00e9e \u00e0 Sept-\u00celes.<\/p>\n<p>Les fun\u00e9railles de madame Lison Therriault auront lieu le mercredi 7 septembre 2022 \u00e0 14 h en l\u2019\u00e9glise St-Joseph situ\u00e9e au 535, ave. Brochu \u00e0 Sept-\u00celes.<\/p>\n<p>La famille re\u00e7oit parents et amis le mardi 6 septembre 2022 de 19 h \u00e0 22 h et le mercredi 7 septembre 2022 jour des fun\u00e9railles \u00e0 compter de 12 h 30 au Complexe Thanatologique Mallet &amp; fils du 585 Boul. Laure \u00e0 Sept-\u00celes.<\/p>\n<p>Elle laisse dans le deuil outre son conjoint monsieur Ludger Landry, sa fille Diane (Maxime Allaire), ses petits-enfants\u00a0: Oph\u00e9lie, Fiona, Noah-Claude et F\u00e9licia, son beau-fils Serge Landry, sa belle-fille Nathalie Landry, ses fr\u00e8res\u00a0: Jean et G\u00e9rald, sa s\u0153ur Jacqueline, sa ni\u00e8ce Joan (C\u00e9dric Murray), ses neveux\u00a0: Denis et Mark ainsi que ses oncles, ses tantes, ses cousins, ses cousines et de nombreux ami(e)s.<\/p>\n<p>Vos marques de sympathie peuvent se traduire par un don \u00e0 l\u2019\u00c9lyme des Sables <a href=\"http:\/\/www.elymedessables.com\">www.elymedessables.com<\/a><\/p>\n<p>La famille a confi\u00e9 la direction des fun\u00e9railles aux services professionnels de la Maison Mallet &amp; fils du 585 boul. Laure \u00e0 Sept-\u00celes, maintenant reconnue Distinction et membre de la Corporation des Thanatologues du Qu\u00e9bec.<\/p>\n<p>Vous pouvez consulter cet avis de d\u00e9c\u00e8s sur le <a href=\"https:\/\/nouveau.maisonmallet.com\/back05_01\">www.maisonmallet.com<\/a><\/p>\n<p>Ceux et celles qui le d\u00e9sirent peuvent y envoyer des messages de sympathie.<\/p>\n<p>&nbsp;<\/p>\n<hr \/>\n<p>Envoyer vos condol\u00e9ances<\/p>\n<p>[contact-form to=\u00a0\u00bbtherriaultd@hotmail.com\u00a0\u00bb subject=\u00a0\u00bbCondol\u00e9ances Lise Marie Therriault\u00a0\u00bb][contact-field label=\u00a0\u00bbVotre nom\u00a0\u00bb type=\u00a0\u00bbname\u00a0\u00bb required=\u00a0\u00bb1&Prime;][contact-field label=\u00a0\u00bbVotre courriel\u00a0\u00bb type=\u00a0\u00bbemail\u00a0\u00bb required=\u00a0\u00bb1&Prime;][contact-field label=\u00a0\u00bbCondol\u00e9ances\u00a0\u00bb type=\u00a0\u00bbtextarea\u00a0\u00bb][\/contact-form]<\/p>\n","protected":false},"featured_media":33817,"template":"","event_cat":[6],"class_list":["post-33783","event","type-event","status-publish","has-post-thumbnail","hentry","event_cat-maison-mallet-et-fils-inc"],"_links":{"self":[{"href":"https:\/\/nouveau.maisonmallet.com\/back05_01\/index.php?rest_route=\/wp\/v2\/event\/33783","targetHints":{"allow":["GET"]}}],"collection":[{"href":"https:\/\/nouveau.maisonmallet.com\/back05_01\/index.php?rest_route=\/wp\/v2\/event"}],"about":[{"href":"https:\/\/nouveau.maisonmallet.com\/back05_01\/index.php?rest_route=\/wp\/v2\/types\/event"}],"wp:featuredmedia":[{"embeddable":true,"href":"https:\/\/nouveau.maisonmallet.com\/back05_01\/index.php?rest_route=\/wp\/v2\/media\/33817"}],"wp:attachment":[{"href":"https:\/\/nouveau.maisonmallet.com\/back05_01\/index.php?rest_route=%2Fwp%2Fv2%2Fmedia&parent=33783"}],"wp:term":[{"taxonomy":"event_cat","embeddable":true,"href":"https:\/\/nouveau.maisonmallet.com\/back05_01\/index.php?rest_route=%2Fwp%2Fv2%2Fevent_cat&post=33783"}],"curies":[{"name":"wp","href":"https:\/\/api.w.org\/{rel}","templated":true}]}}

<p>1956 &#8211; 2022</p>
<p>THERRIAULT, Lison (Lise Marie)</p>
<p>&nbsp;</p>
<p>À Sept-Îles (maison Élyme des Sables), le 31 août 2022, est décédée à l’âge de 66 ans, madame Lison Therriault conjointe de Ludger Landry et domiciliée à Sept-Îles.</p>
<p>Les funérailles de madame Lison Therriault auront lieu le mercredi 7 septembre 2022 à 14 h en l’église St-Joseph située au 535, ave. Brochu à Sept-Îles.</p>
<p>La famille reçoit parents et amis le mardi 6 septembre 2022 de 19 h à 22 h et le mercredi 7 septembre 2022 jour des funérailles à compter de 12 h 30 au Complexe Thanatologique Mallet &amp; fils du 585 Boul. Laure à Sept-Îles.</p>
<p>Elle laisse dans le deuil outre son conjoint monsieur Ludger Landry, sa fille Diane (Maxime Allaire), ses petits-enfants : Ophélie, Fiona, Noah-Claude et Félicia, son beau-fils Serge Landry, sa belle-fille Nathalie Landry, ses frères : Jean et Gérald, sa sœur Jacqueline, sa nièce Joan (Cédric Murray), ses neveux : Denis et Mark ainsi que ses oncles, ses tantes, ses cousins, ses cousines et de nombreux ami(e)s.</p>
<p>Vos marques de sympathie peuvent se traduire par un don à l’Élyme des Sables <a href="http://www.elymedessables.com">www.elymedessables.com</a></p>
<p>La famille a confié la direction des funérailles aux services professionnels de la Maison Mallet &amp; fils du 585 boul. Laure à Sept-Îles, maintenant reconnue Distinction et membre de la Corporation des Thanatologues du Québec.</p>
<p>Vous pouvez consulter cet avis de décès sur le <a href="https://nouveau.maisonmallet.com/back05_01">www.maisonmallet.com</a></p>
<p>Ceux et celles qui le désirent peuvent y envoyer des messages de sympathie.</p>
<p>&nbsp;</p>
<hr />
<p>Envoyer vos condoléances</p>
<p>[contact-form to= »therriaultd@hotmail.com » subject= »Condoléances Lise Marie Therriault »][contact-field label= »Votre nom » type= »name » required= »1&Prime;][contact-field label= »Votre courriel » type= »email » required= »1&Prime;][contact-field label= »Condoléances » type= »textarea »][/contact-form]</p>
