{"id":33815,"date":"2022-09-03T18:18:16","date_gmt":"2022-09-03T22:18:16","guid":{"rendered":"https:\/\/nouveau.maisonmallet.com\/?post_type=event&#038;p=33815"},"modified":"2022-09-04T18:22:53","modified_gmt":"2022-09-04T22:22:53","slug":"apestiguy-gaetan","status":"publish","type":"event","link":"https:\/\/nouveau.maisonmallet.com\/back05_01\/?event=apestiguy-gaetan","title":{"rendered":"APESTIGUY, Gaetan"},"content":{"rendered":"<p>1962 &#8211; 2022<\/p>\n<p>APESTIGUY, Gaetan<\/p>\n<p>&nbsp;<\/p>\n<p>\u00c0 Havre-Saint-Pierre, le 27 ao\u00fbt 2022, est d\u00e9c\u00e9d\u00e9 \u00e0 l\u2019\u00e2ge de 59 ans, monsieur Gaetan Apestiguy fils de feu Louis Apestiguy et de madame Th\u00e9r\u00e8se Poulin \u00a0domicili\u00e9 \u00e0 Port-Cartier.<\/p>\n<p>Les fun\u00e9railles de monsieur Gaetan Apestiguy auront lieu le vendredi 9 septembre 2022 \u00e0 15 h en l\u2019\u00e9glise Sacr\u00e9-C\u0153ur situ\u00e9e au 38, rue Parent \u00e0 Port-Cartier et de l\u00e0 au cimeti\u00e8re de l`endroit.<\/p>\n<p>Selon ses volont\u00e9s, il a \u00e9t\u00e9 confi\u00e9 au cr\u00e9matorium de la Maison Mallet &amp; fils pour cr\u00e9mation.<\/p>\n<p>La famille re\u00e7oit parents et amis le vendredi 9 septembre 2022 jour des fun\u00e9railles \u00e0 compter de 14 h \u00e0 l\u2019\u00e9glise Sacr\u00e9-C\u0153ur de Port-Cartier.<\/p>\n<p>Il laisse dans le deuil sa m\u00e8re Th\u00e9r\u00e8se Poulin (feu Louis Apestiguy), ses fr\u00e8res et ses s\u0153urs\u00a0: Julie (Gaetan Gagnon), Danielle (Bernard Simoneau), Lucie (Gaetan Boudreault), Robert (Diane Lapierre), Mario, Eric, Sylvain (Marl\u00e8ne Boudreau) et Normand (C\u00e9line Roussy) ainsi que ses neveux, ses ni\u00e8ces ses cousins, ses cousines et de nombreux ami(e)s.<\/p>\n<p>Vos marques de sympathie peuvent se traduire par un don \u00e0 l\u2019Association du cancer Est du Qu\u00e9bec <a href=\"http:\/\/www.aceq.org\">www.aceq.org<\/a><\/p>\n<p>La famille a confi\u00e9 les arrangements aux services professionnels de la maison Mallet &amp; fils du 57, route 138 \u00e0 Port-Cartier, maintenant reconnue Distinction et membre de la Corporation des Thanatologues du Qu\u00e9bec.<\/p>\n<p>Vous pouvez consulter cet avis de d\u00e9c\u00e8s, sur le <a href=\"https:\/\/nouveau.maisonmallet.com\/back05_01\">www.maisonmallet.com<\/a><\/p>\n<p>Ceux et celles qui le d\u00e9sirent, peuvent y envoyer des messages de sympathie.<\/p>\n<p>&nbsp;<\/p>\n<hr \/>\n<p>Envoyer vos condol\u00e9ances<\/p>\n<p>[contact-form to=\u00a0\u00bbdanielle.apestiguy@gmail.com\u00a0\u00bb subject=\u00a0\u00bbCondol\u00e9ances Gaetan Apestiguy\u00a0\u00bb][contact-field label=\u00a0\u00bbVotre nom\u00a0\u00bb type=\u00a0\u00bbname\u00a0\u00bb required=\u00a0\u00bb1&Prime;][contact-field label=\u00a0\u00bbVotre courriel\u00a0\u00bb type=\u00a0\u00bbemail\u00a0\u00bb required=\u00a0\u00bb1&Prime;][contact-field label=\u00a0\u00bbCondol\u00e9ances\u00a0\u00bb type=\u00a0\u00bbtextarea\u00a0\u00bb][\/contact-form]<\/p>\n","protected":false},"featured_media":33832,"template":"","event_cat":[6],"class_list":["post-33815","event","type-event","status-publish","has-post-thumbnail","hentry","event_cat-maison-mallet-et-fils-inc"],"_links":{"self":[{"href":"https:\/\/nouveau.maisonmallet.com\/back05_01\/index.php?rest_route=\/wp\/v2\/event\/33815","targetHints":{"allow":["GET"]}}],"collection":[{"href":"https:\/\/nouveau.maisonmallet.com\/back05_01\/index.php?rest_route=\/wp\/v2\/event"}],"about":[{"href":"https:\/\/nouveau.maisonmallet.com\/back05_01\/index.php?rest_route=\/wp\/v2\/types\/event"}],"wp:featuredmedia":[{"embeddable":true,"href":"https:\/\/nouveau.maisonmallet.com\/back05_01\/index.php?rest_route=\/wp\/v2\/media\/33832"}],"wp:attachment":[{"href":"https:\/\/nouveau.maisonmallet.com\/back05_01\/index.php?rest_route=%2Fwp%2Fv2%2Fmedia&parent=33815"}],"wp:term":[{"taxonomy":"event_cat","embeddable":true,"href":"https:\/\/nouveau.maisonmallet.com\/back05_01\/index.php?rest_route=%2Fwp%2Fv2%2Fevent_cat&post=33815"}],"curies":[{"name":"wp","href":"https:\/\/api.w.org\/{rel}","templated":true}]}}

<p>1962 &#8211; 2022</p>
<p>APESTIGUY, Gaetan</p>
<p>&nbsp;</p>
<p>À Havre-Saint-Pierre, le 27 août 2022, est décédé à l’âge de 59 ans, monsieur Gaetan Apestiguy fils de feu Louis Apestiguy et de madame Thérèse Poulin  domicilié à Port-Cartier.</p>
<p>Les funérailles de monsieur Gaetan Apestiguy auront lieu le vendredi 9 septembre 2022 à 15 h en l’église Sacré-Cœur située au 38, rue Parent à Port-Cartier et de là au cimetière de l`endroit.</p>
<p>Selon ses volontés, il a été confié au crématorium de la Maison Mallet &amp; fils pour crémation.</p>
<p>La famille reçoit parents et amis le vendredi 9 septembre 2022 jour des funérailles à compter de 14 h à l’église Sacré-Cœur de Port-Cartier.</p>
<p>Il laisse dans le deuil sa mère Thérèse Poulin (feu Louis Apestiguy), ses frères et ses sœurs : Julie (Gaetan Gagnon), Danielle (Bernard Simoneau), Lucie (Gaetan Boudreault), Robert (Diane Lapierre), Mario, Eric, Sylvain (Marlène Boudreau) et Normand (Céline Roussy) ainsi que ses neveux, ses nièces ses cousins, ses cousines et de nombreux ami(e)s.</p>
<p>Vos marques de sympathie peuvent se traduire par un don à l’Association du cancer Est du Québec <a href="http://www.aceq.org">www.aceq.org</a></p>
<p>La famille a confié les arrangements aux services professionnels de la maison Mallet &amp; fils du 57, route 138 à Port-Cartier, maintenant reconnue Distinction et membre de la Corporation des Thanatologues du Québec.</p>
<p>Vous pouvez consulter cet avis de décès, sur le <a href="https://nouveau.maisonmallet.com/back05_01">www.maisonmallet.com</a></p>
<p>Ceux et celles qui le désirent, peuvent y envoyer des messages de sympathie.</p>
<p>&nbsp;</p>
<hr />
<p>Envoyer vos condoléances</p>
<p>[contact-form to= »danielle.apestiguy@gmail.com » subject= »Condoléances Gaetan Apestiguy »][contact-field label= »Votre nom » type= »name » required= »1&Prime;][contact-field label= »Votre courriel » type= »email » required= »1&Prime;][contact-field label= »Condoléances » type= »textarea »][/contact-form]</p>
