{"id":33831,"date":"2022-09-04T16:40:23","date_gmt":"2022-09-04T20:40:23","guid":{"rendered":"https:\/\/nouveau.maisonmallet.com\/?post_type=event&#038;p=33831"},"modified":"2022-09-05T19:11:14","modified_gmt":"2022-09-05T23:11:14","slug":"amiot-jeannine-gagne","status":"publish","type":"event","link":"https:\/\/nouveau.maisonmallet.com\/back05_01\/?event=amiot-jeannine-gagne","title":{"rendered":"AMIOT, Jeannine (Gagn\u00e9)"},"content":{"rendered":"<p>1928 &#8211; 2022<\/p>\n<p>AMIOT, Jeannine (Gagn\u00e9)<\/p>\n<p>&nbsp;<\/p>\n<p>\u00c0 Sept-\u00celes (maison \u00c9lyme des Sables), le 1<sup>er<\/sup> septembre 2022, est d\u00e9c\u00e9d\u00e9e \u00e0 l\u2019\u00e2ge de 94 ans, madame Jeannine Amiot \u00e9pouse de feu Camille Gagn\u00e9 et domicili\u00e9e \u00e0 Port-Cartier.<\/p>\n<p>Les fun\u00e9railles de madame Jeannine Amiot Gagn\u00e9 auront lieu le vendredi 23 septembre 2022 \u00e0 14 h 30 en l\u2019\u00c9glise Sacr\u00e9-C\u0153ur situ\u00e9e au 38, rue Parent \u00e0 Port-Cartier.<\/p>\n<p>Selon ses volont\u00e9s, elle a \u00e9t\u00e9 confi\u00e9e au cr\u00e9matorium de la Maison Mallet &amp; fils pour cr\u00e9mation.<\/p>\n<p>La famille re\u00e7oit parents et amis le vendredi 23 septembre 2022 jour des fun\u00e9railles \u00e0 compte de 9 h 30 au Complexe Thanatologique Mallet &amp; fils du 57, route 138 \u00e0 Port-Cartier.<\/p>\n<p>Elle laisse dans le deuil ses enfants : Guy, Line (Daniel de Champlain), Carole (Roger Vignola) et Marie-Claude (Andr\u00e9 St-Pierre), ses petits-enfants : Karl (Erika Goedike), Karine (Keven Bond), Marie-Anik (Ga\u00ebl Perron), V\u00e9ronique (Mathieu Dion), Genevi\u00e8ve (Guillaume L\u00e9vesque), Eve-Andr\u00e9e (Keven B\u00e9langer Bouffard) et Gabrielle, ses arri\u00e8re-petits-enfants : Emrik, Mavrik, Jackson, Clara, Olivia, Hugo, Fr\u00e9d\u00e9rique et Rapha\u00eblle ainsi que ses beaux-fr\u00e8res, ses belles-s\u0153urs, ses neveux, ses ni\u00e8ces et de nombreux ami(e)s.<\/p>\n<p>Vos marques de sympathie peuvent se traduire par un don \u00e0 l\u2019\u00c9lyme des Sables www.elymedessables.com<\/p>\n<p>La famille a confi\u00e9 la direction des fun\u00e9railles aux services professionnels de la maison Mallet &amp; fils du 57, route 138 \u00e0 Port-Cartier, maintenant reconnue Distinction et membre de la Corporation des Thanatologues du Qu\u00e9bec.<\/p>\n<p>Vous pouvez consulter cet avis de d\u00e9c\u00e8s, sur le <a href=\"https:\/\/nouveau.maisonmallet.com\/back05_01\">www.maisonmallet.com<\/a><\/p>\n<p>Ceux et celles qui le d\u00e9sirent, peuvent y envoyer des messages de sympathie.<\/p>\n<p>&nbsp;<\/p>\n<hr \/>\n<p>Envoyer vos condol\u00e9ances<\/p>\n<p>[contact-form to=\u00a0\u00bbcaroleroger44@gmail.com\u00a0\u00bb subject=\u00a0\u00bbCondol\u00e9ances Jeannine Amiot\u00a0\u00bb][contact-field label=\u00a0\u00bbVotre nom\u00a0\u00bb type=\u00a0\u00bbname\u00a0\u00bb required=\u00a0\u00bb1&Prime;][contact-field label=\u00a0\u00bbVotre courriel\u00a0\u00bb type=\u00a0\u00bbemail\u00a0\u00bb required=\u00a0\u00bb1&Prime;][contact-field label=\u00a0\u00bbCondol\u00e9ances\u00a0\u00bb type=\u00a0\u00bbtextarea\u00a0\u00bb][\/contact-form]<\/p>\n","protected":false},"featured_media":33939,"template":"","event_cat":[6],"class_list":["post-33831","event","type-event","status-publish","has-post-thumbnail","hentry","event_cat-maison-mallet-et-fils-inc"],"_links":{"self":[{"href":"https:\/\/nouveau.maisonmallet.com\/back05_01\/index.php?rest_route=\/wp\/v2\/event\/33831","targetHints":{"allow":["GET"]}}],"collection":[{"href":"https:\/\/nouveau.maisonmallet.com\/back05_01\/index.php?rest_route=\/wp\/v2\/event"}],"about":[{"href":"https:\/\/nouveau.maisonmallet.com\/back05_01\/index.php?rest_route=\/wp\/v2\/types\/event"}],"wp:featuredmedia":[{"embeddable":true,"href":"https:\/\/nouveau.maisonmallet.com\/back05_01\/index.php?rest_route=\/wp\/v2\/media\/33939"}],"wp:attachment":[{"href":"https:\/\/nouveau.maisonmallet.com\/back05_01\/index.php?rest_route=%2Fwp%2Fv2%2Fmedia&parent=33831"}],"wp:term":[{"taxonomy":"event_cat","embeddable":true,"href":"https:\/\/nouveau.maisonmallet.com\/back05_01\/index.php?rest_route=%2Fwp%2Fv2%2Fevent_cat&post=33831"}],"curies":[{"name":"wp","href":"https:\/\/api.w.org\/{rel}","templated":true}]}}

AMIOT, Jeannine (Gagné)

<p>1928 &#8211; 2022</p>
<p>AMIOT, Jeannine (Gagné)</p>
<p>&nbsp;</p>
<p>À Sept-Îles (maison Élyme des Sables), le 1<sup>er</sup> septembre 2022, est décédée à l’âge de 94 ans, madame Jeannine Amiot épouse de feu Camille Gagné et domiciliée à Port-Cartier.</p>
<p>Les funérailles de madame Jeannine Amiot Gagné auront lieu le vendredi 23 septembre 2022 à 14 h 30 en l’Église Sacré-Cœur située au 38, rue Parent à Port-Cartier.</p>
<p>Selon ses volontés, elle a été confiée au crématorium de la Maison Mallet &amp; fils pour crémation.</p>
<p>La famille reçoit parents et amis le vendredi 23 septembre 2022 jour des funérailles à compte de 9 h 30 au Complexe Thanatologique Mallet &amp; fils du 57, route 138 à Port-Cartier.</p>
<p>Elle laisse dans le deuil ses enfants : Guy, Line (Daniel de Champlain), Carole (Roger Vignola) et Marie-Claude (André St-Pierre), ses petits-enfants : Karl (Erika Goedike), Karine (Keven Bond), Marie-Anik (Gaël Perron), Véronique (Mathieu Dion), Geneviève (Guillaume Lévesque), Eve-Andrée (Keven Bélanger Bouffard) et Gabrielle, ses arrière-petits-enfants : Emrik, Mavrik, Jackson, Clara, Olivia, Hugo, Frédérique et Raphaëlle ainsi que ses beaux-frères, ses belles-sœurs, ses neveux, ses nièces et de nombreux ami(e)s.</p>
<p>Vos marques de sympathie peuvent se traduire par un don à l’Élyme des Sables www.elymedessables.com</p>
<p>La famille a confié la direction des funérailles aux services professionnels de la maison Mallet &amp; fils du 57, route 138 à Port-Cartier, maintenant reconnue Distinction et membre de la Corporation des Thanatologues du Québec.</p>
<p>Vous pouvez consulter cet avis de décès, sur le <a href="https://nouveau.maisonmallet.com/back05_01">www.maisonmallet.com</a></p>
<p>Ceux et celles qui le désirent, peuvent y envoyer des messages de sympathie.</p>
<p>&nbsp;</p>
<hr />
<p>Envoyer vos condoléances</p>
<p>[contact-form to= »caroleroger44@gmail.com » subject= »Condoléances Jeannine Amiot »][contact-field label= »Votre nom » type= »name » required= »1&Prime;][contact-field label= »Votre courriel » type= »email » required= »1&Prime;][contact-field label= »Condoléances » type= »textarea »][/contact-form]</p>
