{"id":33938,"date":"2022-09-04T19:55:28","date_gmt":"2022-09-04T23:55:28","guid":{"rendered":"https:\/\/nouveau.maisonmallet.com\/?post_type=event&#038;p=33938"},"modified":"2022-09-05T20:00:38","modified_gmt":"2022-09-06T00:00:38","slug":"noel-marlene","status":"publish","type":"event","link":"https:\/\/nouveau.maisonmallet.com\/back05_01\/?event=noel-marlene","title":{"rendered":"NO\u00cbL, Marl\u00e8ne"},"content":{"rendered":"<p>1954 &#8211; 2022<\/p>\n<p>NOEL, Marl\u00e8ne<\/p>\n<p>&nbsp;<\/p>\n<p>\u00c0 Havre-Saint-Pierre, le 2 septembre 2022, est d\u00e9c\u00e9d\u00e9e \u00e0 l\u2019\u00e2ge de 67 ans, madame Marl\u00e8ne No\u00ebl \u00e9pouse de monsieur Jean-Yves Cyr et domicili\u00e9e \u00e0 Havre-St-Pierre.<\/p>\n<p>Les fun\u00e9railles de madame Marl\u00e8ne No\u00ebl auront lieu le mercredi 7 septembre 2022 \u00e0 15 h en l\u2019\u00e9glise St-Pierre de Havre-St-Pierre et de l\u00e0 au cimeti\u00e8re de l\u2019endroit.<\/p>\n<p>Selon ses volont\u00e9s, elle a \u00e9t\u00e9 confi\u00e9e au cr\u00e9matorium de la maison L.J.G. Mallet pour cr\u00e9mation.<\/p>\n<p>La famille re\u00e7oit parents et amis le mercredi 7 septembre 2022 jour des fun\u00e9railles de 9 h \u00e0 12 h et de 13 h \u00e0 14 h 30 au salon de la Maison L.J.G. Mallet du 1429, rue du Canot \u00e0 Havre-Saint-Pierre.<\/p>\n<p>Elle laisse dans le deuil outre son \u00e9poux monsieur Jean-Yves Cyr, ses filles\u00a0: Monia (Ren\u00e9 Dubois) et Nadia (Eric Sergerie), ses petits-fils\u00a0: Rapha\u00ebl et David, ses petites-filles\u00a0: Ariane et Joanie ainsi que ses fr\u00e8res, ses s\u0153urs, ses beaux-fr\u00e8res, ses belles-s\u0153urs, ses neveux, ses ni\u00e8ces, ses cousins, ses cousines et de nombreux ami(e)s.<\/p>\n<p>Vos marques de sympathie peuvent se traduire par un don \u00e0 la Fondation du cancer du sein du Qu\u00e9bec <a href=\"http:\/\/www.rubanrose.org\">www.rubanrose.org<\/a><\/p>\n<p>La famille a confi\u00e9 la direction des fun\u00e9railles aux services professionnels de la Maison L.J.G. Mallet du 1429, rue du Canot \u00e0 Havre-St-Pierre, membre de la Corporation des thanatologues du Qu\u00e9bec.<\/p>\n<p>Vous pouvez consulter cet avis de d\u00e9c\u00e8s, sur le <a href=\"https:\/\/nouveau.maisonmallet.com\/back05_01\">www.maisonmallet.com<\/a><\/p>\n<p>Ceux et celles qui le d\u00e9sirent, peuvent y envoyer des messages de sympathie.<\/p>\n<p>&nbsp;<\/p>\n<hr \/>\n<p>Envoyer vos condol\u00e9ances<\/p>\n<p>[contact-form to=\u00a0\u00bbdada2780@hotmail.com\u00a0\u00bb subject=\u00a0\u00bbCondol\u00e9ances Marl\u00e8ne No\u00ebl\u00a0\u00bb][contact-field label=\u00a0\u00bbVotre nom\u00a0\u00bb type=\u00a0\u00bbname\u00a0\u00bb required=\u00a0\u00bb1&Prime;][contact-field label=\u00a0\u00bbVotre courriel\u00a0\u00bb type=\u00a0\u00bbemail\u00a0\u00bb required=\u00a0\u00bb1&Prime;][contact-field label=\u00a0\u00bbCondol\u00e9ances\u00a0\u00bb type=\u00a0\u00bbtextarea\u00a0\u00bb][\/contact-form]<\/p>\n","protected":false},"featured_media":33969,"template":"","event_cat":[7],"class_list":["post-33938","event","type-event","status-publish","has-post-thumbnail","hentry","event_cat-maison-l-j-g-mallet-inc"],"_links":{"self":[{"href":"https:\/\/nouveau.maisonmallet.com\/back05_01\/index.php?rest_route=\/wp\/v2\/event\/33938","targetHints":{"allow":["GET"]}}],"collection":[{"href":"https:\/\/nouveau.maisonmallet.com\/back05_01\/index.php?rest_route=\/wp\/v2\/event"}],"about":[{"href":"https:\/\/nouveau.maisonmallet.com\/back05_01\/index.php?rest_route=\/wp\/v2\/types\/event"}],"wp:featuredmedia":[{"embeddable":true,"href":"https:\/\/nouveau.maisonmallet.com\/back05_01\/index.php?rest_route=\/wp\/v2\/media\/33969"}],"wp:attachment":[{"href":"https:\/\/nouveau.maisonmallet.com\/back05_01\/index.php?rest_route=%2Fwp%2Fv2%2Fmedia&parent=33938"}],"wp:term":[{"taxonomy":"event_cat","embeddable":true,"href":"https:\/\/nouveau.maisonmallet.com\/back05_01\/index.php?rest_route=%2Fwp%2Fv2%2Fevent_cat&post=33938"}],"curies":[{"name":"wp","href":"https:\/\/api.w.org\/{rel}","templated":true}]}}

NOËL, Marlène

<p>1954 &#8211; 2022</p>
<p>NOEL, Marlène</p>
<p>&nbsp;</p>
<p>À Havre-Saint-Pierre, le 2 septembre 2022, est décédée à l’âge de 67 ans, madame Marlène Noël épouse de monsieur Jean-Yves Cyr et domiciliée à Havre-St-Pierre.</p>
<p>Les funérailles de madame Marlène Noël auront lieu le mercredi 7 septembre 2022 à 15 h en l’église St-Pierre de Havre-St-Pierre et de là au cimetière de l’endroit.</p>
<p>Selon ses volontés, elle a été confiée au crématorium de la maison L.J.G. Mallet pour crémation.</p>
<p>La famille reçoit parents et amis le mercredi 7 septembre 2022 jour des funérailles de 9 h à 12 h et de 13 h à 14 h 30 au salon de la Maison L.J.G. Mallet du 1429, rue du Canot à Havre-Saint-Pierre.</p>
<p>Elle laisse dans le deuil outre son époux monsieur Jean-Yves Cyr, ses filles : Monia (René Dubois) et Nadia (Eric Sergerie), ses petits-fils : Raphaël et David, ses petites-filles : Ariane et Joanie ainsi que ses frères, ses sœurs, ses beaux-frères, ses belles-sœurs, ses neveux, ses nièces, ses cousins, ses cousines et de nombreux ami(e)s.</p>
<p>Vos marques de sympathie peuvent se traduire par un don à la Fondation du cancer du sein du Québec <a href="http://www.rubanrose.org">www.rubanrose.org</a></p>
<p>La famille a confié la direction des funérailles aux services professionnels de la Maison L.J.G. Mallet du 1429, rue du Canot à Havre-St-Pierre, membre de la Corporation des thanatologues du Québec.</p>
<p>Vous pouvez consulter cet avis de décès, sur le <a href="https://nouveau.maisonmallet.com/back05_01">www.maisonmallet.com</a></p>
<p>Ceux et celles qui le désirent, peuvent y envoyer des messages de sympathie.</p>
<p>&nbsp;</p>
<hr />
<p>Envoyer vos condoléances</p>
<p>[contact-form to= »dada2780@hotmail.com » subject= »Condoléances Marlène Noël »][contact-field label= »Votre nom » type= »name » required= »1&Prime;][contact-field label= »Votre courriel » type= »email » required= »1&Prime;][contact-field label= »Condoléances » type= »textarea »][/contact-form]</p>
