{"id":3408,"date":"2019-06-15T14:02:23","date_gmt":"2019-06-15T18:02:23","guid":{"rendered":"https:\/\/nouveau.maisonmallet.com\/?post_type=event&#038;p=3408"},"modified":"2019-07-07T10:00:01","modified_gmt":"2019-07-07T14:00:01","slug":"flowers-guy0600639","status":"publish","type":"event","link":"https:\/\/nouveau.maisonmallet.com\/back05_01\/?event=flowers-guy0600639","title":{"rendered":"FLOWERS, Guy E."},"content":{"rendered":"<p>1939-2019<\/p>\n<p>\u00c0 Sept-Iles (maison l\u2019\u00c9lyme des sables), le 15 juin 2019, est d\u00e9c\u00e9d\u00e9 \u00e0 l\u2019\u00e2ge de 80 ans monsieur Guy E. Flowers fils de feu \u00c9mile Flowers et de feue Graziella Richard domicili\u00e9 \u00e0 Havre-Saint-Pierre.<\/p>\n<p>Les fun\u00e9railles de monsieur Guy E. Flowers auront lieu le samedi 6 juillet 2019 \u00e0 14 h 00 en l\u2019\u00e9glise Saint-Pierre de Havre-Saint-Pierre.<\/p>\n<p>Selon ses volont\u00e9s, il a \u00e9t\u00e9 confi\u00e9 au cr\u00e9matorium de la Maison L.J.G. Mallet pour cr\u00e9mation.<\/p>\n<p>La famille re\u00e7oit parents et amis le samedi 6 juillet 2019 jour des fun\u00e9railles \u00e0 compter de 13 H 30 \u00e0 l&rsquo;\u00c9glise Saint-Pierre de Havre-Saint-Pierre.<\/p>\n<p>Il laisse dans le deuil ses s\u0153urs\u00a0: \u00c9milienne (feu Laur\u00e9at M\u00e9thot), Louise (feu Hubert Gagnon), sa belle-s\u0153ur\u00a0Pierrette Petitpas (feu Albany Flowers), ses neveux, ses ni\u00e8ces, ses cousins, ses cousines, et ami(e)s.<\/p>\n<p>La famille tient \u00e0 remercier le personnel et l\u2019\u00e9quipe m\u00e9dicale du centre de sant\u00e9 de la Minganie et de l\u2019\u00c9lyme des sables pour leurs bons soins et services.<\/p>\n<p>Vos marques de sympathie peuvent se traduire par un don \u00e0 la fondation du centre de sant\u00e9 de la Minganie et \u00e0 la maison l\u2019\u00c9lyme des sables.<\/p>\n<p>La famille a confi\u00e9 la direction des fun\u00e9railles aux services professionnels de la Maison L.J.G. Mallet du 1429, rue du Canot \u00e0 Havre-Saint-Pierre, maintenant reconnue Distinction et membre de la Corporation des Thanatologues du Qu\u00e9bec.<\/p>\n<p>Vous pouvez consulter cet avis de d\u00e9c\u00e8s sur le <a href=\"https:\/\/nouveau.maisonmallet.com\/back05_01\/\">www.maisonmallet.com<\/a><\/p>\n<p>Ceux et celles qui le d\u00e9sirent, peuvent y envoyer des messages de sympathie.<\/p>\n<p>&nbsp;<\/p>\n<p>&nbsp;<\/p>\n<hr \/>\n<p>Envoyer vos condol\u00e9ances<\/p>\n<p>[contact-form to=\u00a0\u00bbeliesylvie@hotmail.com\u00a0\u00bb subject=\u00a0\u00bbCondol\u00e9ances Guy E. Flowers\u00a0\u00bb][contact-field label=\u00a0\u00bbVotre nom\u00a0\u00bb type=\u00a0\u00bbname\u00a0\u00bb required=\u00a0\u00bb1&Prime;][contact-field label=\u00a0\u00bbVotre courriel\u00a0\u00bb type=\u00a0\u00bbemail\u00a0\u00bb required=\u00a0\u00bb1&Prime;][contact-field label=\u00a0\u00bbCondol\u00e9ances\u00a0\u00bb type=\u00a0\u00bbtextarea\u00a0\u00bb][\/contact-form]<\/p>\n","protected":false},"featured_media":3603,"template":"","event_cat":[7],"class_list":["post-3408","event","type-event","status-publish","has-post-thumbnail","hentry","event_cat-maison-l-j-g-mallet-inc"],"_links":{"self":[{"href":"https:\/\/nouveau.maisonmallet.com\/back05_01\/index.php?rest_route=\/wp\/v2\/event\/3408","targetHints":{"allow":["GET"]}}],"collection":[{"href":"https:\/\/nouveau.maisonmallet.com\/back05_01\/index.php?rest_route=\/wp\/v2\/event"}],"about":[{"href":"https:\/\/nouveau.maisonmallet.com\/back05_01\/index.php?rest_route=\/wp\/v2\/types\/event"}],"wp:featuredmedia":[{"embeddable":true,"href":"https:\/\/nouveau.maisonmallet.com\/back05_01\/index.php?rest_route=\/wp\/v2\/media\/3603"}],"wp:attachment":[{"href":"https:\/\/nouveau.maisonmallet.com\/back05_01\/index.php?rest_route=%2Fwp%2Fv2%2Fmedia&parent=3408"}],"wp:term":[{"taxonomy":"event_cat","embeddable":true,"href":"https:\/\/nouveau.maisonmallet.com\/back05_01\/index.php?rest_route=%2Fwp%2Fv2%2Fevent_cat&post=3408"}],"curies":[{"name":"wp","href":"https:\/\/api.w.org\/{rel}","templated":true}]}}

<p>1939-2019</p>
<p>À Sept-Iles (maison l’Élyme des sables), le 15 juin 2019, est décédé à l’âge de 80 ans monsieur Guy E. Flowers fils de feu Émile Flowers et de feue Graziella Richard domicilié à Havre-Saint-Pierre.</p>
<p>Les funérailles de monsieur Guy E. Flowers auront lieu le samedi 6 juillet 2019 à 14 h 00 en l’église Saint-Pierre de Havre-Saint-Pierre.</p>
<p>Selon ses volontés, il a été confié au crématorium de la Maison L.J.G. Mallet pour crémation.</p>
<p>La famille reçoit parents et amis le samedi 6 juillet 2019 jour des funérailles à compter de 13 H 30 à l&rsquo;Église Saint-Pierre de Havre-Saint-Pierre.</p>
<p>Il laisse dans le deuil ses sœurs : Émilienne (feu Lauréat Méthot), Louise (feu Hubert Gagnon), sa belle-sœur Pierrette Petitpas (feu Albany Flowers), ses neveux, ses nièces, ses cousins, ses cousines, et ami(e)s.</p>
<p>La famille tient à remercier le personnel et l’équipe médicale du centre de santé de la Minganie et de l’Élyme des sables pour leurs bons soins et services.</p>
<p>Vos marques de sympathie peuvent se traduire par un don à la fondation du centre de santé de la Minganie et à la maison l’Élyme des sables.</p>
<p>La famille a confié la direction des funérailles aux services professionnels de la Maison L.J.G. Mallet du 1429, rue du Canot à Havre-Saint-Pierre, maintenant reconnue Distinction et membre de la Corporation des Thanatologues du Québec.</p>
<p>Vous pouvez consulter cet avis de décès sur le <a href="https://nouveau.maisonmallet.com/back05_01/">www.maisonmallet.com</a></p>
<p>Ceux et celles qui le désirent, peuvent y envoyer des messages de sympathie.</p>
<p>&nbsp;</p>
<p>&nbsp;</p>
<hr />
<p>Envoyer vos condoléances</p>
<p>[contact-form to= »eliesylvie@hotmail.com » subject= »Condoléances Guy E. Flowers »][contact-field label= »Votre nom » type= »name » required= »1&Prime;][contact-field label= »Votre courriel » type= »email » required= »1&Prime;][contact-field label= »Condoléances » type= »textarea »][/contact-form]</p>
