{"id":34132,"date":"2022-09-08T12:52:03","date_gmt":"2022-09-08T16:52:03","guid":{"rendered":"https:\/\/nouveau.maisonmallet.com\/?post_type=event&#038;p=34132"},"modified":"2022-09-09T12:56:04","modified_gmt":"2022-09-09T16:56:04","slug":"st-pierre-adrien","status":"publish","type":"event","link":"https:\/\/nouveau.maisonmallet.com\/back05_01\/?event=st-pierre-adrien","title":{"rendered":"ST-PIERRE, Adrien"},"content":{"rendered":"<p>1934 \u2013 2022<\/p>\n<p>ST-PIERRE, Adrien<\/p>\n<p>&nbsp;<\/p>\n<p>\u00c0 Havre-Saint-Pierre, le 5 septembre 2022, est d\u00e9c\u00e9d\u00e9 \u00e0 l\u2019\u00e2ge de 88 ans, monsieur Adrien St-Pierre \u00e9poux de madame Sonia Scherrer et domicili\u00e9 \u00e0 Havre-Saint-Pierre.<\/p>\n<p>Les fun\u00e9railles de monsieur Adrien St-Pierre auront lieu le mercredi 14 septembre 2022 \u00e0 16 h en l\u2019\u00e9glise Saint-Pierre de Havre-Saint-Pierre.<\/p>\n<p>La famille re\u00e7oit parents et amis le mardi 13 septembre 2022 de 19 h \u00e0 22 h et le mercredi 14 septembre 2022 jour des fun\u00e9railles \u00e0 compter de 15 h au salon de la Maison L.J.G. Mallet du 1429, rue du Canot \u00e0 Havre-Saint-Pierre.<\/p>\n<p>Il laisse dans le deuil outre son \u00e9pouse madame Sonia Scherrer, ses enfants\u00a0: Renaud (Johanne Pelletier), Violaine (Pierre Albert), Jos\u00e9e (Luc Duval) et Tressy (Jonathan Lebel), ses petits-enfants\u00a0: Jonathan, Jessica, Daniel et Oc\u00e9ane, ses s\u0153urs\u00a0: Denise et Aliette ainsi que ses beaux-fr\u00e8res, ses belles-s\u0153urs, ses neveux, ses ni\u00e8ces, ses cousins, ses cousines et de nombreux ami(e)s.<\/p>\n<p>La famille a confi\u00e9 la direction des fun\u00e9railles aux services professionnels de la Maison L.J.G. Mallet du 1429, rue du Canot \u00e0 Havre-Saint-Pierre, maintenant reconnue Distinction et membre de la Corporation des Thanatologues du Qu\u00e9bec.<\/p>\n<p>Vous pouvez consulter cet avis de d\u00e9c\u00e8s sur le\u00a0<a href=\"https:\/\/nouveau.maisonmallet.com\/back05_01\/\">www.maisonmallet.com<\/a><\/p>\n<p>Ceux et celles qui le d\u00e9sirent, peuvent y envoyer des messages de sympathie.<\/p>\n<p>&nbsp;<\/p>\n<p>&nbsp;<\/p>\n<hr \/>\n<p>Envoyer vos condol\u00e9ances<\/p>\n<p>[contact-form to=\u00a0\u00bbtressys@hotmail.com\u00a0\u00bb subject=\u00a0\u00bbCondol\u00e9ances Adrien St-Pierre\u00a0\u00bb][contact-field label=\u00a0\u00bbVotre nom\u00a0\u00bb type=\u00a0\u00bbname\u00a0\u00bb required=\u00a0\u00bb1&Prime;][contact-field label=\u00a0\u00bbVotre courriel\u00a0\u00bb type=\u00a0\u00bbemail\u00a0\u00bb required=\u00a0\u00bb1&Prime;][contact-field label=\u00a0\u00bbCondol\u00e9ances\u00a0\u00bb type=\u00a0\u00bbtextarea\u00a0\u00bb][\/contact-form]<\/p>\n","protected":false},"featured_media":34310,"template":"","event_cat":[7],"class_list":["post-34132","event","type-event","status-publish","has-post-thumbnail","hentry","event_cat-maison-l-j-g-mallet-inc"],"_links":{"self":[{"href":"https:\/\/nouveau.maisonmallet.com\/back05_01\/index.php?rest_route=\/wp\/v2\/event\/34132","targetHints":{"allow":["GET"]}}],"collection":[{"href":"https:\/\/nouveau.maisonmallet.com\/back05_01\/index.php?rest_route=\/wp\/v2\/event"}],"about":[{"href":"https:\/\/nouveau.maisonmallet.com\/back05_01\/index.php?rest_route=\/wp\/v2\/types\/event"}],"wp:featuredmedia":[{"embeddable":true,"href":"https:\/\/nouveau.maisonmallet.com\/back05_01\/index.php?rest_route=\/wp\/v2\/media\/34310"}],"wp:attachment":[{"href":"https:\/\/nouveau.maisonmallet.com\/back05_01\/index.php?rest_route=%2Fwp%2Fv2%2Fmedia&parent=34132"}],"wp:term":[{"taxonomy":"event_cat","embeddable":true,"href":"https:\/\/nouveau.maisonmallet.com\/back05_01\/index.php?rest_route=%2Fwp%2Fv2%2Fevent_cat&post=34132"}],"curies":[{"name":"wp","href":"https:\/\/api.w.org\/{rel}","templated":true}]}}

<p>1934 – 2022</p>
<p>ST-PIERRE, Adrien</p>
<p>&nbsp;</p>
<p>À Havre-Saint-Pierre, le 5 septembre 2022, est décédé à l’âge de 88 ans, monsieur Adrien St-Pierre époux de madame Sonia Scherrer et domicilié à Havre-Saint-Pierre.</p>
<p>Les funérailles de monsieur Adrien St-Pierre auront lieu le mercredi 14 septembre 2022 à 16 h en l’église Saint-Pierre de Havre-Saint-Pierre.</p>
<p>La famille reçoit parents et amis le mardi 13 septembre 2022 de 19 h à 22 h et le mercredi 14 septembre 2022 jour des funérailles à compter de 15 h au salon de la Maison L.J.G. Mallet du 1429, rue du Canot à Havre-Saint-Pierre.</p>
<p>Il laisse dans le deuil outre son épouse madame Sonia Scherrer, ses enfants : Renaud (Johanne Pelletier), Violaine (Pierre Albert), Josée (Luc Duval) et Tressy (Jonathan Lebel), ses petits-enfants : Jonathan, Jessica, Daniel et Océane, ses sœurs : Denise et Aliette ainsi que ses beaux-frères, ses belles-sœurs, ses neveux, ses nièces, ses cousins, ses cousines et de nombreux ami(e)s.</p>
<p>La famille a confié la direction des funérailles aux services professionnels de la Maison L.J.G. Mallet du 1429, rue du Canot à Havre-Saint-Pierre, maintenant reconnue Distinction et membre de la Corporation des Thanatologues du Québec.</p>
<p>Vous pouvez consulter cet avis de décès sur le <a href="https://nouveau.maisonmallet.com/back05_01/">www.maisonmallet.com</a></p>
<p>Ceux et celles qui le désirent, peuvent y envoyer des messages de sympathie.</p>
<p>&nbsp;</p>
<p>&nbsp;</p>
<hr />
<p>Envoyer vos condoléances</p>
<p>[contact-form to= »tressys@hotmail.com » subject= »Condoléances Adrien St-Pierre »][contact-field label= »Votre nom » type= »name » required= »1&Prime;][contact-field label= »Votre courriel » type= »email » required= »1&Prime;][contact-field label= »Condoléances » type= »textarea »][/contact-form]</p>
