{"id":34420,"date":"2022-09-11T08:08:38","date_gmt":"2022-09-11T12:08:38","guid":{"rendered":"https:\/\/nouveau.maisonmallet.com\/?post_type=event&#038;p=34420"},"modified":"2022-09-12T08:44:39","modified_gmt":"2022-09-12T12:44:39","slug":"poulin-gerard","status":"publish","type":"event","link":"https:\/\/nouveau.maisonmallet.com\/back05_01\/?event=poulin-gerard","title":{"rendered":"POULIN, G\u00e9rard"},"content":{"rendered":"<p>1934 \u2013 2022<\/p>\n<p>POULIN, G\u00e9rard<\/p>\n<p>&nbsp;<\/p>\n<p>\u00c0 Sept-\u00celes (maison \u00c9lyme des sables), le 31 ao\u00fbt 2022, est d\u00e9c\u00e9d\u00e9 \u00e0 l\u2019\u00e2ge de 88 ans, monsieur G\u00e9rard Poulin \u00e9poux de madame Marie-Th\u00e9r\u00e8se Leli\u00e8vre et domicili\u00e9 \u00e0 Sept-\u00celes.<\/p>\n<p>La c\u00e9r\u00e9monie comm\u00e9morative de monsieur G\u00e9rard Poulin aura lieu le vendredi 16 septembre 2022 \u00e0 14 h en l\u2019\u00e9glise Ste-Famille situ\u00e9e au 15 rue Comeau \u00e0 Sept-\u00celes.<\/p>\n<p>La famille re\u00e7oit parents et amis le jeudi 15 septembre 2022 de 19 h \u00e0 22 h au Complexe Thanatologique Mallet &amp; fils du 585 boul. Laure \u00e0 Sept-\u00celes.<\/p>\n<p>Le vendredi 16 septembre 2022 jour de la c\u00e9r\u00e9monie \u00e0 compter de 13 h \u00e0 l\u2019\u00e9glise Ste-Famille situ\u00e9e au 15 rue Comeau \u00e0 Sept-\u00celes.<\/p>\n<p>Il laisse dans le deuil outre son \u00e9pouse madame Marie-Th\u00e9r\u00e8se Leli\u00e8vre, ses fils Ga\u00ebtan (Sylvie Paquet), Alain, Luc (Andr\u00e9e Landry) et Eric (Sylvie Carrier), ses filles\u00a0: Sylvie (Denis Viens) et Guylaine, ses treize petits-enfants, ses douze arri\u00e8re-petits-enfants, ainsi que ses fr\u00e8res, ses s\u0153urs, ses beaux-fr\u00e8res, ses belles-s\u0153urs, ses neveux, ses ni\u00e8ces, ses cousins, ses cousines, et de nombreux ami(e)s.<\/p>\n<p>Vos marques de sympathie peuvent se traduire par un don \u00e0 l\u2019\u00c9lyme des sables <a href=\"http:\/\/www.elymedessables.com\">www.elymedessables.com<\/a><\/p>\n<p>La famille a confi\u00e9 les arrangements aux services professionnels de la Maison Mallet &amp; fils du 585 Boul. Laure \u00e0 Sept-\u00celes, maintenant reconnue Distinction et membre de la Corporation des Thanatologues du Qu\u00e9bec.<\/p>\n<p>Vous pouvez consulter cet avis de d\u00e9c\u00e8s sur le\u00a0:\u00a0<a href=\"https:\/\/nouveau.maisonmallet.com\/back05_01\/\">www.maisonmallet.com<\/a><\/p>\n<p>Ceux et celles qui le d\u00e9sirent, peuvent y envoyer des messages de sympathie.<\/p>\n<p>&nbsp;<\/p>\n<hr \/>\n<p>Envoyer vos condol\u00e9ances<\/p>\n<p>[contact-form to=\u00a0\u00bbguylaine.poulin@csdufer.qc.ca\u00a0\u00bb subject=\u00a0\u00bbCondol\u00e9ances G\u00e9rard Poulin\u00a0\u00bb][contact-field label=\u00a0\u00bbVotre nom\u00a0\u00bb type=\u00a0\u00bbname\u00a0\u00bb required=\u00a0\u00bb1&Prime;][contact-field label=\u00a0\u00bbVotre courriel\u00a0\u00bb type=\u00a0\u00bbemail\u00a0\u00bb required=\u00a0\u00bb1&Prime;][contact-field label=\u00a0\u00bbCondol\u00e9ances\u00a0\u00bb type=\u00a0\u00bbtextarea\u00a0\u00bb][\/contact-form]<\/p>\n","protected":false},"featured_media":34432,"template":"","event_cat":[6],"class_list":["post-34420","event","type-event","status-publish","has-post-thumbnail","hentry","event_cat-maison-mallet-et-fils-inc"],"_links":{"self":[{"href":"https:\/\/nouveau.maisonmallet.com\/back05_01\/index.php?rest_route=\/wp\/v2\/event\/34420","targetHints":{"allow":["GET"]}}],"collection":[{"href":"https:\/\/nouveau.maisonmallet.com\/back05_01\/index.php?rest_route=\/wp\/v2\/event"}],"about":[{"href":"https:\/\/nouveau.maisonmallet.com\/back05_01\/index.php?rest_route=\/wp\/v2\/types\/event"}],"wp:featuredmedia":[{"embeddable":true,"href":"https:\/\/nouveau.maisonmallet.com\/back05_01\/index.php?rest_route=\/wp\/v2\/media\/34432"}],"wp:attachment":[{"href":"https:\/\/nouveau.maisonmallet.com\/back05_01\/index.php?rest_route=%2Fwp%2Fv2%2Fmedia&parent=34420"}],"wp:term":[{"taxonomy":"event_cat","embeddable":true,"href":"https:\/\/nouveau.maisonmallet.com\/back05_01\/index.php?rest_route=%2Fwp%2Fv2%2Fevent_cat&post=34420"}],"curies":[{"name":"wp","href":"https:\/\/api.w.org\/{rel}","templated":true}]}}

POULIN, Gérard

<p>1934 – 2022</p>
<p>POULIN, Gérard</p>
<p>&nbsp;</p>
<p>À Sept-Îles (maison Élyme des sables), le 31 août 2022, est décédé à l’âge de 88 ans, monsieur Gérard Poulin époux de madame Marie-Thérèse Lelièvre et domicilié à Sept-Îles.</p>
<p>La cérémonie commémorative de monsieur Gérard Poulin aura lieu le vendredi 16 septembre 2022 à 14 h en l’église Ste-Famille située au 15 rue Comeau à Sept-Îles.</p>
<p>La famille reçoit parents et amis le jeudi 15 septembre 2022 de 19 h à 22 h au Complexe Thanatologique Mallet &amp; fils du 585 boul. Laure à Sept-Îles.</p>
<p>Le vendredi 16 septembre 2022 jour de la cérémonie à compter de 13 h à l’église Ste-Famille située au 15 rue Comeau à Sept-Îles.</p>
<p>Il laisse dans le deuil outre son épouse madame Marie-Thérèse Lelièvre, ses fils Gaëtan (Sylvie Paquet), Alain, Luc (Andrée Landry) et Eric (Sylvie Carrier), ses filles : Sylvie (Denis Viens) et Guylaine, ses treize petits-enfants, ses douze arrière-petits-enfants, ainsi que ses frères, ses sœurs, ses beaux-frères, ses belles-sœurs, ses neveux, ses nièces, ses cousins, ses cousines, et de nombreux ami(e)s.</p>
<p>Vos marques de sympathie peuvent se traduire par un don à l’Élyme des sables <a href="http://www.elymedessables.com">www.elymedessables.com</a></p>
<p>La famille a confié les arrangements aux services professionnels de la Maison Mallet &amp; fils du 585 Boul. Laure à Sept-Îles, maintenant reconnue Distinction et membre de la Corporation des Thanatologues du Québec.</p>
<p>Vous pouvez consulter cet avis de décès sur le : <a href="https://nouveau.maisonmallet.com/back05_01/">www.maisonmallet.com</a></p>
<p>Ceux et celles qui le désirent, peuvent y envoyer des messages de sympathie.</p>
<p>&nbsp;</p>
<hr />
<p>Envoyer vos condoléances</p>
<p>[contact-form to= »guylaine.poulin@csdufer.qc.ca » subject= »Condoléances Gérard Poulin »][contact-field label= »Votre nom » type= »name » required= »1&Prime;][contact-field label= »Votre courriel » type= »email » required= »1&Prime;][contact-field label= »Condoléances » type= »textarea »][/contact-form]</p>
