{"id":34594,"date":"2022-09-14T08:14:16","date_gmt":"2022-09-14T12:14:16","guid":{"rendered":"https:\/\/nouveau.maisonmallet.com\/?post_type=event&#038;p=34594"},"modified":"2022-09-15T08:28:26","modified_gmt":"2022-09-15T12:28:26","slug":"ouellet-regis","status":"publish","type":"event","link":"https:\/\/nouveau.maisonmallet.com\/back05_01\/?event=ouellet-regis","title":{"rendered":"OUELLET, R\u00e9gis"},"content":{"rendered":"<p>1953 \u2013 2022<\/p>\n<p>OUELLET, R\u00e9gis<\/p>\n<p>&nbsp;<\/p>\n<p>\u00c0 Sept-\u00celes (maison \u00c9lyme des sables), le 1<sup>er<\/sup> septembre 2022, est d\u00e9c\u00e9d\u00e9 \u00e0 l\u2019\u00e2ge de 69 ans, monsieur R\u00e9gis Ouellet fils de feu Pierre Ouellet et de madame Edwidge Bouchard domicili\u00e9 \u00e0 Moisie.<\/p>\n<p>La famille re\u00e7oit parents et amis le samedi 17 septembre 2022 de 13 h \u00e0 16 h au Complexe Thanatologique Mallet &amp; fils du 585 boul. Laure \u00e0 Sept-\u00celes.<\/p>\n<p>Il laisse dans le deuil sa m\u00e8re madame Edwidge Bouchard (feu Pierre Ouellet), ses fr\u00e8res\u00a0: R\u00e9nald (Doris Gagn\u00e9), Mario (Jacqueline Arsenault), Damien (Marie-Lou Lajoie) et Francis (Bibiane Roussel), ses s\u0153urs\u00a0: Pierrette (feu Andr\u00e9 Carri\u00e8re), Brigitte (feu Yvon Gagnon), Jacinthe, Edith et Louise ainsi que ses neveux, ses ni\u00e8ces, ses cousins, ses cousines, et de nombreux ami(e)s.<\/p>\n<p>Vos marques de sympathie peuvent se traduire par un don \u00e0 l\u2019\u00c9lyme des sables <a href=\"http:\/\/www.elymedessables.com\">www.elymedessables.com<\/a><\/p>\n<p>La famille a confi\u00e9 les arrangements aux services professionnels de la Maison Mallet &amp; fils du 585 Boul. Laure \u00e0 Sept-\u00celes, maintenant reconnue Distinction et membre de la Corporation des Thanatologues du Qu\u00e9bec.<\/p>\n<p>Vous pouvez consulter cet avis de d\u00e9c\u00e8s sur le\u00a0:\u00a0<a href=\"https:\/\/nouveau.maisonmallet.com\/back05_01\/\">www.maisonmallet.com<\/a><\/p>\n<p>Ceux et celles qui le d\u00e9sirent, peuvent y envoyer des messages de sympathie.<\/p>\n<p>&nbsp;<\/p>\n<hr \/>\n<p>Envoyer vos condol\u00e9ances<\/p>\n<p>[contact-form to=\u00a0\u00bbouellet.francis@gmail.com\u00a0\u00bb subject=\u00a0\u00bbCondol\u00e9ances R\u00e9gis Ouellet\u00a0\u00bb][contact-field label=\u00a0\u00bbVotre nom\u00a0\u00bb type=\u00a0\u00bbname\u00a0\u00bb required=\u00a0\u00bb1&Prime;][contact-field label=\u00a0\u00bbVotre courriel\u00a0\u00bb type=\u00a0\u00bbemail\u00a0\u00bb required=\u00a0\u00bb1&Prime;][contact-field label=\u00a0\u00bbCondol\u00e9ances\u00a0\u00bb type=\u00a0\u00bbtextarea\u00a0\u00bb][\/contact-form]<\/p>\n","protected":false},"featured_media":34596,"template":"","event_cat":[6],"class_list":["post-34594","event","type-event","status-publish","has-post-thumbnail","hentry","event_cat-maison-mallet-et-fils-inc"],"_links":{"self":[{"href":"https:\/\/nouveau.maisonmallet.com\/back05_01\/index.php?rest_route=\/wp\/v2\/event\/34594","targetHints":{"allow":["GET"]}}],"collection":[{"href":"https:\/\/nouveau.maisonmallet.com\/back05_01\/index.php?rest_route=\/wp\/v2\/event"}],"about":[{"href":"https:\/\/nouveau.maisonmallet.com\/back05_01\/index.php?rest_route=\/wp\/v2\/types\/event"}],"wp:featuredmedia":[{"embeddable":true,"href":"https:\/\/nouveau.maisonmallet.com\/back05_01\/index.php?rest_route=\/wp\/v2\/media\/34596"}],"wp:attachment":[{"href":"https:\/\/nouveau.maisonmallet.com\/back05_01\/index.php?rest_route=%2Fwp%2Fv2%2Fmedia&parent=34594"}],"wp:term":[{"taxonomy":"event_cat","embeddable":true,"href":"https:\/\/nouveau.maisonmallet.com\/back05_01\/index.php?rest_route=%2Fwp%2Fv2%2Fevent_cat&post=34594"}],"curies":[{"name":"wp","href":"https:\/\/api.w.org\/{rel}","templated":true}]}}

OUELLET, Régis

<p>1953 – 2022</p>
<p>OUELLET, Régis</p>
<p>&nbsp;</p>
<p>À Sept-Îles (maison Élyme des sables), le 1<sup>er</sup> septembre 2022, est décédé à l’âge de 69 ans, monsieur Régis Ouellet fils de feu Pierre Ouellet et de madame Edwidge Bouchard domicilié à Moisie.</p>
<p>La famille reçoit parents et amis le samedi 17 septembre 2022 de 13 h à 16 h au Complexe Thanatologique Mallet &amp; fils du 585 boul. Laure à Sept-Îles.</p>
<p>Il laisse dans le deuil sa mère madame Edwidge Bouchard (feu Pierre Ouellet), ses frères : Rénald (Doris Gagné), Mario (Jacqueline Arsenault), Damien (Marie-Lou Lajoie) et Francis (Bibiane Roussel), ses sœurs : Pierrette (feu André Carrière), Brigitte (feu Yvon Gagnon), Jacinthe, Edith et Louise ainsi que ses neveux, ses nièces, ses cousins, ses cousines, et de nombreux ami(e)s.</p>
<p>Vos marques de sympathie peuvent se traduire par un don à l’Élyme des sables <a href="http://www.elymedessables.com">www.elymedessables.com</a></p>
<p>La famille a confié les arrangements aux services professionnels de la Maison Mallet &amp; fils du 585 Boul. Laure à Sept-Îles, maintenant reconnue Distinction et membre de la Corporation des Thanatologues du Québec.</p>
<p>Vous pouvez consulter cet avis de décès sur le : <a href="https://nouveau.maisonmallet.com/back05_01/">www.maisonmallet.com</a></p>
<p>Ceux et celles qui le désirent, peuvent y envoyer des messages de sympathie.</p>
<p>&nbsp;</p>
<hr />
<p>Envoyer vos condoléances</p>
<p>[contact-form to= »ouellet.francis@gmail.com » subject= »Condoléances Régis Ouellet »][contact-field label= »Votre nom » type= »name » required= »1&Prime;][contact-field label= »Votre courriel » type= »email » required= »1&Prime;][contact-field label= »Condoléances » type= »textarea »][/contact-form]</p>
