{"id":34679,"date":"2022-09-17T21:26:04","date_gmt":"2022-09-18T01:26:04","guid":{"rendered":"https:\/\/nouveau.maisonmallet.com\/?post_type=event&#038;p=34679"},"modified":"2022-09-18T21:48:30","modified_gmt":"2022-09-19T01:48:30","slug":"nolin-yvan","status":"publish","type":"event","link":"https:\/\/nouveau.maisonmallet.com\/back05_01\/?event=nolin-yvan","title":{"rendered":"NOLIN, Yvan"},"content":{"rendered":"<p>1946 \u2013 2022<\/p>\n<p>NOLIN, Yvan<\/p>\n<p>&nbsp;<\/p>\n<p>\u00c0 Port-Cartier, le 13 septembre 2022, est d\u00e9c\u00e9d\u00e9 \u00e0 l\u2019\u00e2ge de 75 ans, monsieur Yvan Nolin \u00e9poux de madame Irma Bond et domicili\u00e9 \u00e0 Port-Cartier.<\/p>\n<p>Les fun\u00e9railles de monsieur Yvan Nolin auront lieu le samedi 24 septembre 2022 \u00e0 13 h en l\u2019\u00e9glise Sacr\u00e9-C\u0153ur situ\u00e9e au 38, rue Parent \u00e0 Port-Cartier.<\/p>\n<p>Selon ses volont\u00e9s, il a \u00e9t\u00e9 confi\u00e9 au cr\u00e9matorium de la Maison Mallet &amp; fils pour cr\u00e9mation.<\/p>\n<p>La famille re\u00e7oit parents et amis le vendredi 23 septembre 2022 de 19 h \u00e0 22 h. Le samedi 24 septembre 2022 jour des fun\u00e9railles \u00e0 compter de 11 h 30 au Complexe Thanatologique Mallet &amp; fils du 57, route 138 \u00e0 Port-Cartier.<\/p>\n<p>Il laisse dans le deuil outre son \u00e9pouse madame Irma Bond, son fils Steve (Louise Lahaie), sa fille Suzie (Line Ringuette), son petit-fils Jordan (Sarah Blouin), ses petites-filles\u00a0: Sara, Ann-Lori et Emma, ses arri\u00e8re-petites-filles\u00a0: Mia-Rose et Julia, son arri\u00e8re-petit-fils William ainsi que ses fr\u00e8res\u00a0: Arthur (Gis\u00e8le Temblay) et Florian (Solange Tanguay), ses s\u0153urs\u00a0: Marie-Claire (Louis-Marie Ouellet), Laurence, Florence, Dale (R\u00e9al Cossette), Gaetanne (Ken Hall\u00e9) et Sylvane (Bertrand Dufourt), ses beaux-fr\u00e8res, ses belles-s\u0153urs bien aim\u00e9(e)s, ses neveux, ses ni\u00e8ces ses cousins, ses cousines, sa fille de c\u0153ur Martine Bouchard et de nombreux ami(e)s.<\/p>\n<p>La famille a confi\u00e9 la direction des fun\u00e9railles aux services professionnels de la maison Mallet &amp; fils du 57, route 138 \u00e0 Port-Cartier, maintenant reconnue Distinction et membre de la Corporation des Thanatologues du Qu\u00e9bec.<\/p>\n<p>Vous pouvez consulter cet avis de d\u00e9c\u00e8s, sur le <a href=\"https:\/\/nouveau.maisonmallet.com\/back05_01\">www.maisonmallet.com<\/a><\/p>\n<p>Ceux et celles qui le d\u00e9sirent, peuvent y envoyer des messages de sympathie.<\/p>\n<p>&nbsp;<\/p>\n<hr \/>\n<p>Envoyer vos condol\u00e9ances<\/p>\n<p>[contact-form to=\u00a0\u00bbstevenolin424@gmail.com\u00a0\u00bb subject=\u00a0\u00bbCondol\u00e9ances Yvan Nolin\u00a0\u00bb][contact-field label=\u00a0\u00bbVotre nom\u00a0\u00bb type=\u00a0\u00bbname\u00a0\u00bb required=\u00a0\u00bb1&Prime;][contact-field label=\u00a0\u00bbVotre courriel\u00a0\u00bb type=\u00a0\u00bbemail\u00a0\u00bb required=\u00a0\u00bb1&Prime;][contact-field label=\u00a0\u00bbCondol\u00e9ances\u00a0\u00bb type=\u00a0\u00bbtextarea\u00a0\u00bb][\/contact-form]<\/p>\n","protected":false},"featured_media":34703,"template":"","event_cat":[6],"class_list":["post-34679","event","type-event","status-publish","has-post-thumbnail","hentry","event_cat-maison-mallet-et-fils-inc"],"_links":{"self":[{"href":"https:\/\/nouveau.maisonmallet.com\/back05_01\/index.php?rest_route=\/wp\/v2\/event\/34679","targetHints":{"allow":["GET"]}}],"collection":[{"href":"https:\/\/nouveau.maisonmallet.com\/back05_01\/index.php?rest_route=\/wp\/v2\/event"}],"about":[{"href":"https:\/\/nouveau.maisonmallet.com\/back05_01\/index.php?rest_route=\/wp\/v2\/types\/event"}],"wp:featuredmedia":[{"embeddable":true,"href":"https:\/\/nouveau.maisonmallet.com\/back05_01\/index.php?rest_route=\/wp\/v2\/media\/34703"}],"wp:attachment":[{"href":"https:\/\/nouveau.maisonmallet.com\/back05_01\/index.php?rest_route=%2Fwp%2Fv2%2Fmedia&parent=34679"}],"wp:term":[{"taxonomy":"event_cat","embeddable":true,"href":"https:\/\/nouveau.maisonmallet.com\/back05_01\/index.php?rest_route=%2Fwp%2Fv2%2Fevent_cat&post=34679"}],"curies":[{"name":"wp","href":"https:\/\/api.w.org\/{rel}","templated":true}]}}

<p>1946 – 2022</p>
<p>NOLIN, Yvan</p>
<p>&nbsp;</p>
<p>À Port-Cartier, le 13 septembre 2022, est décédé à l’âge de 75 ans, monsieur Yvan Nolin époux de madame Irma Bond et domicilié à Port-Cartier.</p>
<p>Les funérailles de monsieur Yvan Nolin auront lieu le samedi 24 septembre 2022 à 13 h en l’église Sacré-Cœur située au 38, rue Parent à Port-Cartier.</p>
<p>Selon ses volontés, il a été confié au crématorium de la Maison Mallet &amp; fils pour crémation.</p>
<p>La famille reçoit parents et amis le vendredi 23 septembre 2022 de 19 h à 22 h. Le samedi 24 septembre 2022 jour des funérailles à compter de 11 h 30 au Complexe Thanatologique Mallet &amp; fils du 57, route 138 à Port-Cartier.</p>
<p>Il laisse dans le deuil outre son épouse madame Irma Bond, son fils Steve (Louise Lahaie), sa fille Suzie (Line Ringuette), son petit-fils Jordan (Sarah Blouin), ses petites-filles : Sara, Ann-Lori et Emma, ses arrière-petites-filles : Mia-Rose et Julia, son arrière-petit-fils William ainsi que ses frères : Arthur (Gisèle Temblay) et Florian (Solange Tanguay), ses sœurs : Marie-Claire (Louis-Marie Ouellet), Laurence, Florence, Dale (Réal Cossette), Gaetanne (Ken Hallé) et Sylvane (Bertrand Dufourt), ses beaux-frères, ses belles-sœurs bien aimé(e)s, ses neveux, ses nièces ses cousins, ses cousines, sa fille de cœur Martine Bouchard et de nombreux ami(e)s.</p>
<p>La famille a confié la direction des funérailles aux services professionnels de la maison Mallet &amp; fils du 57, route 138 à Port-Cartier, maintenant reconnue Distinction et membre de la Corporation des Thanatologues du Québec.</p>
<p>Vous pouvez consulter cet avis de décès, sur le <a href="https://nouveau.maisonmallet.com/back05_01">www.maisonmallet.com</a></p>
<p>Ceux et celles qui le désirent, peuvent y envoyer des messages de sympathie.</p>
<p>&nbsp;</p>
<hr />
<p>Envoyer vos condoléances</p>
<p>[contact-form to= »stevenolin424@gmail.com » subject= »Condoléances Yvan Nolin »][contact-field label= »Votre nom » type= »name » required= »1&Prime;][contact-field label= »Votre courriel » type= »email » required= »1&Prime;][contact-field label= »Condoléances » type= »textarea »][/contact-form]</p>
