{"id":3479,"date":"2019-06-26T17:10:13","date_gmt":"2019-06-26T21:10:13","guid":{"rendered":"https:\/\/nouveau.maisonmallet.com\/?post_type=event&#038;p=3479"},"modified":"2019-06-28T22:12:00","modified_gmt":"2019-06-29T02:12:00","slug":"rail-laurette10081932","status":"publish","type":"event","link":"https:\/\/nouveau.maisonmallet.com\/back05_01\/?event=rail-laurette10081932","title":{"rendered":"RAIL, Laurette (Bijould)"},"content":{"rendered":"<p>1932 \u2013 2019<\/p>\n<p>RAIL, Laurette (Bijould)<\/p>\n<p>&nbsp;<\/p>\n<p>\u00c0 Sept-\u00celes, le 26 juin 2019, est d\u00e9c\u00e9d\u00e9e \u00e0 l\u2019\u00e2ge de 86 ans, madame Laurette Rail \u00e9pouse de feu Sandy Bijould et domicili\u00e9e \u00e0 Sept-\u00celes.<\/p>\n<p>Les fun\u00e9railles de madame Laurette Rail Bijould auront lieu le lundi 1<sup>er<\/sup> juillet 2019 \u00e0 10 h 30 en l\u2019\u00e9glise St-Joseph situ\u00e9e au 535, ave. Brochu \u00e0 Sept-\u00celes et de l\u00e0 au cr\u00e9matorium de la maison Mallet &amp; fils pour cr\u00e9mation.<\/p>\n<p>La famille re\u00e7oit parents et amis le dimanche 30 juin 2019 de 19 h \u00e0 22 h. Le lundi 1<sup>er<\/sup> juillet 2019 jour des fun\u00e9railles \u00e0 compter de 9 h au Complexe Thanatologique Mallet &amp; fils du 585, boul. Laure \u00e0 Sept-\u00celes.<\/p>\n<p>Elle laisse dans le deuil ses fils\u00a0: Andy (Diane Potvin), Ren\u00e9 (Colette Lanoue) et Bruno, ses petites-filles\u00a0: Andr\u00e9e (Fr\u00e9d\u00e9rick Gagnon), Ariane (F\u00e9lix Dauvet Lainesse), Catherine (Katy Bergeron) et Caroline (Maxime Lepage), son petit-fils Fr\u00e9d\u00e9ric (Myriam Lacroix), son arri\u00e8re-petite-fille \u00c9loise, son arri\u00e8re-petit-fils \u00c9tienne ainsi que ses s\u0153urs\u00a0: Marie (Clermont Tremblay) et Anne, son fr\u00e8re Omer (Chantale Jomphe), ses belles-s\u0153urs\u00a0: Muriel, Pierrette et Clairette, ses neveux, ses ni\u00e8ces, ses cousins, ses cousines et de nombreux ami(e)s.<\/p>\n<p>Vos marques de sympathie peuvent se traduire par un don \u00e0 l\u2019\u00c9lyme des sables <a href=\"http:\/\/www.elymedessables.com\/\">www.elymedessables.com<\/a><\/p>\n<p>Remerciement aux personnels du de la R\u00e9sidence Urgel Pelletier, vos t\u00e9moignages d\u2019estime et d\u2019amiti\u00e9 nous apportent chaleur et soutien. Pour tout ce r\u00e9confort, nous tenons \u00e0 vous dire un merci tr\u00e8s sinc\u00e8re.<\/p>\n<p>La famille<\/p>\n<p>La famille a confi\u00e9 la direction des fun\u00e9railles aux services professionnels de la Maison Mallet &amp; fils du 585 boul. Laure \u00e0 Sept-\u00celes, maintenant reconnue Distinction et membre de la Corporation des Thanatologues du Qu\u00e9bec.<\/p>\n<p>Vous pouvez consulter cet avis de d\u00e9c\u00e8s sur le <a href=\"https:\/\/nouveau.maisonmallet.com\/back05_01\/\">www.maisonmallet.com<\/a><\/p>\n<p>Ceux et celles qui le d\u00e9sirent, peuvent y envoyer des messages de sympathie.<\/p>\n<p>&nbsp;<\/p>\n<hr \/>\n<p>Envoyer vos condol\u00e9ances<\/p>\n<p>[contact-form to=\u00a0\u00bbabijould@gmail.com\u00a0\u00bb subject=\u00a0\u00bbCondol\u00e9ances Laurette Rail\u00a0\u00bb][contact-field label=\u00a0\u00bbVotre nom\u00a0\u00bb type=\u00a0\u00bbname\u00a0\u00bb required=\u00a0\u00bb1&Prime;][contact-field label=\u00a0\u00bbVotre courriel\u00a0\u00bb type=\u00a0\u00bbemail\u00a0\u00bb required=\u00a0\u00bb1&Prime;][contact-field label=\u00a0\u00bbCondol\u00e9ances\u00a0\u00bb type=\u00a0\u00bbtextarea\u00a0\u00bb][\/contact-form]<\/p>\n","protected":false},"featured_media":3518,"template":"","event_cat":[6],"class_list":["post-3479","event","type-event","status-publish","has-post-thumbnail","hentry","event_cat-maison-mallet-et-fils-inc"],"_links":{"self":[{"href":"https:\/\/nouveau.maisonmallet.com\/back05_01\/index.php?rest_route=\/wp\/v2\/event\/3479","targetHints":{"allow":["GET"]}}],"collection":[{"href":"https:\/\/nouveau.maisonmallet.com\/back05_01\/index.php?rest_route=\/wp\/v2\/event"}],"about":[{"href":"https:\/\/nouveau.maisonmallet.com\/back05_01\/index.php?rest_route=\/wp\/v2\/types\/event"}],"wp:featuredmedia":[{"embeddable":true,"href":"https:\/\/nouveau.maisonmallet.com\/back05_01\/index.php?rest_route=\/wp\/v2\/media\/3518"}],"wp:attachment":[{"href":"https:\/\/nouveau.maisonmallet.com\/back05_01\/index.php?rest_route=%2Fwp%2Fv2%2Fmedia&parent=3479"}],"wp:term":[{"taxonomy":"event_cat","embeddable":true,"href":"https:\/\/nouveau.maisonmallet.com\/back05_01\/index.php?rest_route=%2Fwp%2Fv2%2Fevent_cat&post=3479"}],"curies":[{"name":"wp","href":"https:\/\/api.w.org\/{rel}","templated":true}]}}

<p>1932 – 2019</p>
<p>RAIL, Laurette (Bijould)</p>
<p>&nbsp;</p>
<p>À Sept-Îles, le 26 juin 2019, est décédée à l’âge de 86 ans, madame Laurette Rail épouse de feu Sandy Bijould et domiciliée à Sept-Îles.</p>
<p>Les funérailles de madame Laurette Rail Bijould auront lieu le lundi 1<sup>er</sup> juillet 2019 à 10 h 30 en l’église St-Joseph située au 535, ave. Brochu à Sept-Îles et de là au crématorium de la maison Mallet &amp; fils pour crémation.</p>
<p>La famille reçoit parents et amis le dimanche 30 juin 2019 de 19 h à 22 h. Le lundi 1<sup>er</sup> juillet 2019 jour des funérailles à compter de 9 h au Complexe Thanatologique Mallet &amp; fils du 585, boul. Laure à Sept-Îles.</p>
<p>Elle laisse dans le deuil ses fils : Andy (Diane Potvin), René (Colette Lanoue) et Bruno, ses petites-filles : Andrée (Frédérick Gagnon), Ariane (Félix Dauvet Lainesse), Catherine (Katy Bergeron) et Caroline (Maxime Lepage), son petit-fils Frédéric (Myriam Lacroix), son arrière-petite-fille Éloise, son arrière-petit-fils Étienne ainsi que ses sœurs : Marie (Clermont Tremblay) et Anne, son frère Omer (Chantale Jomphe), ses belles-sœurs : Muriel, Pierrette et Clairette, ses neveux, ses nièces, ses cousins, ses cousines et de nombreux ami(e)s.</p>
<p>Vos marques de sympathie peuvent se traduire par un don à l’Élyme des sables <a href="http://www.elymedessables.com/">www.elymedessables.com</a></p>
<p>Remerciement aux personnels du de la Résidence Urgel Pelletier, vos témoignages d’estime et d’amitié nous apportent chaleur et soutien. Pour tout ce réconfort, nous tenons à vous dire un merci très sincère.</p>
<p>La famille</p>
<p>La famille a confié la direction des funérailles aux services professionnels de la Maison Mallet &amp; fils du 585 boul. Laure à Sept-Îles, maintenant reconnue Distinction et membre de la Corporation des Thanatologues du Québec.</p>
<p>Vous pouvez consulter cet avis de décès sur le <a href="https://nouveau.maisonmallet.com/back05_01/">www.maisonmallet.com</a></p>
<p>Ceux et celles qui le désirent, peuvent y envoyer des messages de sympathie.</p>
<p>&nbsp;</p>
<hr />
<p>Envoyer vos condoléances</p>
<p>[contact-form to= »abijould@gmail.com » subject= »Condoléances Laurette Rail »][contact-field label= »Votre nom » type= »name » required= »1&Prime;][contact-field label= »Votre courriel » type= »email » required= »1&Prime;][contact-field label= »Condoléances » type= »textarea »][/contact-form]</p>
