{"id":3481,"date":"2019-06-30T08:26:34","date_gmt":"2019-06-30T12:26:34","guid":{"rendered":"https:\/\/nouveau.maisonmallet.com\/?post_type=event&#038;p=3481"},"modified":"2019-07-04T08:37:40","modified_gmt":"2019-07-04T12:37:40","slug":"ambroise-desterres-wellie-15051992","status":"publish","type":"event","link":"https:\/\/nouveau.maisonmallet.com\/back05_01\/?event=ambroise-desterres-wellie-15051992","title":{"rendered":"AMBROISE-DESTERRES, Wellie"},"content":{"rendered":"<p>1992-2019<\/p>\n<p>AMBROISE-DESTERRES, Wellie<\/p>\n<p>&nbsp;<\/p>\n<p>\u00c0 Sept-\u00celes (maison \u00c9lyme des sables), le 30 juin 2019, est d\u00e9c\u00e9d\u00e9 l\u2019\u00e2ge de 27 ans, monsieur Wellie Ambroise-Desterres, fils de monsieur Roland Desterres et de madame Carole Ambroise domicili\u00e9 \u00e0 Mani-Utenam.<\/p>\n<p>Les fun\u00e9railles de monsieur Wellie Ambroise-Desterres auront lieu le samedi 6 juillet 2019 \u00e0 14 h en l\u2019\u00e9glise Notre-Dame du Cap situ\u00e9e au 139, rue de l\u2019\u00e9glise \u00e0 Mani-Utenam et de l\u00e0 au cimeti\u00e8re de Mani-Utenam.<\/p>\n<p>La famille re\u00e7oit parents et amis le jeudi 4 juillet 2019 \u00e0 compter de 10 h au 24, rue Manakash \u00e0 Mani-Utenam.<\/p>\n<p>Il laisse dans le deuil son p\u00e8re Roland Desterres, sa m\u00e8re Carole Ambroise, ses s\u0153urs\u00a0: Sarah-Anne et Am\u00e9lie-\u00c8ve, son fr\u00e8re Jayden, son demi-fr\u00e8re Sydney ainsi que sa grand-m\u00e8re C\u00e9cile Pinette, ses oncles, ses tantes, ses cousins, se cousines et de nombreux ami(e)s.<\/p>\n<p>Vos marques de sympathie peuvent se traduire par un don \u00e0 l\u2019\u00c9lyme des sables <a href=\"http:\/\/www.elymedessables.com\/\">www.elymedessables.com<\/a><\/p>\n<p>La famille a confi\u00e9 la direction des fun\u00e9railles aux services professionnels de la Maison Mallet &amp; fils du 585, boul. Laure \u00e0 Sept-\u00celes, maintenant reconnu Distinction et membre de la Corporation des Thanatologues du Qu\u00e9bec.<\/p>\n<p>Vous pouvez consulter cet avis de d\u00e9c\u00e8s, sur le <a href=\"https:\/\/nouveau.maisonmallet.com\/back05_01\/\">www.maisonmallet.com<\/a><\/p>\n<p>Ceux et celles qui le d\u00e9sirent, peuvent y envoyer des messages de sympathie.<\/p>\n<p>&nbsp;<\/p>\n<hr \/>\n<p>Envoyer vos condol\u00e9ances<\/p>\n<p>[contact-form to=\u00a0\u00bbcaroleamb@hotmail.com\u00a0\u00bb subject=\u00a0\u00bbCondol\u00e9ances Wellie Ambroise Desterres\u00a0\u00bb][contact-field label=\u00a0\u00bbVotre nom\u00a0\u00bb type=\u00a0\u00bbname\u00a0\u00bb required=\u00a0\u00bb1&Prime;][contact-field label=\u00a0\u00bbVotre courriel\u00a0\u00bb type=\u00a0\u00bbemail\u00a0\u00bb required=\u00a0\u00bb1&Prime;][contact-field label=\u00a0\u00bbCondol\u00e9ances\u00a0\u00bb type=\u00a0\u00bbtextarea\u00a0\u00bb][\/contact-form]<\/p>\n","protected":false},"featured_media":3573,"template":"","event_cat":[6],"class_list":["post-3481","event","type-event","status-publish","has-post-thumbnail","hentry","event_cat-maison-mallet-et-fils-inc"],"_links":{"self":[{"href":"https:\/\/nouveau.maisonmallet.com\/back05_01\/index.php?rest_route=\/wp\/v2\/event\/3481","targetHints":{"allow":["GET"]}}],"collection":[{"href":"https:\/\/nouveau.maisonmallet.com\/back05_01\/index.php?rest_route=\/wp\/v2\/event"}],"about":[{"href":"https:\/\/nouveau.maisonmallet.com\/back05_01\/index.php?rest_route=\/wp\/v2\/types\/event"}],"wp:featuredmedia":[{"embeddable":true,"href":"https:\/\/nouveau.maisonmallet.com\/back05_01\/index.php?rest_route=\/wp\/v2\/media\/3573"}],"wp:attachment":[{"href":"https:\/\/nouveau.maisonmallet.com\/back05_01\/index.php?rest_route=%2Fwp%2Fv2%2Fmedia&parent=3481"}],"wp:term":[{"taxonomy":"event_cat","embeddable":true,"href":"https:\/\/nouveau.maisonmallet.com\/back05_01\/index.php?rest_route=%2Fwp%2Fv2%2Fevent_cat&post=3481"}],"curies":[{"name":"wp","href":"https:\/\/api.w.org\/{rel}","templated":true}]}}

<p>1992-2019</p>
<p>AMBROISE-DESTERRES, Wellie</p>
<p>&nbsp;</p>
<p>À Sept-Îles (maison Élyme des sables), le 30 juin 2019, est décédé l’âge de 27 ans, monsieur Wellie Ambroise-Desterres, fils de monsieur Roland Desterres et de madame Carole Ambroise domicilié à Mani-Utenam.</p>
<p>Les funérailles de monsieur Wellie Ambroise-Desterres auront lieu le samedi 6 juillet 2019 à 14 h en l’église Notre-Dame du Cap située au 139, rue de l’église à Mani-Utenam et de là au cimetière de Mani-Utenam.</p>
<p>La famille reçoit parents et amis le jeudi 4 juillet 2019 à compter de 10 h au 24, rue Manakash à Mani-Utenam.</p>
<p>Il laisse dans le deuil son père Roland Desterres, sa mère Carole Ambroise, ses sœurs : Sarah-Anne et Amélie-Ève, son frère Jayden, son demi-frère Sydney ainsi que sa grand-mère Cécile Pinette, ses oncles, ses tantes, ses cousins, se cousines et de nombreux ami(e)s.</p>
<p>Vos marques de sympathie peuvent se traduire par un don à l’Élyme des sables <a href="http://www.elymedessables.com/">www.elymedessables.com</a></p>
<p>La famille a confié la direction des funérailles aux services professionnels de la Maison Mallet &amp; fils du 585, boul. Laure à Sept-Îles, maintenant reconnu Distinction et membre de la Corporation des Thanatologues du Québec.</p>
<p>Vous pouvez consulter cet avis de décès, sur le <a href="https://nouveau.maisonmallet.com/back05_01/">www.maisonmallet.com</a></p>
<p>Ceux et celles qui le désirent, peuvent y envoyer des messages de sympathie.</p>
<p>&nbsp;</p>
<hr />
<p>Envoyer vos condoléances</p>
<p>[contact-form to= »caroleamb@hotmail.com » subject= »Condoléances Wellie Ambroise Desterres »][contact-field label= »Votre nom » type= »name » required= »1&Prime;][contact-field label= »Votre courriel » type= »email » required= »1&Prime;][contact-field label= »Condoléances » type= »textarea »][/contact-form]</p>
