{"id":35014,"date":"2022-10-04T17:24:27","date_gmt":"2022-10-04T21:24:27","guid":{"rendered":"https:\/\/nouveau.maisonmallet.com\/?post_type=event&#038;p=35014"},"modified":"2022-10-05T17:31:02","modified_gmt":"2022-10-05T21:31:02","slug":"gregoire-albert","status":"publish","type":"event","link":"https:\/\/nouveau.maisonmallet.com\/back05_01\/?event=gregoire-albert","title":{"rendered":"GR\u00c9GOIRE, Albert"},"content":{"rendered":"<p>1963 &#8211; 2022<\/p>\n<p>GR\u00c9GOIRE, Albert<\/p>\n<p>&nbsp;<\/p>\n<p>\u00c0 Uashat, le 26 septembre 2022, est d\u00e9c\u00e9d\u00e9 l\u2019\u00e2ge de 59 ans, monsieur Albert Gr\u00e9goire fils de monsieur Raymond Gr\u00e9goire et de madame Anniss Desterres domicili\u00e9 \u00e0 Uashat.<\/p>\n<p>Les fun\u00e9railles de monsieur Albert Gr\u00e9goire auront lieu le lundi 10 octobre 2022 \u00e0 14 h en l\u2019\u00e9glise Kateri Tekakwitha, situ\u00e9e au 1035, rue Dequen \u00e0 Uashat et de l\u00e0 au cimeti\u00e8re de Uashat.<\/p>\n<p>La famille re\u00e7oit parents et amis le dimanche 9 octobre 2022 \u00e0 compter de 14 h au 9, rue Tupitshi \u00e0 Uashat.<\/p>\n<p>Il laisse dans le deuil ses enfants\u00a0: Crystal (Philippe Fontaine), Jonathan (Charline Cake), Alexandre (Shayla Charlish), Mathieu et Solange, ses petits-enfants\u00a0: Aaron, Lydie, Charles-Robert, Tristan, Kalvin, Australie, Ti\u00ebsto, Atuan, Patricia et Keeran-Lo\u00efc, son p\u00e8re monsieur Raymond Gr\u00e9goire, sa m\u00e8re madame Anniss Desterres, ses fr\u00e8res et ses s\u0153urs\u00a0: Adrien, Th\u00e9r\u00e8se, Aurel, Kim, Jacques et Michel ainsi que ses beaux-fr\u00e8res, ses belles-s\u0153urs, ses neveux, ses ni\u00e8ces, ses oncles, ses tantes, ses cousins, ses cousines, et de nombreux ami(e)s.<\/p>\n<p>La famille a confi\u00e9 la direction des fun\u00e9railles aux services professionnels de la Maison Mallet &amp; fils du 585, boul. Laure \u00e0 Sept-\u00celes, maintenant reconnue Distinction et membre de la Corporation des Thanatologues du Qu\u00e9bec.<\/p>\n<p>Vous pouvez consulter cet avis de d\u00e9c\u00e8s, sur le <a href=\"https:\/\/nouveau.maisonmallet.com\/back05_01\">www.maisonmallet.com<\/a><\/p>\n<p>Ceux et celles qui le d\u00e9sirent, peuvent y envoyer des messages de sympathie.<\/p>\n<p>&nbsp;<\/p>\n<hr \/>\n<p>Envoyer vos condol\u00e9ances<\/p>\n<p>[contact-form to=\u00a0\u00bbfelisia82@hotmail.com\u00a0\u00bb subject=\u00a0\u00bbCondol\u00e9ances Albert Gr\u00e9goire\u00a0\u00bb][contact-field label=\u00a0\u00bbVotre nom\u00a0\u00bb type=\u00a0\u00bbname\u00a0\u00bb required=\u00a0\u00bb1&Prime;][contact-field label=\u00a0\u00bbVotre courriel\u00a0\u00bb type=\u00a0\u00bbemail\u00a0\u00bb required=\u00a0\u00bb1&Prime;][contact-field label=\u00a0\u00bbCondol\u00e9ances\u00a0\u00bb type=\u00a0\u00bbtextarea\u00a0\u00bb][\/contact-form]<\/p>\n","protected":false},"featured_media":35118,"template":"","event_cat":[6],"class_list":["post-35014","event","type-event","status-publish","has-post-thumbnail","hentry","event_cat-maison-mallet-et-fils-inc"],"_links":{"self":[{"href":"https:\/\/nouveau.maisonmallet.com\/back05_01\/index.php?rest_route=\/wp\/v2\/event\/35014","targetHints":{"allow":["GET"]}}],"collection":[{"href":"https:\/\/nouveau.maisonmallet.com\/back05_01\/index.php?rest_route=\/wp\/v2\/event"}],"about":[{"href":"https:\/\/nouveau.maisonmallet.com\/back05_01\/index.php?rest_route=\/wp\/v2\/types\/event"}],"wp:featuredmedia":[{"embeddable":true,"href":"https:\/\/nouveau.maisonmallet.com\/back05_01\/index.php?rest_route=\/wp\/v2\/media\/35118"}],"wp:attachment":[{"href":"https:\/\/nouveau.maisonmallet.com\/back05_01\/index.php?rest_route=%2Fwp%2Fv2%2Fmedia&parent=35014"}],"wp:term":[{"taxonomy":"event_cat","embeddable":true,"href":"https:\/\/nouveau.maisonmallet.com\/back05_01\/index.php?rest_route=%2Fwp%2Fv2%2Fevent_cat&post=35014"}],"curies":[{"name":"wp","href":"https:\/\/api.w.org\/{rel}","templated":true}]}}

GRÉGOIRE, Albert

<p>1963 &#8211; 2022</p>
<p>GRÉGOIRE, Albert</p>
<p>&nbsp;</p>
<p>À Uashat, le 26 septembre 2022, est décédé l’âge de 59 ans, monsieur Albert Grégoire fils de monsieur Raymond Grégoire et de madame Anniss Desterres domicilié à Uashat.</p>
<p>Les funérailles de monsieur Albert Grégoire auront lieu le lundi 10 octobre 2022 à 14 h en l’église Kateri Tekakwitha, située au 1035, rue Dequen à Uashat et de là au cimetière de Uashat.</p>
<p>La famille reçoit parents et amis le dimanche 9 octobre 2022 à compter de 14 h au 9, rue Tupitshi à Uashat.</p>
<p>Il laisse dans le deuil ses enfants : Crystal (Philippe Fontaine), Jonathan (Charline Cake), Alexandre (Shayla Charlish), Mathieu et Solange, ses petits-enfants : Aaron, Lydie, Charles-Robert, Tristan, Kalvin, Australie, Tiësto, Atuan, Patricia et Keeran-Loïc, son père monsieur Raymond Grégoire, sa mère madame Anniss Desterres, ses frères et ses sœurs : Adrien, Thérèse, Aurel, Kim, Jacques et Michel ainsi que ses beaux-frères, ses belles-sœurs, ses neveux, ses nièces, ses oncles, ses tantes, ses cousins, ses cousines, et de nombreux ami(e)s.</p>
<p>La famille a confié la direction des funérailles aux services professionnels de la Maison Mallet &amp; fils du 585, boul. Laure à Sept-Îles, maintenant reconnue Distinction et membre de la Corporation des Thanatologues du Québec.</p>
<p>Vous pouvez consulter cet avis de décès, sur le <a href="https://nouveau.maisonmallet.com/back05_01">www.maisonmallet.com</a></p>
<p>Ceux et celles qui le désirent, peuvent y envoyer des messages de sympathie.</p>
<p>&nbsp;</p>
<hr />
<p>Envoyer vos condoléances</p>
<p>[contact-form to= »felisia82@hotmail.com » subject= »Condoléances Albert Grégoire »][contact-field label= »Votre nom » type= »name » required= »1&Prime;][contact-field label= »Votre courriel » type= »email » required= »1&Prime;][contact-field label= »Condoléances » type= »textarea »][/contact-form]</p>
