{"id":35163,"date":"2022-10-06T10:42:34","date_gmt":"2022-10-06T14:42:34","guid":{"rendered":"https:\/\/nouveau.maisonmallet.com\/?post_type=event&#038;p=35163"},"modified":"2023-05-10T09:01:12","modified_gmt":"2023-05-10T13:01:12","slug":"poirier-marcel","status":"publish","type":"event","link":"https:\/\/nouveau.maisonmallet.com\/back05_01\/?event=poirier-marcel","title":{"rendered":"POIRIER, Marcel"},"content":{"rendered":"<p>Le Complexe Thanatologique Mallet &amp; fils a le regret de vous annoncer le d\u00e9c\u00e8s de<\/p>\n<p>&nbsp;<\/p>\n<p>Marcel Poirier<\/p>\n<p>1928 \u2013 2022<\/p>\n<p>&nbsp;<\/p>\n<p>\u00c0 son domicile le 21 septembre 2022, est d\u00e9c\u00e9d\u00e9 \u00e0 l\u2019\u00e2ge de 93 ans et 10 mois monsieur Marcel Poirier, demeurant \u00e0 Ste-Ang\u00e8le-de-M\u00e9rici, autrefois de Sept-\u00celes, fils de feu monsieur Wilfrid Poirier et de feu madame \u00c9lise Gauthier.<\/p>\n<p>Les fun\u00e9railles de monsieur Marcel Poirier auront lieu le mardi 25 juillet 2023 \u00e0 14 h en l\u2019\u00e9glise de Saint-Ang\u00e8le-de-M\u00e9rici et de l\u00e0 au cimeti\u00e8re de l\u2019endroit.<\/p>\n<p>La famille re\u00e7oit parents et amis le mardi 25 juillet 2023 des fun\u00e9railles \u00e0 compter de 13 h \u00e0 l\u2019\u00e9glise de Saint-Ang\u00e8le-de-M\u00e9rici.<\/p>\n<p>Il laisse dans le deuil ses enfants : Pierre (Guylaine Emond), Michel (Judy Straud), Louis (Nicole B\u00e9langer), Rock (Francine L\u00e9vesque), Claire (Ga\u00e9tan Leclerc), Linda (Jean-Jacques Tremblay), Denise, Diane et Bernard, la m\u00e8re de ses enfants madame Th\u00e9r\u00e8se Caron, ses onze petits-enfants, ses seize arri\u00e8re-petits-enfants ainsi que sa s\u0153ur Jeannine (feu Patrice Proulx), ses belles-s\u0153urs de la famille Caron, ses neveux, ses ni\u00e8ces, ses cousins, ses cousines et ses ami(e)s.<\/p>\n<p>Il \u00e9tait \u00e9galement le fr\u00e8re de feu Aur\u00e9la (feu Andr\u00e9 Langlois).<\/p>\n<p>Vos t\u00e9moignages de sympathie peuvent se traduire par un don \u00e0 la Fondation du Centre hospitalier r\u00e9gional de Rimouski par l&rsquo;entremise de leur site Internet :\u00a0<a href=\"http:\/\/www.fondationchrr.com\/\">www.fondationchrr.com<\/a><\/p>\n<p>Merci pour vos t\u00e9moignages de sympathie.<\/p>\n<p>Un remerciement tout particulier s&rsquo;adresse \u00e0 la docteure Pascale Deland et \u00e0 Annie Dub\u00e9 pour leur d\u00e9licatesse et leur compassion qu&rsquo;elles ont t\u00e9moign\u00e9es \u00e0 notre p\u00e8re, ainsi qu&rsquo;un gros Merci sp\u00e9cial a son fr\u00e8re de c\u0153ur Laurent Lepage (C\u00e9cile Gauthier) pour son soutien constant. Famille Marcel Poirier<\/p>\n<p>La famille a confi\u00e9 les arrangements aux services professionnels de la Maison Mallet &amp; fils du 585 Boul. Laure \u00e0 Sept-\u00celes, maintenant reconnue Distinction et membre de la Corporation des Thanatologues du Qu\u00e9bec.<\/p>\n<p>Vous pouvez consulter cet avis de d\u00e9c\u00e8s sur le\u00a0: <a href=\"https:\/\/nouveau.maisonmallet.com\/back05_01\">www.maisonmallet.com<\/a><\/p>\n<p>Ceux et celles qui le d\u00e9sirent, peuvent y envoyer des messages de sympathie.<\/p>\n<hr \/>\n<p>Envoyer vos condol\u00e9ances<\/p>\n<p>[contact-form to=\u00a0\u00bbclapoile@hotmail.com\u00a0\u00bb subject=\u00a0\u00bbCondol\u00e9ances Marcel Poirier\u00a0\u00bb][contact-field label=\u00a0\u00bbVotre nom\u00a0\u00bb type=\u00a0\u00bbname\u00a0\u00bb required=\u00a0\u00bb1&Prime;][contact-field label=\u00a0\u00bbVotre courriel\u00a0\u00bb type=\u00a0\u00bbemail\u00a0\u00bb required=\u00a0\u00bb1&Prime;][contact-field label=\u00a0\u00bbCondol\u00e9ances\u00a0\u00bb type=\u00a0\u00bbtextarea\u00a0\u00bb][\/contact-form]<\/p>\n","protected":false},"featured_media":35201,"template":"","event_cat":[6],"class_list":["post-35163","event","type-event","status-publish","has-post-thumbnail","hentry","event_cat-maison-mallet-et-fils-inc"],"_links":{"self":[{"href":"https:\/\/nouveau.maisonmallet.com\/back05_01\/index.php?rest_route=\/wp\/v2\/event\/35163","targetHints":{"allow":["GET"]}}],"collection":[{"href":"https:\/\/nouveau.maisonmallet.com\/back05_01\/index.php?rest_route=\/wp\/v2\/event"}],"about":[{"href":"https:\/\/nouveau.maisonmallet.com\/back05_01\/index.php?rest_route=\/wp\/v2\/types\/event"}],"wp:featuredmedia":[{"embeddable":true,"href":"https:\/\/nouveau.maisonmallet.com\/back05_01\/index.php?rest_route=\/wp\/v2\/media\/35201"}],"wp:attachment":[{"href":"https:\/\/nouveau.maisonmallet.com\/back05_01\/index.php?rest_route=%2Fwp%2Fv2%2Fmedia&parent=35163"}],"wp:term":[{"taxonomy":"event_cat","embeddable":true,"href":"https:\/\/nouveau.maisonmallet.com\/back05_01\/index.php?rest_route=%2Fwp%2Fv2%2Fevent_cat&post=35163"}],"curies":[{"name":"wp","href":"https:\/\/api.w.org\/{rel}","templated":true}]}}

<p>Le Complexe Thanatologique Mallet &amp; fils a le regret de vous annoncer le décès de</p>
<p>&nbsp;</p>
<p>Marcel Poirier</p>
<p>1928 – 2022</p>
<p>&nbsp;</p>
<p>À son domicile le 21 septembre 2022, est décédé à l’âge de 93 ans et 10 mois monsieur Marcel Poirier, demeurant à Ste-Angèle-de-Mérici, autrefois de Sept-Îles, fils de feu monsieur Wilfrid Poirier et de feu madame Élise Gauthier.</p>
<p>Les funérailles de monsieur Marcel Poirier auront lieu le mardi 25 juillet 2023 à 14 h en l’église de Saint-Angèle-de-Mérici et de là au cimetière de l’endroit.</p>
<p>La famille reçoit parents et amis le mardi 25 juillet 2023 des funérailles à compter de 13 h à l’église de Saint-Angèle-de-Mérici.</p>
<p>Il laisse dans le deuil ses enfants : Pierre (Guylaine Emond), Michel (Judy Straud), Louis (Nicole Bélanger), Rock (Francine Lévesque), Claire (Gaétan Leclerc), Linda (Jean-Jacques Tremblay), Denise, Diane et Bernard, la mère de ses enfants madame Thérèse Caron, ses onze petits-enfants, ses seize arrière-petits-enfants ainsi que sa sœur Jeannine (feu Patrice Proulx), ses belles-sœurs de la famille Caron, ses neveux, ses nièces, ses cousins, ses cousines et ses ami(e)s.</p>
<p>Il était également le frère de feu Auréla (feu André Langlois).</p>
<p>Vos témoignages de sympathie peuvent se traduire par un don à la Fondation du Centre hospitalier régional de Rimouski par l&rsquo;entremise de leur site Internet : <a href="http://www.fondationchrr.com/">www.fondationchrr.com</a></p>
<p>Merci pour vos témoignages de sympathie.</p>
<p>Un remerciement tout particulier s&rsquo;adresse à la docteure Pascale Deland et à Annie Dubé pour leur délicatesse et leur compassion qu&rsquo;elles ont témoignées à notre père, ainsi qu&rsquo;un gros Merci spécial a son frère de cœur Laurent Lepage (Cécile Gauthier) pour son soutien constant. Famille Marcel Poirier</p>
<p>La famille a confié les arrangements aux services professionnels de la Maison Mallet &amp; fils du 585 Boul. Laure à Sept-Îles, maintenant reconnue Distinction et membre de la Corporation des Thanatologues du Québec.</p>
<p>Vous pouvez consulter cet avis de décès sur le : <a href="https://nouveau.maisonmallet.com/back05_01">www.maisonmallet.com</a></p>
<p>Ceux et celles qui le désirent, peuvent y envoyer des messages de sympathie.</p>
<hr />
<p>Envoyer vos condoléances</p>
<p>[contact-form to= »clapoile@hotmail.com » subject= »Condoléances Marcel Poirier »][contact-field label= »Votre nom » type= »name » required= »1&Prime;][contact-field label= »Votre courriel » type= »email » required= »1&Prime;][contact-field label= »Condoléances » type= »textarea »][/contact-form]</p>
