{"id":35166,"date":"2022-10-06T22:32:44","date_gmt":"2022-10-07T02:32:44","guid":{"rendered":"https:\/\/nouveau.maisonmallet.com\/?post_type=event&#038;p=35166"},"modified":"2022-10-07T22:59:25","modified_gmt":"2022-10-08T02:59:25","slug":"blais-antoinette","status":"publish","type":"event","link":"https:\/\/nouveau.maisonmallet.com\/back05_01\/?event=blais-antoinette","title":{"rendered":"BLAIS, Antoinette"},"content":{"rendered":"<p>1922 \u2013 2022<\/p>\n<p>BLAIS, Antoinette<\/p>\n<p>&nbsp;<\/p>\n<p>\u00c0 Havre-Saint-Pierre, le 6 octobre 2022, est d\u00e9c\u00e9d\u00e9e \u00e0 l\u2019\u00e2ge de 99 ans 11mois madame Antoinette Blais \u00e9pouse de feu Marcel Landry et domicili\u00e9e \u00e0 Havre-Saint-Pierre.<\/p>\n<p>Les fun\u00e9railles de madame Antoinette Blais auront lieu le mardi 11 octobre 2022 \u00e0 16 h en l\u2019\u00e9glise Saint-Pierre de Havre-Saint-Pierre et de l\u00e0 au cimeti\u00e8re de l`endroit.<\/p>\n<p>La famille re\u00e7oit parents et amis le lundi 10 octobre 2022 de 19 h \u00e0 22 h. Le mardi 11 octobre 2022 jours de fun\u00e9railles \u00e0 compter de 15 h au salon de la Maison L.J.G. Mallet du 1429, rue du Canot \u00e0 Havre-Saint-Pierre.<\/p>\n<p>Elle laisse dans le deuil ses filles\u00a0: Micheline (R\u00e9al Th\u00e9rriault), Germaine (feu Alphonse Boudreau), Ange-Marie (Sylvain Landry), Claudette (G\u00e9rard-\u00c9mile Landry), Carmelle (feu C\u00e9cilius Boudreau), P\u00e2querette (Patrice Richard), son fils Michel (Lyne Deraps), ses petits-enfants, ses arri\u00e8re-petits-enfants, ses arri\u00e8re-arri\u00e8re-petits-enfants ainsi que ses s\u0153urs, ses neveux, ses ni\u00e8ces, et de nombreux ami(e)s.<\/p>\n<p>La famille a confi\u00e9 la direction des fun\u00e9railles aux services professionnels de la Maison L.J.G. Mallet du 1429, rue du Canot \u00e0 Havre-Saint-Pierre, maintenant reconnue Distinction et membre de la Corporation des Thanatologues du Qu\u00e9bec.<\/p>\n<p>Vous pouvez consulter cet avis de d\u00e9c\u00e8s sur le <a href=\"https:\/\/nouveau.maisonmallet.com\/back05_01\">www.maisonmallet.com<\/a><\/p>\n<p>Ceux et celles qui le d\u00e9sirent, peuvent y envoyer des messages de sympathie.<\/p>\n<p>&nbsp;<\/p>\n<hr \/>\n<p>Envoyer vos condol\u00e9ances<\/p>\n<p>[contact-form to=\u00a0\u00bbrealmicheline@hotmail.com\u00a0\u00bb subject=\u00a0\u00bbCondol\u00e9ances Antoinette Blais\u00a0\u00bb][contact-field label=\u00a0\u00bbVotre nom\u00a0\u00bb type=\u00a0\u00bbname\u00a0\u00bb required=\u00a0\u00bb1&Prime;][contact-field label=\u00a0\u00bbVotre courriel\u00a0\u00bb type=\u00a0\u00bbemail\u00a0\u00bb required=\u00a0\u00bb1&Prime;][contact-field label=\u00a0\u00bbCondol\u00e9ances\u00a0\u00bb type=\u00a0\u00bbtextarea\u00a0\u00bb][\/contact-form]<\/p>\n","protected":false},"featured_media":35204,"template":"","event_cat":[7],"class_list":["post-35166","event","type-event","status-publish","has-post-thumbnail","hentry","event_cat-maison-l-j-g-mallet-inc"],"_links":{"self":[{"href":"https:\/\/nouveau.maisonmallet.com\/back05_01\/index.php?rest_route=\/wp\/v2\/event\/35166","targetHints":{"allow":["GET"]}}],"collection":[{"href":"https:\/\/nouveau.maisonmallet.com\/back05_01\/index.php?rest_route=\/wp\/v2\/event"}],"about":[{"href":"https:\/\/nouveau.maisonmallet.com\/back05_01\/index.php?rest_route=\/wp\/v2\/types\/event"}],"wp:featuredmedia":[{"embeddable":true,"href":"https:\/\/nouveau.maisonmallet.com\/back05_01\/index.php?rest_route=\/wp\/v2\/media\/35204"}],"wp:attachment":[{"href":"https:\/\/nouveau.maisonmallet.com\/back05_01\/index.php?rest_route=%2Fwp%2Fv2%2Fmedia&parent=35166"}],"wp:term":[{"taxonomy":"event_cat","embeddable":true,"href":"https:\/\/nouveau.maisonmallet.com\/back05_01\/index.php?rest_route=%2Fwp%2Fv2%2Fevent_cat&post=35166"}],"curies":[{"name":"wp","href":"https:\/\/api.w.org\/{rel}","templated":true}]}}

<p>1922 – 2022</p>
<p>BLAIS, Antoinette</p>
<p>&nbsp;</p>
<p>À Havre-Saint-Pierre, le 6 octobre 2022, est décédée à l’âge de 99 ans 11mois madame Antoinette Blais épouse de feu Marcel Landry et domiciliée à Havre-Saint-Pierre.</p>
<p>Les funérailles de madame Antoinette Blais auront lieu le mardi 11 octobre 2022 à 16 h en l’église Saint-Pierre de Havre-Saint-Pierre et de là au cimetière de l`endroit.</p>
<p>La famille reçoit parents et amis le lundi 10 octobre 2022 de 19 h à 22 h. Le mardi 11 octobre 2022 jours de funérailles à compter de 15 h au salon de la Maison L.J.G. Mallet du 1429, rue du Canot à Havre-Saint-Pierre.</p>
<p>Elle laisse dans le deuil ses filles : Micheline (Réal Thérriault), Germaine (feu Alphonse Boudreau), Ange-Marie (Sylvain Landry), Claudette (Gérard-Émile Landry), Carmelle (feu Cécilius Boudreau), Pâquerette (Patrice Richard), son fils Michel (Lyne Deraps), ses petits-enfants, ses arrière-petits-enfants, ses arrière-arrière-petits-enfants ainsi que ses sœurs, ses neveux, ses nièces, et de nombreux ami(e)s.</p>
<p>La famille a confié la direction des funérailles aux services professionnels de la Maison L.J.G. Mallet du 1429, rue du Canot à Havre-Saint-Pierre, maintenant reconnue Distinction et membre de la Corporation des Thanatologues du Québec.</p>
<p>Vous pouvez consulter cet avis de décès sur le <a href="https://nouveau.maisonmallet.com/back05_01">www.maisonmallet.com</a></p>
<p>Ceux et celles qui le désirent, peuvent y envoyer des messages de sympathie.</p>
<p>&nbsp;</p>
<hr />
<p>Envoyer vos condoléances</p>
<p>[contact-form to= »realmicheline@hotmail.com » subject= »Condoléances Antoinette Blais »][contact-field label= »Votre nom » type= »name » required= »1&Prime;][contact-field label= »Votre courriel » type= »email » required= »1&Prime;][contact-field label= »Condoléances » type= »textarea »][/contact-form]</p>
