{"id":35418,"date":"2023-06-28T16:48:09","date_gmt":"2023-06-28T20:48:09","guid":{"rendered":"https:\/\/nouveau.maisonmallet.com\/?post_type=event&#038;p=35418"},"modified":"2026-03-08T15:12:32","modified_gmt":"2026-03-08T19:12:32","slug":"arsenault-blanche-ninette","status":"publish","type":"event","link":"https:\/\/nouveau.maisonmallet.com\/back05_01\/?event=arsenault-blanche-ninette","title":{"rendered":"ARSENAULT, Blanche (Ninette)"},"content":{"rendered":"<p>1929 \u2013 2022<\/p>\n<p>ARSENAULT, Blanche (Ninette)<\/p>\n<p>\u00c0 l\u2019H\u00f4tel-Dieu de Qu\u00e9bec, le 14 octobre 2022, est d\u00e9c\u00e9d\u00e9e \u00e0 l\u2019\u00e2ge de 93 ans, madame Blanche Arsenault fille de Blanche Vigneault et Wilfrid Arsenault. Elle quitte son complice des 73 derni\u00e8res ann\u00e9es, Fernand Paradis, \u00e0 qui elle manquera beaucoup.<\/p>\n<p>Les fun\u00e9railles de madame Blanche Arsenault auront lieu le samedi 1<sup>er<\/sup> juillet 2023 \u00e0 14 h en l\u2019\u00e9glise St-Joseph situ\u00e9e au 535, ave. Brochu \u00e0 Sept-\u00celes et de l\u00e0 au cimeti\u00e8re Catholique de Sept-\u00celes.<\/p>\n<p>Selon ses volont\u00e9s, elle a \u00e9t\u00e9 confi\u00e9e au cr\u00e9matorium de la Maison Mallet &amp; fils pour cr\u00e9mation.<\/p>\n<p>La famille re\u00e7oit parents et amis le vendredi 30 juin 2023 de 14 h \u00e0 16h et de 19 h \u00e0 21 h, le samedi 1<sup>er<\/sup> juillet 2023, jour des fun\u00e9railles, \u00e0 compter de 12 h 30 au Complexe Thanatologique Mallet &amp; fils du 585 Boul. Laure \u00e0 Sept-\u00celes.<\/p>\n<p>Elle laisse dans le deuil ses enfants\u00a0: sa fille ain\u00e9e Blanche,\u00a0 G\u00e9rald (Mich\u00e8le Dumas), Marie-France (Louis Devoe), Gaston (Gis\u00e8le Ouellet), Yves (Jenny Acero), Anne (Lorraine Leduc), Christine\u00a0; ses belles-s\u0153urs\u00a0Solange (feu Edmond Boudreault) et Marielle Paradis, ses petits-enfants\u00a0: \u00c9milie, Vincent, Manuel, Isabelle, Philippe, Pascal, V\u00e9ronique, St\u00e9phane, \u00c9ric et Myriam, ses dix arri\u00e8res petits-enfants de m\u00eame que de nombreux neveux et ni\u00e8ces.<\/p>\n<p>Elle est all\u00e9e rejoindre Nicolas, parti beaucoup trop t\u00f4t, ainsi que ses fr\u00e8res et s\u0153urs\u00a0: Alexandre, Wilfrida, G\u00e9rard, \u00c9douard, Jeannine, Jacques et Marc Arsenault.<\/p>\n<p>Merci \u00e0 l\u2019\u00e9quipe m\u00e9dicale de l\u2019H\u00f4tel-Dieu de Qu\u00e9bec pour son d\u00e9vouement et sa grande compassion.<\/p>\n<p>Vos marques de sympathie peuvent se traduire par un don \u00e0 l\u2019\u00c9lyme des Sables\u00a0<a href=\"http:\/\/www.elymedessables.com\/\">www.elymedessables.com<\/a><\/p>\n<p>La famille a confi\u00e9 la direction des fun\u00e9railles aux services professionnels de la Maison Mallet &amp; fils du 585 boul. Laure \u00e0 Sept-\u00celes, maintenant reconnue Distinction et membre de la Corporation des Thanatologues du Qu\u00e9bec.<\/p>\n<p>Vous pouvez consulter cet avis de d\u00e9c\u00e8s sur le <a href=\"https:\/\/nouveau.maisonmallet.com\/back05_01\">www.maisonmallet.com<\/a><\/p>\n<p>Ceux et celles qui le d\u00e9sirent, peuvent y envoyer des messages de sympathie.<\/p>\n<p>Envoyer vos condol\u00e9ances<\/p>\n<p>[contact-form to=\u00a0\u00bbparadis.gaston55@outlook.com\u00a0\u00bb subject=\u00a0\u00bbCondol\u00e9ances Blanche Vigneault\u00a0\u00bb][contact-field label=\u00a0\u00bbVotre nom\u00a0\u00bb type=\u00a0\u00bbname\u00a0\u00bb required=\u00a0\u00bb1&Prime;][contact-field label=\u00a0\u00bbVotre courriel\u00a0\u00bb type=\u00a0\u00bbemail\u00a0\u00bb required=\u00a0\u00bb1&Prime;][contact-field label=\u00a0\u00bbCondol\u00e9ances\u00a0\u00bb type=\u00a0\u00bbtextarea\u00a0\u00bb][\/contact-form]<\/p>\n","protected":false},"featured_media":35424,"template":"","event_cat":[6],"class_list":["post-35418","event","type-event","status-publish","has-post-thumbnail","hentry","event_cat-maison-mallet-et-fils-inc"],"_links":{"self":[{"href":"https:\/\/nouveau.maisonmallet.com\/back05_01\/index.php?rest_route=\/wp\/v2\/event\/35418","targetHints":{"allow":["GET"]}}],"collection":[{"href":"https:\/\/nouveau.maisonmallet.com\/back05_01\/index.php?rest_route=\/wp\/v2\/event"}],"about":[{"href":"https:\/\/nouveau.maisonmallet.com\/back05_01\/index.php?rest_route=\/wp\/v2\/types\/event"}],"wp:featuredmedia":[{"embeddable":true,"href":"https:\/\/nouveau.maisonmallet.com\/back05_01\/index.php?rest_route=\/wp\/v2\/media\/35424"}],"wp:attachment":[{"href":"https:\/\/nouveau.maisonmallet.com\/back05_01\/index.php?rest_route=%2Fwp%2Fv2%2Fmedia&parent=35418"}],"wp:term":[{"taxonomy":"event_cat","embeddable":true,"href":"https:\/\/nouveau.maisonmallet.com\/back05_01\/index.php?rest_route=%2Fwp%2Fv2%2Fevent_cat&post=35418"}],"curies":[{"name":"wp","href":"https:\/\/api.w.org\/{rel}","templated":true}]}}

<p>1929 – 2022</p>
<p>ARSENAULT, Blanche (Ninette)</p>
<p>À l’Hôtel-Dieu de Québec, le 14 octobre 2022, est décédée à l’âge de 93 ans, madame Blanche Arsenault fille de Blanche Vigneault et Wilfrid Arsenault. Elle quitte son complice des 73 dernières années, Fernand Paradis, à qui elle manquera beaucoup.</p>
<p>Les funérailles de madame Blanche Arsenault auront lieu le samedi 1<sup>er</sup> juillet 2023 à 14 h en l’église St-Joseph située au 535, ave. Brochu à Sept-Îles et de là au cimetière Catholique de Sept-Îles.</p>
<p>Selon ses volontés, elle a été confiée au crématorium de la Maison Mallet &amp; fils pour crémation.</p>
<p>La famille reçoit parents et amis le vendredi 30 juin 2023 de 14 h à 16h et de 19 h à 21 h, le samedi 1<sup>er</sup> juillet 2023, jour des funérailles, à compter de 12 h 30 au Complexe Thanatologique Mallet &amp; fils du 585 Boul. Laure à Sept-Îles.</p>
<p>Elle laisse dans le deuil ses enfants : sa fille ainée Blanche,  Gérald (Michèle Dumas), Marie-France (Louis Devoe), Gaston (Gisèle Ouellet), Yves (Jenny Acero), Anne (Lorraine Leduc), Christine ; ses belles-sœurs Solange (feu Edmond Boudreault) et Marielle Paradis, ses petits-enfants : Émilie, Vincent, Manuel, Isabelle, Philippe, Pascal, Véronique, Stéphane, Éric et Myriam, ses dix arrières petits-enfants de même que de nombreux neveux et nièces.</p>
<p>Elle est allée rejoindre Nicolas, parti beaucoup trop tôt, ainsi que ses frères et sœurs : Alexandre, Wilfrida, Gérard, Édouard, Jeannine, Jacques et Marc Arsenault.</p>
<p>Merci à l’équipe médicale de l’Hôtel-Dieu de Québec pour son dévouement et sa grande compassion.</p>
<p>Vos marques de sympathie peuvent se traduire par un don à l’Élyme des Sables <a href="http://www.elymedessables.com/">www.elymedessables.com</a></p>
<p>La famille a confié la direction des funérailles aux services professionnels de la Maison Mallet &amp; fils du 585 boul. Laure à Sept-Îles, maintenant reconnue Distinction et membre de la Corporation des Thanatologues du Québec.</p>
<p>Vous pouvez consulter cet avis de décès sur le <a href="https://nouveau.maisonmallet.com/back05_01">www.maisonmallet.com</a></p>
<p>Ceux et celles qui le désirent, peuvent y envoyer des messages de sympathie.</p>
<p>Envoyer vos condoléances</p>
<p>[contact-form to= »paradis.gaston55@outlook.com » subject= »Condoléances Blanche Vigneault »][contact-field label= »Votre nom » type= »name » required= »1&Prime;][contact-field label= »Votre courriel » type= »email » required= »1&Prime;][contact-field label= »Condoléances » type= »textarea »][/contact-form]</p>
